000
CXUS52 KGSP 270817
CF6AVL
PRELIMINARY LOCAL CLIMATOLOGICAL DATA (WS FORM: F-6)

                                          STATION:   ASHEVILLE NC
                                          MONTH:     FEBRUARY
                                          YEAR:      2015
                                          LATITUDE:   35 25 N
                                          LONGITUDE:  82 33 W

  TEMPERATURE IN F:       :PCPN:    SNOW:  WIND      :SUNSHINE: SKY     :PK WND
================================================================================
1   2   3   4   5  6A  6B    7    8   9   10  11  12  13   14  15   16   17  18
                                     12Z  AVG MX 2MIN
DY MAX MIN AVG DEP HDD CDD  WTR  SNW DPTH SPD SPD DIR MIN PSBL S-S WX    SPD DR
================================================================================

 1  49  33  41   3  24   0 0.50  0.0    0  6.7 18 190   M    M   7 1      24 200
 2  50  23  37  -1  28   0 0.21    T    0 15.0 33 340   M    M   8 1      44 340
 3  48  21  35  -3  30   0 0.00  0.0    0  5.7 20 340   M    M   1        27 330
 4  53  21  37  -1  28   0 0.00  0.0    0  4.3 15 180   M    M   0        19 190
 5  38  24  31  -8  34   0 0.00  0.0    0 16.7 35 330   M    M   2        42 340
 6  49  15  32  -7  33   0 0.00  0.0    0  3.8 14 340   M    M   0        18 340
 7  64  22  43   4  22   0 0.00  0.0    0  4.4 16 180   M    M   0        21 210
 8  69  27  48   9  17   0 0.00  0.0    0  4.8 21 210   M    M   0        26 210
 9  55  45  50  11  15   0 0.29  0.0    0  6.6 20 340   M    M  10 1      25 360
10  45  29  37  -2  28   0 0.00  0.0    0 16.2 26 340   M    M   5        37 330
11  58  26  42   2  23   0 0.00  0.0    0  5.2 14 330   M    M   3 18     16 330
12  43  20  32  -8  33   0    T    T    0 17.7 33 350   M    M   2        45 350
13  38  19  29 -11  36   0 0.00  0.0    0 10.4 28 340   M    M   2        36 330
14  55  19  37  -3  28   0    T    T    0 11.7 37 310   M    M   4        52 300
15  29   9  19 -21  46   0    T    T    0 19.3 40 340   M    M   2        56 340
16  31  21  26 -14  39   0 0.86  1.2    0  9.8 18 150   M    M  10 146    25 150
17  32  20  26 -15  39   0 0.03    T    1 14.8 22 340   M    M   7 146    30 350
18  33  12  23 -18  42   0 0.01  0.1    1 13.5 25 340   M    M   5 8      34 320
19  16   3  10 -31  55   0    T    T    0 15.3 29 330   M    M   3 8      35 330
20  30   4  17 -24  48   0 0.00  0.0    1 10.0 20 350   M    M   2        30 340
21  40  24  32 -10  33   0 0.16    T    0 10.1 21 190   M    M  10 1      27 180
22  59  35  47   5  18   0 0.06  0.0    0  6.0 18 340   M    M   9 12     22 350
23  42  29  36  -6  29   0    T    T    0 14.9 29 330   M    M   9        35 340
24  33  24  29 -13  36   0 0.13  2.8    3  7.5 17 320   M    M   9 18     21 340
25  38  24  31 -11  34   0 0.36  4.3    1  7.6 22 340   M    M   3 1      26 340
26  41  29  35  -8  30   0 0.17  1.7    6  9.4 21 340   M    M   8 1      26 340
================================================================================
SM 1138  578       828   0  2.78    10.1 267.4          M      121
================================================================================
AV 43.8 22.2                              10.3 FASTST   M    M   5    MAX(MPH)
                                 MISC ---->  # 40 340               # 56  340
================================================================================
NOTES:
# LAST OF SEVERAL OCCURRENCES

COLUMN 17 PEAK WIND IN M.P.H.

PRELIMINARY LOCAL CLIMATOLOGICAL DATA (WS FORM: F-6) , PAGE 2

                                          STATION:  ASHEVILLE NC
                                          MONTH:    FEBRUARY
                                          YEAR:     2015
                                          LATITUDE:   35 25 N
                                          LONGITUDE:  82 33 W

[TEMPERATURE DATA]      [PRECIPITATION DATA]       SYMBOLS USED IN COLUMN 16

AVERAGE MONTHLY: 33.0   TOTAL FOR MONTH:   2.78    1 = FOG OR MIST
DPTR FM NORMAL:  -7.1   DPTR FM NORMAL:   -0.72    2 = FOG REDUCING VISIBILITY
HIGHEST:    69 ON  8    GRTST 24HR  0.89 ON 16-17      TO 1/4 MILE OR LESS
LOWEST:      3 ON 19                               3 = THUNDER
                        SNOW, ICE PELLETS, HAIL    4 = ICE PELLETS
                        TOTAL MONTH:  10.1 INCHES  5 = HAIL
                        GRTST 24HR   4.3 ON   M    6 = FREEZING RAIN OR DRIZZLE
                        GRTST DEPTH:   6 ON 26     7 = DUSTSTORM OR SANDSTORM:
                                                       VSBY 1/2 MILE OR LESS
                                                   8 = SMOKE OR HAZE
[NO. OF DAYS WITH]      [WEATHER - DAYS WITH]      9 = BLOWING SNOW
                                                   X = TORNADO
MAX 32 OR BELOW:   5    0.01 INCH OR MORE:  11
MAX 90 OR ABOVE:   0    0.10 INCH OR MORE:   8
MIN 32 OR BELOW:  23    0.50 INCH OR MORE:   2
MIN  0 OR BELOW:   0    1.00 INCH OR MORE:   0

[HDD (BASE 65) ]
TOTAL THIS MO.   828    CLEAR  (SCALE 0-3)  12
DPTR FM NORMAL   182    PTCLDY (SCALE 4-7)   7
TOTAL FM JUL 1  3243    CLOUDY (SCALE 8-10)  7
DPTR FM NORMAL    70

[CDD (BASE 65) ]
TOTAL THIS MO.     0
DPTR FM NORMAL     0    [PRESSURE DATA]
TOTAL FM JAN 1     0    HIGHEST SLP M ON M
DPTR FM NORMAL     0    LOWEST  SLP 29.55 ON  2

[REMARKS]
