000
CXUS52 KGSP 230817
CF6AVL
PRELIMINARY LOCAL CLIMATOLOGICAL DATA (WS FORM: F-6)

                                          STATION:   ASHEVILLE NC
                                          MONTH:     FEBRUARY
                                          YEAR:      2017
                                          LATITUDE:   35 25 N
                                          LONGITUDE:  82 33 W

  TEMPERATURE IN F:       :PCPN:    SNOW:  WIND      :SUNSHINE: SKY     :PK WND
================================================================================
1   2   3   4   5  6A  6B    7    8   9   10  11  12  13   14  15   16   17  18
                                     12Z  AVG MX 2MIN
DY MAX MIN AVG DEP HDD CDD  WTR  SNW DPTH SPD SPD DIR MIN PSBL S-S WX    SPD DR
================================================================================

 1  70  32  51  13  14   0 0.00  0.0    0  4.9 18 290   M    M   1        26 240
 2  52  41  47   9  18   0 0.03  0.0    0 10.4 24 340   M    M   9        27 340
 3  43  27  35  -3  30   0    T  0.0    0 11.5 24 350   M    M   8        30 340
 4  42  21  32  -6  33   0 0.00  0.0    0  7.5 16 340   M    M   0        23 340
 5  58  30  44   5  21   0    T  0.0    0  8.7 17 340   M    M   4        21 340
 6  68  28  48   9  17   0    T  0.0    0  6.0 16 190   M    M   2        20 180
 7  65  48  57  18   8   0 0.04  0.0    0  9.6 28 200   M    M   3 1      38 210
 8  66  43  55  16  10   0 0.14  0.0    0  3.9 14 180   M    M   4 123    18 190
 9  53  26  40   1  25   0 0.07  0.0    0 22.4 38 340   M    M   2 13     49 340
10  54  22  38  -1  27   0 0.00  0.0    0  8.3 21 350   M    M   0        29 340
11  73  33  53  13  12   0 0.00  0.0    0  4.3 20 300   M    M   4        28 270
12  78  47  63  23   2   0    T  0.0    0  9.0 23 340   M    M   6        37 330
13  56  34  45   5  20   0 0.00  0.0    0 14.4 29 350   M    M   0        43 340
14  62  26  44   4  21   0 0.00  0.0    0  4.1 16 340   M    M   3        20 340
15  49  36  43   3  22   0 0.16  0.0    0 15.1 32 330   M    M   5 1      37 330
16  52  30  41   1  24   0 0.00  0.0    0  8.8 25 330   M    M   0        33 360
17  68  28  48   7  17   0 0.00  0.0    0  4.3 12 340   M    M   0        14 360
18  59  34  47   6  18   0    T  0.0    0  3.9 16 180   M    M   2        20 180
19  61  38  50   9  15   0 0.00  0.0    0 11.9 26 330   M    M   3        31 350
20  70  31  51  10  14   0 0.00  0.0    0  2.5 10 130   M    M   0        16 100
21  61  38  50   8  15   0 0.00  0.0    0  4.4 14 150   M    M   4        21 150
22  57  50  54  12  11   0 0.18  0.0    0  1.4  7 160   M    M  10 1       9 180
================================================================================
SM 1317  743       394   0  0.62     0.0 177.3          M       70
================================================================================
AV 59.9 33.8                               8.1 FASTST   M    M   3    MAX(MPH)
                                 MISC ---->  # 38 340               # 49  340
================================================================================
NOTES:
# LAST OF SEVERAL OCCURRENCES

COLUMN 17 PEAK WIND IN M.P.H.

PRELIMINARY LOCAL CLIMATOLOGICAL DATA (WS FORM: F-6) , PAGE 2

                                          STATION:  ASHEVILLE NC
                                          MONTH:    FEBRUARY
                                          YEAR:     2017
                                          LATITUDE:   35 25 N
                                          LONGITUDE:  82 33 W

[TEMPERATURE DATA]      [PRECIPITATION DATA]       SYMBOLS USED IN COLUMN 16

AVERAGE MONTHLY: 46.8   TOTAL FOR MONTH:   0.62    1 = FOG OR MIST
DPTR FM NORMAL:   7.1   DPTR FM NORMAL:   -2.34    2 = FOG REDUCING VISIBILITY
HIGHEST:    78 ON 12    GRTST 24HR  0.21 ON  8- 9      TO 1/4 MILE OR LESS
LOWEST:     21 ON  4                               3 = THUNDER
                        SNOW, ICE PELLETS, HAIL    4 = ICE PELLETS
                        TOTAL MONTH:   0.0 INCH    5 = HAIL
                        GRTST 24HR     0.0         6 = FREEZING RAIN OR DRIZZLE
                        GRTST DEPTH:   0           7 = DUSTSTORM OR SANDSTORM:
                                                       VSBY 1/2 MILE OR LESS
                                                   8 = SMOKE OR HAZE
[NO. OF DAYS WITH]      [WEATHER - DAYS WITH]      9 = BLOWING SNOW
                                                   X = TORNADO
MAX 32 OR BELOW:   0    0.01 INCH OR MORE:   6
MAX 90 OR ABOVE:   0    0.10 INCH OR MORE:   3
MIN 32 OR BELOW:  11    0.50 INCH OR MORE:   0
MIN  0 OR BELOW:   0    1.00 INCH OR MORE:   0

[HDD (BASE 65) ]
TOTAL THIS MO.   394    CLEAR  (SCALE 0-3)  11
DPTR FM NORMAL  -161    PTCLDY (SCALE 4-7)   9
TOTAL FM JUL 1  2307    CLOUDY (SCALE 8-10)  2
DPTR FM NORMAL  -775

[CDD (BASE 65) ]
TOTAL THIS MO.     0
DPTR FM NORMAL     0    [PRESSURE DATA]
TOTAL FM JAN 1     0    HIGHEST SLP M ON M
DPTR FM NORMAL     0    LOWEST  SLP 29.51 ON 15

[REMARKS]
