000
CXUS51 KBGM 260800
CF6AVP
PRELIMINARY LOCAL CLIMATOLOGICAL DATA (WS FORM: F-6)

                                          STATION:   AVOCA PA
                                          MONTH:     MARCH
                                          YEAR:      2017
                                          LATITUDE:   41 19 N
                                          LONGITUDE:  75 44 W

  TEMPERATURE IN F:       :PCPN:    SNOW:  WIND      :SUNSHINE: SKY     :PK WND
================================================================================
1   2   3   4   5  6A  6B    7    8   9   10  11  12  13   14  15   16   17  18
                                     12Z  AVG MX 2MIN
DY MAX MIN AVG DEP HDD CDD  WTR  SNW DPTH SPD SPD DIR MIN PSBL S-S WX    SPD DR
================================================================================

 1  64  55  60  28   5   0 0.19  0.0    M 12.7 25 240   M    M   7 18     41 220
 2  55  27  41   9  24   0    T  0.0    M 18.0 41 260   M    M   6        52 250
 3  33  19  26  -6  39   0    T    T    M 11.5 25 320   M    M   5 8      33 320
 4  26  11  19 -14  46   0    T    T    M 12.8 29 320   M    M   6 8      39 310
 5  33   8  21 -12  44   0 0.00  0.0    M  5.1 14 330   M    M   0        17 340
 6  51  19  35   2  30   0    T  0.0    M  4.3 12 190   M    M   7        18 170
 7  58  38  48  14  17   0 0.35  0.0    M  5.0 15 190   M    M  10 18     24 210
 8  58  38  48  14  17   0 0.14  0.0    M 14.0 36 260   M    M   5 1      45 230
 9  55  34  45  11  20   0    T    T    M 14.7 28 270   M    M   5 8      36 290
10  34  16  25 -10  40   0 0.41  6.5    M 10.0 26 290   M    M   8 128    37 280
11  24  12  18 -17  47   0    T    T    M 12.8 26 280   M    M   8 18     39 290
12  26  13  20 -15  45   0    T    T    M  8.9 21 320   M    M   4 8      27 320
13  36   9  23 -13  42   0 0.07  0.3    M  2.9 12 150   M    M   1 1      19 170
14  27  17  22 -14  43   0 2.43 22.1    M 10.7 25 330   M    M  10 128    39 340
15  23  15  19 -17  46   0 0.06  1.5    M 13.2 24 310   M    M  10 128    33 300
16  36  17  27 -10  38   0 0.00  0.0    M 13.7 24 290   M    M   5        33 290
17  42  21  32  -5  33   0 0.00  0.0    M  5.6 10 220   M    M   1        17 250
18  36  24  30  -7  35   0 0.02  0.2    M  6.4 13  70   M    M   8 18     22  60
19  44  30  37  -1  28   0 0.00  0.0    M  7.5 16 340   M    M   8        19 330
20  42  26  34  -4  31   0    T    M    0  2.3 10 360   M    M   6 18     13 350
21  53  36  45   7  20   0 0.00  0.0    0  3.1 12 320   M    M   5        16 330
22  42  17  30  -9  35   0    T    T    M 15.2 32 340   M    M   4 18     40 330
23  38  16  27 -12  38   0 0.00  0.0    0  3.0 13 340   M    M   0        16 340
24  50  26  38  -2  27   0 0.15  0.0    M  5.4 14 230   M    M   5 1      19 210
25  57  40  49   9  16   0 0.09  0.0    M  4.5 18 340   M    M   4 18     23 340
================================================================================
SM 1043  584       806   0  3.91    30.6 223.3          M      138
================================================================================
AV 41.7 23.4                               8.9 FASTST   M    M   6    MAX(MPH)
                                 MISC ---->  # 41 260               # 52  250
================================================================================
NOTES:
# LAST OF SEVERAL OCCURRENCES

COLUMN 17 PEAK WIND IN M.P.H.

PRELIMINARY LOCAL CLIMATOLOGICAL DATA (WS FORM: F-6) , PAGE 2

                                          STATION:  AVOCA PA
                                          MONTH:    MARCH
                                          YEAR:     2017
                                          LATITUDE:   41 19 N
                                          LONGITUDE:  75 44 W

[TEMPERATURE DATA]      [PRECIPITATION DATA]       SYMBOLS USED IN COLUMN 16

AVERAGE MONTHLY: 32.5   TOTAL FOR MONTH:   3.91    1 = FOG OR MIST
DPTR FM NORMAL:  -3.2   DPTR FM NORMAL:    1.92    2 = FOG REDUCING VISIBILITY
HIGHEST:    64 ON  1    GRTST 24HR  2.43 ON 14-14      TO 1/4 MILE OR LESS
LOWEST:      8 ON  5                               3 = THUNDER
                        SNOW, ICE PELLETS, HAIL    4 = ICE PELLETS
                        TOTAL MONTH:  30.6 INCHES  5 = HAIL
                        GRTST 24HR  22.1 ON   M    6 = FREEZING RAIN OR DRIZZLE
                        GRTST DEPTH:   0           7 = DUSTSTORM OR SANDSTORM:
                                                       VSBY 1/2 MILE OR LESS
                                                   8 = SMOKE OR HAZE
[NO. OF DAYS WITH]      [WEATHER - DAYS WITH]      9 = BLOWING SNOW
                                                   X = TORNADO
MAX 32 OR BELOW:   5    0.01 INCH OR MORE:  10
MAX 90 OR ABOVE:   0    0.10 INCH OR MORE:   6
MIN 32 OR BELOW:  19    0.50 INCH OR MORE:   1
MIN  0 OR BELOW:   0    1.00 INCH OR MORE:   1

[HDD (BASE 65) ]
TOTAL THIS MO.   806    CLEAR  (SCALE 0-3)   4
DPTR FM NORMAL    76    PTCLDY (SCALE 4-7)  16
TOTAL FM JUL 1  4561    CLOUDY (SCALE 8-10)  5
DPTR FM NORMAL  -775

[CDD (BASE 65) ]
TOTAL THIS MO.     0
DPTR FM NORMAL     0    [PRESSURE DATA]
TOTAL FM JAN 1     0    HIGHEST SLP M ON M
DPTR FM NORMAL     0    LOWEST  SLP 29.37 ON  1

[REMARKS]
