000
CXUS51 KBGM 270800
CF6AVP
PRELIMINARY LOCAL CLIMATOLOGICAL DATA (WS FORM: F-6)

                                          STATION:   AVOCA PA
                                          MONTH:     SEPTEMBER
                                          YEAR:      2016
                                          LATITUDE:   41 19 N
                                          LONGITUDE:  75 44 W

  TEMPERATURE IN F:       :PCPN:    SNOW:  WIND      :SUNSHINE: SKY     :PK WND
================================================================================
1   2   3   4   5  6A  6B    7    8   9   10  11  12  13   14  15   16   17  18
                                     12Z  AVG MX 2MIN
DY MAX MIN AVG DEP HDD CDD  WTR  SNW DPTH SPD SPD DIR MIN PSBL S-S WX    SPD DR
================================================================================

 1  80  60  70   3   0   5 0.01  0.0    M  7.8 18 330   M    M   7 1      26 340
 2  78  53  66  -1   0   1 0.00  0.0    M  4.4 14  20   M    M   4        21 360
 3  80  55  68   1   0   3 0.00  0.0    M  5.7 13  30   M    M   0        17  10
 4  81  53  67   1   0   2 0.00  0.0    M  5.4 13  40   M    M   0        17  30
 5  86  56  71   5   0   6 0.00  0.0    M  6.6 15  20   M    M   0        19 340
 6  87  57  72   6   0   7 0.00  0.0    M  5.8 20 350   M    M   1        29 350
 7  88  60  74   9   0   9 0.00  0.0    M  3.7 12 340   M    M   1        16 350
 8  92  67  80  15   0  15 0.10  0.0    M  7.5 20 230   M    M   5 1      26 250
 9  81  70  76  11   0  11 0.10  0.0    M  4.2 13 320   M    M   8 1      19 240
10  90  70  80  16   0  15    T  0.0    M  5.1 14 190   M    M   5 1      24 210
11  80  54  67   3   0   2 0.07  0.0    M  8.7 25 320   M    M   4        34 330
12  78  49  64   0   1   0 0.00  0.0    M  4.3  9 100   M    M   0        12 280
13  83  53  68   5   0   3 0.00  0.0    M  4.9 16 230   M    M   2        22 210
14  87  57  72   9   0   7 0.58  0.0    M  5.3 24 360   M    M   3 13     33 360
15  72  49  61  -2   4   0 0.00  0.0    M  4.0 12  60   M    M   0        15  30
16  75  49  62   0   3   0 0.00  0.0    M  4.3 13 160   M    M   3        22 160
17  76  53  65   3   0   0 0.00  0.0    M  6.1 14 210   M    M   6        20 220
18  80  70  75  14   0  10 0.60  0.0    M  4.6 16 260   M    M   7 13     24 270
19  79  66  73  12   0   8 0.35  0.0    M  2.3  9 210   M    M   6 13     14 200
20  82  64  73  12   0   8 0.00  0.0    M  2.4  8 110   M    M   4 1      10 100
21  82  58  70  10   0   5 0.00  0.0    M  4.6 10  30   M    M   0        14  40
22  84  54  69   9   0   4 0.00  0.0    M  3.3 10 270   M    M   0        14 220
23  85  57  71  12   0   6 0.11  0.0    M  4.8 13  10   M    M   0 1      16  20
24  69  45  57  -2   8   0 0.00  0.0    M  7.4 17  10   M    M   4        23 330
25  68  42  55  -4  10   0 0.00  0.0    M  5.4 13  40   M    M   0        17  10
26   M   M   M   M   M   M    M    M    M   M   M   M   M    M   M         M  M
================================================================================
SM 2023 1421        26 127  1.92     0.0 128.6          M       70
================================================================================
AV 80.9 56.8                               5.1 FASTST   M    M   3    MAX(MPH)
                                 MISC ---->  # 25 320               # 34  330
================================================================================
NOTES:
# LAST OF SEVERAL OCCURRENCES

COLUMN 17 PEAK WIND IN M.P.H.

PRELIMINARY LOCAL CLIMATOLOGICAL DATA (WS FORM: F-6) , PAGE 2

                                          STATION:  AVOCA PA
                                          MONTH:    SEPTEMBER
                                          YEAR:     2016
                                          LATITUDE:   41 19 N
                                          LONGITUDE:  75 44 W

[TEMPERATURE DATA]      [PRECIPITATION DATA]       SYMBOLS USED IN COLUMN 16

AVERAGE MONTHLY: 68.9   TOTAL FOR MONTH:   1.92    1 = FOG OR MIST
DPTR FM NORMAL:   5.9   DPTR FM NORMAL:   -1.58    2 = FOG REDUCING VISIBILITY
HIGHEST:    92 ON  8    GRTST 24HR  0.94 ON 18-19      TO 1/4 MILE OR LESS
LOWEST:     42 ON 25                               3 = THUNDER
                        SNOW, ICE PELLETS, HAIL    4 = ICE PELLETS
                        TOTAL MONTH:   0.0 INCH    5 = HAIL
                        GRTST 24HR     0.0         6 = FREEZING RAIN OR DRIZZLE
                        GRTST DEPTH:  M  ON   M    7 = DUSTSTORM OR SANDSTORM:
                                                       VSBY 1/2 MILE OR LESS
                                                   8 = SMOKE OR HAZE
[NO. OF DAYS WITH]      [WEATHER - DAYS WITH]      9 = BLOWING SNOW
                                                   X = TORNADO
MAX 32 OR BELOW:   0    0.01 INCH OR MORE:   8
MAX 90 OR ABOVE:   2    0.10 INCH OR MORE:   6
MIN 32 OR BELOW:   0    0.50 INCH OR MORE:   2
MIN  0 OR BELOW:   0    1.00 INCH OR MORE:   0

[HDD (BASE 65) ]
TOTAL THIS MO.    26    CLEAR  (SCALE 0-3)  14
DPTR FM NORMAL   -76    PTCLDY (SCALE 4-7)  10
TOTAL FM JUL 1    27    CLOUDY (SCALE 8-10)  1
DPTR FM NORMAL  -101

[CDD (BASE 65) ]
TOTAL THIS MO.   127
DPTR FM NORMAL    77    [PRESSURE DATA]
TOTAL FM JAN 1   993    HIGHEST SLP M ON M
DPTR FM NORMAL   419    LOWEST  SLP 29.79 ON  8

[REMARKS]
