000
CXUS53 KMPX 270700
CF6AXN
PRELIMINARY LOCAL CLIMATOLOGICAL DATA (WS FORM: F-6)

                                          STATION:   ALEXANDRIA MN
                                          MONTH:     FEBRUARY
                                          YEAR:      2017
                                          LATITUDE:   45 52 N
                                          LONGITUDE:  95 23 W

  TEMPERATURE IN F:       :PCPN:    SNOW:  WIND      :SUNSHINE: SKY     :PK WND
================================================================================
1   2   3   4   5  6A  6B    7    8   9   10  11  12  13   14  15   16   17  18
                                     12Z  AVG MX 2MIN
DY MAX MIN AVG DEP HDD CDD  WTR  SNW DPTH SPD SPD DIR MIN PSBL S-S WX    SPD DR
================================================================================

 1  19   0  10  -2  55   0    M    M    M 14.8 29 310   M    M   1 8      37 310
 2  11   3   7  -5  58   0    M    M    M 13.8 23 300   M    M   0        30 280
 3  22   2  12   0  53   0    M    M    M 10.4 17 270   M    M   0        23 290
 4  32  11  22  10  43   0    M    M    M 14.2 23 180   M    M   5 1      30 180
 5  17   5  11  -1  54   0    M    M    M  7.5 18 330   M    M   3        23 320
 6  26  12  19   6  46   0    M    M    M 11.8 20  50   M    M   6        24  50
 7  22  -4   9  -4  56   0    M    M    M 13.9 25 340   M    M   7 18     30 320
 8   6  -8  -1 -14  66   0    M    M    M 11.6 21 290   M    M   1        25 270
 9  21  -4   9  -5  56   0    M    M    M 13.2 25 170   M    M   2        31 160
10  47  19  33  19  32   0    M    M    M 12.6 24 170   M    M   1        31 160
11  37  26  32  18  33   0    M    M    M  6.5 21 280   M    M   3 1      26 280
12  36  24  30  16  35   0    M    M    M 15.2 33 310   M    M   0        41 310
13  41  27  34  19  31   0    M    M    M 12.8 20 280   M    M   0        26 280
14  36  17  27  12  38   0    M    M    M 15.1 32 320   M    M   0        46 310
15  34  12  23   7  42   0    M    M    M  7.1 14 180   M    M   0        17 170
16  43  26  35  19  30   0    M    M    M  8.8 16 150   M    M   0 1      19 140
17  53  29  41  25  24   0    M    M    M  9.3 17 290   M    M   0 1      23 290
18  49  31  40  24  25   0    M    M    M  6.1 20 310   M    M   0        25 320
19  54  34  44  27  21   0    M    M    M 13.0 24 140   M    M   0        30 140
20  52  34  43  26  22   0 0.18    M    0 12.4 25 300   M    M   8 123    33 300
21  52  30  41  23  24   0    M    M    M  7.6 20 200   M    M   1 1      25 180
22  49  31  40  22  25   0    M    M    M  9.1 20  10   M    M   6 1      24 330
23  31  23  27   9  38   0    M    M    M 12.3 22  20   M    M   4        32  10
24  27  15  21   2  44   0    M    M    M 17.7 26 350   M    M   1        34 350
25  33  11  22   3  43   0    M    M    M 11.3 20 230   M    M   6        27 230
26  27  19  23   3  42   0    M    M    M  8.3 20 310   M    M   7 1      25 310
================================================================================
SM  877  425      1036   0  0.18    M    296.4          M       62
================================================================================
AV 33.7 16.4                              11.4 FASTST   M    M   2    MAX(MPH)
                                 MISC ---->  # 33 310               # 46  310
================================================================================
NOTES:
# LAST OF SEVERAL OCCURRENCES

COLUMN 17 PEAK WIND IN M.P.H.

PRELIMINARY LOCAL CLIMATOLOGICAL DATA (WS FORM: F-6) , PAGE 2

                                          STATION:  ALEXANDRIA MN
                                          MONTH:    FEBRUARY
                                          YEAR:     2017
                                          LATITUDE:   45 52 N
                                          LONGITUDE:  95 23 W

[TEMPERATURE DATA]      [PRECIPITATION DATA]       SYMBOLS USED IN COLUMN 16

AVERAGE MONTHLY: 25.0   TOTAL FOR MONTH:   0.18    1 = FOG OR MIST
DPTR FM NORMAL:   9.8   DPTR FM NORMAL:   -0.25    2 = FOG REDUCING VISIBILITY
HIGHEST:    54 ON 19    GRTST 24HR  0.18 ON 20-20      TO 1/4 MILE OR LESS
LOWEST:     -8 ON  8                               3 = THUNDER
                        SNOW, ICE PELLETS, HAIL    4 = ICE PELLETS
                        TOTAL MONTH:    M          5 = HAIL
                        GRTST 24HR    M  ON   M    6 = FREEZING RAIN OR DRIZZLE
                        GRTST DEPTH:   0           7 = DUSTSTORM OR SANDSTORM:
                                                       VSBY 1/2 MILE OR LESS
                                                   8 = SMOKE OR HAZE
[NO. OF DAYS WITH]      [WEATHER - DAYS WITH]      9 = BLOWING SNOW
                                                   X = TORNADO
MAX 32 OR BELOW:  12    0.01 INCH OR MORE:   1
MAX 90 OR ABOVE:   0    0.10 INCH OR MORE:   1
MIN 32 OR BELOW:  24    0.50 INCH OR MORE:   0
MIN  0 OR BELOW:   4    1.00 INCH OR MORE:   0

[HDD (BASE 65) ]
TOTAL THIS MO.  1036    CLEAR  (SCALE 0-3)  18
DPTR FM NORMAL  -259    PTCLDY (SCALE 4-7)   8
TOTAL FM JUL 1  5460    CLOUDY (SCALE 8-10)  0
DPTR FM NORMAL -1043

[CDD (BASE 65) ]
TOTAL THIS MO.     0
DPTR FM NORMAL     0    [PRESSURE DATA]
TOTAL FM JAN 1     0    HIGHEST SLP M ON M
DPTR FM NORMAL     0    LOWEST  SLP 29.40 ON 17

[REMARKS]
