000
CXUS53 KMPX 270700
CF6AXN
PRELIMINARY LOCAL CLIMATOLOGICAL DATA (WS FORM: F-6)

                                          STATION:   ALEXANDRIA MN
                                          MONTH:     MAY
                                          YEAR:      2016
                                          LATITUDE:   45 52 N
                                          LONGITUDE:  95 23 W

  TEMPERATURE IN F:       :PCPN:    SNOW:  WIND      :SUNSHINE: SKY     :PK WND
================================================================================
1   2   3   4   5  6A  6B    7    8   9   10  11  12  13   14  15   16   17  18
                                     12Z  AVG MX 2MIN
DY MAX MIN AVG DEP HDD CDD  WTR  SNW DPTH SPD SPD DIR MIN PSBL S-S WX    SPD DR
================================================================================

 1  62  36  49  -2  16   0 0.00    M    M  8.5 21  30   M    M   0        26  60
 2  67  38  53   2  12   0 0.00    M    M  5.2 10 210   M    M   2        18 250
 3  73  43  58   6   7   0 0.00    M    M 14.5 26 330   M    M   0        38 330
 4  67  40  54   2  11   0 0.00    M    M  8.7 20 340   M    M   0        25 340
 5  84  44  64  11   1   0 0.00    M    M 10.6 20 230   M    M   0        24 230
 6  89  55  72  19   0   7 0.00    M    M 13.6 24  10   M    M   0        32 360
 7  66  45  56   3   9   0 0.00    M    M  8.8 20 340   M    M   0        25 330
 8  73  41  57   3   8   0 0.00    M    M  6.3 16 160   M    M   0        22 170
 9  67  50  59   5   6   0 0.30    M    M 16.1 32 120   M    M   6 1      42 120
10  53  48  51  -3  14   0    T    M    M 13.3 22 110   M    M  10 1      27 120
11  61  48  55   0  10   0 0.73    M    M  8.7 16 120   M    M   8 12     21 220
12  56  39  48  -7  17   0 0.00    M    M 12.0 21 310   M    M   6        26 310
13  44  35  40 -15  25   0 0.04    M    M 17.0 31 320   M    M   8        41 320
14  51  30  41 -15  24   0 0.00    M    M 15.0 28 310   M    M   0        38 330
15  67  30  49  -7  16   0 0.00    M    M 10.2 20 270   M    M   5        27 280
16  64  39  52  -4  13   0 0.00    M    M  7.2 17  10   M    M   3        20  10
17  64  41  53  -4  12   0 0.00    M    M  6.9 12 120   M    M   2        19  90
18  68  40  54  -3  11   0 0.00    M    M  5.7 16 200   M    M   0        19 160
19  76  46  61   4   4   0 0.00    M    M 12.2 23 160   M    M   1 8      31 200
20  72  49  61   3   4   0 0.00    M    M  9.0 20 160   M    M   3        25 160
21  78  45  62   4   3   0 0.00    M    M  6.1 17 160   M    M   1        22 160
22  83  53  68  10   0   3 0.00    M    M 16.3 29 160   M    M   1        38 160
23  78  61  70  12   0   5 0.05    M    M 11.3 26 180   M    M   4 3      34 180
24  82  55  69  10   0   4    T    M    M  7.1 16 140   M    M   1 13     20 160
25  77  60  69  10   0   4 0.11    M    M 11.4 22 130   M    M   2 13     28 130
26  78  55  67   8   0   2 0.00    M    M  8.4 22 270   M    M   2        29 280
================================================================================
SM 1800 1166       223  25  1.23    M    270.1          M       65
================================================================================
AV 69.2 44.8                              10.4 FASTST   M    M   3    MAX(MPH)
                                 MISC ---->  # 32 120               # 42  120
================================================================================
NOTES:
# LAST OF SEVERAL OCCURRENCES

COLUMN 17 PEAK WIND IN M.P.H.

PRELIMINARY LOCAL CLIMATOLOGICAL DATA (WS FORM: F-6) , PAGE 2

                                          STATION:  ALEXANDRIA MN
                                          MONTH:    MAY
                                          YEAR:     2016
                                          LATITUDE:   45 52 N
                                          LONGITUDE:  95 23 W

[TEMPERATURE DATA]      [PRECIPITATION DATA]       SYMBOLS USED IN COLUMN 16

AVERAGE MONTHLY: 57.0   TOTAL FOR MONTH:   1.23    1 = FOG OR MIST
DPTR FM NORMAL:   1.7   DPTR FM NORMAL:   -1.09    2 = FOG REDUCING VISIBILITY
HIGHEST:    89 ON  6    GRTST 24HR  0.73 ON 11-11      TO 1/4 MILE OR LESS
LOWEST:     30 ON 15,14                            3 = THUNDER
                        SNOW, ICE PELLETS, HAIL    4 = ICE PELLETS
                        TOTAL MONTH:    M          5 = HAIL
                        GRTST 24HR    M  ON   M    6 = FREEZING RAIN OR DRIZZLE
                        GRTST DEPTH:  M  ON   M    7 = DUSTSTORM OR SANDSTORM:
                                                       VSBY 1/2 MILE OR LESS
                                                   8 = SMOKE OR HAZE
[NO. OF DAYS WITH]      [WEATHER - DAYS WITH]      9 = BLOWING SNOW
                                                   X = TORNADO
MAX 32 OR BELOW:   0    0.01 INCH OR MORE:   5
MAX 90 OR ABOVE:   0    0.10 INCH OR MORE:   3
MIN 32 OR BELOW:   2    0.50 INCH OR MORE:   1
MIN  0 OR BELOW:   0    1.00 INCH OR MORE:   0

[HDD (BASE 65) ]
TOTAL THIS MO.   223    CLEAR  (SCALE 0-3)  18
DPTR FM NORMAL   -40    PTCLDY (SCALE 4-7)   5
TOTAL FM JUL 1  7210    CLOUDY (SCALE 8-10)  3
DPTR FM NORMAL -1442

[CDD (BASE 65) ]
TOTAL THIS MO.    25
DPTR FM NORMAL    10    [PRESSURE DATA]
TOTAL FM JAN 1    25    HIGHEST SLP M ON M
DPTR FM NORMAL     8    LOWEST  SLP 29.68 ON  6

[REMARKS]
