000
CXUS53 KGRR 261017
CF6AZO
PRELIMINARY LOCAL CLIMATOLOGICAL DATA (WS FORM: F-6)

                                          STATION:   KALAMAZOO MI
                                          MONTH:     MAY
                                          YEAR:      2015
                                          LATITUDE:   42 13 N
                                          LONGITUDE:  85 33 W

  TEMPERATURE IN F:       :PCPN:    SNOW:  WIND      :SUNSHINE: SKY     :PK WND
================================================================================
1   2   3   4   5  6A  6B    7    8   9   10  11  12  13   14  15   16   17  18
                                     12Z  AVG MX 2MIN
DY MAX MIN AVG DEP HDD CDD  WTR  SNW DPTH SPD SPD DIR MIN PSBL S-S WX    SPD DR
================================================================================

 1  72  39  56   2   9   0 0.00    M    M  6.8 18 310   M    M   1        24 300
 2  75  42  59   4   6   0 0.00    M    M  3.1 14 270   M    M   0        18 240
 3  80  49  65  10   0   0 0.00    M    M  9.2 21 210   M    M   3        28 240
 4  75  56  66  11   0   1 0.26    M    M  8.5 18 240   M    M   4 3      23 290
 5  60  50  55  -1  10   0 0.65    M    M  4.9 13  70   M    M   7 1      20  90
 6  79  51  65   9   0   0 0.00    M    M  4.5  9 140   M    M   5 128    13 150
 7  85  56  71  15   0   6 0.00    M    M  6.3 20 190   M    M   2 18     25 190
 8  83  62  73  16   0   8 0.14    M    M  7.2 18 240   M    M   3 13     24 240
 9  73  62  68  11   0   3 0.13    M    M  4.9 14 230   M    M   8 18     16 220
10  76  60  68  11   0   3 0.97    M    M  5.2 14 250   M    M  10 138    18 250
11  70  54  62   4   3   0 0.35    M    M  7.7 23 280   M    M   9 128    31 260
12  54  48  51  -7  14   0    T    M    M 13.8 25 250   M    M  10 8      34 270
13  60  41  51  -7  14   0 0.00    M    M  6.5 16 320   M    M   3        20 330
14  62  42  52  -6  13   0    T    M    M  6.4 13 170   M    M   1        20 170
15  76  53  65   6   0   0 0.08    M    M  7.4 16 200   M    M   9 1      20 190
16  78  60  69  10   0   4 0.03    M    M  4.7 14 180   M    M   6 1      17 190
17  81  67  74  15   0   9 0.00    M    M 10.3 23 200   M    M   6 1      28 210
18  84  52  68   8   0   3    T    M    M 12.7 22 300   M    M   2 3      28 290
19  53  37  45 -15  20   0    T    M    M 12.8 22 300   M    M   7 1      31 300
20  57  35  46 -14  19   0    T    M    M  5.8 17 360   M    M   4        22 350
21  64  44  54  -6  11   0    T    M    M  7.7 21 310   M    M   4        26 320
22  70  45  58  -3   7   0 0.01    M    M  6.6 18 270   M    M   2        27 310
23  78  42  60  -1   5   0 0.00    M    M  3.8 16 240   M    M   1        24 250
24  77  52  65   4   0   0    T    M    M  4.9 13 180   M    M   3        20 190
25  82  66  74  12   0   9 0.07    M    M 13.8 31 230   M    M   2        43 230
================================================================================
SM 1804 1265       131  46  2.69    M    185.5          M      112
================================================================================
AV 72.2 50.6                               7.4 FASTST   M    M   4    MAX(MPH)
                                 MISC ---->  # 31 230               # 43  230
================================================================================
NOTES:
# LAST OF SEVERAL OCCURRENCES

COLUMN 17 PEAK WIND IN M.P.H.

PRELIMINARY LOCAL CLIMATOLOGICAL DATA (WS FORM: F-6) , PAGE 2

                                          STATION:  KALAMAZOO MI
                                          MONTH:    MAY
                                          YEAR:     2015
                                          LATITUDE:   42 13 N
                                          LONGITUDE:  85 33 W

[TEMPERATURE DATA]      [PRECIPITATION DATA]       SYMBOLS USED IN COLUMN 16

AVERAGE MONTHLY: 61.4   TOTAL FOR MONTH:   2.69    1 = FOG OR MIST
DPTR FM NORMAL:   3.3   DPTR FM NORMAL:   -0.47    2 = FOG REDUCING VISIBILITY
HIGHEST:    85 ON  7    GRTST 24HR  1.07 ON 10-11      TO 1/4 MILE OR LESS
LOWEST:     35 ON 20                               3 = THUNDER
                        SNOW, ICE PELLETS, HAIL    4 = ICE PELLETS
                        TOTAL MONTH:    M          5 = HAIL
                        GRTST 24HR    M  ON   M    6 = FREEZING RAIN OR DRIZZLE
                        GRTST DEPTH:  M  ON   M    7 = DUSTSTORM OR SANDSTORM:
                                                       VSBY 1/2 MILE OR LESS
                                                   8 = SMOKE OR HAZE
[NO. OF DAYS WITH]      [WEATHER - DAYS WITH]      9 = BLOWING SNOW
                                                   X = TORNADO
MAX 32 OR BELOW:   0    0.01 INCH OR MORE:  10
MAX 90 OR ABOVE:   0    0.10 INCH OR MORE:   6
MIN 32 OR BELOW:   0    0.50 INCH OR MORE:   2
MIN  0 OR BELOW:   0    1.00 INCH OR MORE:   0

[HDD (BASE 65) ]
TOTAL THIS MO.   131    CLEAR  (SCALE 0-3)  10
DPTR FM NORMAL   -67    PTCLDY (SCALE 4-7)  11
TOTAL FM JUL 1  6832    CLOUDY (SCALE 8-10)  4
DPTR FM NORMAL   491

[CDD (BASE 65) ]
TOTAL THIS MO.    46
DPTR FM NORMAL    22    [PRESSURE DATA]
TOTAL FM JAN 1    46    HIGHEST SLP M ON M
DPTR FM NORMAL    18    LOWEST  SLP 29.76 ON 11

[REMARKS]
