000
CXUS53 KIWX 290800
CF6BEH
PRELIMINARY LOCAL CLIMATOLOGICAL DATA (WS FORM: F-6)

                                          STATION:   BENTON HARBOR
                                          MONTH:     JUNE
                                          YEAR:      2015
                                          LATITUDE:   42  7 N
                                          LONGITUDE:  86 26 W

  TEMPERATURE IN F:       :PCPN:    SNOW:  WIND      :SUNSHINE: SKY     :PK WND
================================================================================
1   2   3   4   5  6A  6B    7    8   9   10  11  12  13   14  15   16   17  18
                                     12Z  AVG MX 2MIN
DY MAX MIN AVG DEP HDD CDD  WTR  SNW DPTH SPD SPD DIR MIN PSBL S-S WX    SPD DR
================================================================================

 1  59  43  51 -13  14   0 0.00  0.0    0  5.9 12 360   M    M   5        19 340
 2  64  40  52 -12  13   0 0.00  0.0    0  4.0 10 300   M    M   0        14 310
 3  72  42  57  -7   8   0 0.00  0.0    0  4.7 13 180   M    M   0        15 170
 4  77  53  65   0   0   0 0.00  0.0    0  5.4 15 260   M    M   2 18     21 240
 5  66  51  59  -6   6   0 0.00  0.0    0  4.9 12 340   M    M   6 1      19 330
 6  74  54  64  -1   1   0 0.00  0.0    0  5.5 15  70   M    M   2        19  80
 7  78  58  68   2   0   3 0.07  0.0    0 11.8 22 200   M    M   5 138    32 190
 8  80  51  66   0   0   1 0.13  0.0    0 11.5 24 280   M    M   5 13     31 280
 9  78  49  64  -2   1   0 0.00  0.0    0  5.4 12 160   M    M   1 18     19 170
10  81  63  72   5   0   7 0.00  0.0    0  8.7 26 230   M    M   2 8      35 230
11  80  61  71   4   0   6 0.02  0.0    0  8.2 17 120   M    M   4 1      23 120
12  68  56  62  -6   3   0 0.51  0.0    0  5.1 18 260   M    M   9 13     24 260
13  85  62  74   6   0   9 0.00  0.0    0  5.7 16 190   M    M   6 13     24 190
14  80  66  73   5   0   8 0.72  0.0    0  5.8 21 240   M    M   6 13     26 240
15  79  65  72   4   0   7 2.01  0.0    0  7.1 18 260   M    M   7 13     26 240
16  68  54  61  -8   4   0 0.00  0.0    0  3.9  7  99   M    M   3 12      M  M
17  71  53  62  -7   3   0 0.02  0.0    0  2.3 13 290   M    M  10 1      16 290
18  77  59  68  -1   0   3 0.00  0.0    0  5.8 21 250   M    M   7 18     25 250
19  74  56  65  -5   0   0 0.00  0.0    0  4.3 12 100   M    M   0 1      15  80
20  79  57  68  -2   0   3 0.00  0.0    0  5.1 14 290   M    M   5 18     20 290
21  79  65  72   2   0   7 0.00  0.0    0  4.9 14 260   M    M   4 1      17 270
22  83  62  73   3   0   8 0.05  0.0    0  9.1 26 230   M    M   5 13     35 200
23  71  56  64  -7   1   0 0.00  0.0    0  6.5 21 270   M    M   2 1      25 290
24  79  52  66  -5   0   1 0.00  0.0    0  2.5 12 270   M    M   2 1      14 290
25  78  61  70  -1   0   5 0.03  0.0    0  3.5 12 290   M    M   7 1      16 280
26  75  63  69  -2   0   4 0.03  0.0    0  6.6 17 100   M    M   6 18     22 100
27  70  59  65  -7   0   0 0.03  0.0    0  5.5 14 300   M    M   3 1      23 300
28  76  48  62 -10   3   0 0.00  0.0    0  4.0 14 250   M    M   2 12     16 250
================================================================================
SM 2101 1559        57  72  3.62     0.0 163.7          M      116
================================================================================
AV 75.0 55.7                               5.8 FASTST   M    M   4    MAX(MPH)
                                 MISC ---->  # 26 230               # 35  230
================================================================================
NOTES:
# LAST OF SEVERAL OCCURRENCES

COLUMN 17 PEAK WIND IN M.P.H.

PRELIMINARY LOCAL CLIMATOLOGICAL DATA (WS FORM: F-6) , PAGE 2

                                          STATION:  BENTON HARBOR
                                          MONTH:    JUNE
                                          YEAR:     2015
                                          LATITUDE:   42  7 N
                                          LONGITUDE:  86 26 W

[TEMPERATURE DATA]      [PRECIPITATION DATA]       SYMBOLS USED IN COLUMN 16

AVERAGE MONTHLY: 65.4   TOTAL FOR MONTH:   3.62    1 = FOG OR MIST
DPTR FM NORMAL:  -2.7   DPTR FM NORMAL:    0.49    2 = FOG REDUCING VISIBILITY
HIGHEST:    85 ON 13    GRTST 24HR  2.01 ON 15-15      TO 1/4 MILE OR LESS
LOWEST:     40 ON  2                               3 = THUNDER
                        SNOW, ICE PELLETS, HAIL    4 = ICE PELLETS
                        TOTAL MONTH:   0.0 INCH    5 = HAIL
                        GRTST 24HR     0.0         6 = FREEZING RAIN OR DRIZZLE
                        GRTST DEPTH:   0           7 = DUSTSTORM OR SANDSTORM:
                                                       VSBY 1/2 MILE OR LESS
                                                   8 = SMOKE OR HAZE
[NO. OF DAYS WITH]      [WEATHER - DAYS WITH]      9 = BLOWING SNOW
                                                   X = TORNADO
MAX 32 OR BELOW:   0    0.01 INCH OR MORE:  11
MAX 90 OR ABOVE:   0    0.10 INCH OR MORE:   4
MIN 32 OR BELOW:   0    0.50 INCH OR MORE:   3
MIN  0 OR BELOW:   0    1.00 INCH OR MORE:   1

[HDD (BASE 65) ]
TOTAL THIS MO.    57    CLEAR  (SCALE 0-3)  12
DPTR FM NORMAL     0    PTCLDY (SCALE 4-7)  14
TOTAL FM JUL 1  7148    CLOUDY (SCALE 8-10)  2
DPTR FM NORMAL  1002

[CDD (BASE 65) ]
TOTAL THIS MO.    72
DPTR FM NORMAL   -71    [PRESSURE DATA]
TOTAL FM JAN 1   115    HIGHEST SLP M ON M
DPTR FM NORMAL   -89    LOWEST  SLP 29.62 ON  8

[REMARKS]
