000
CXUS55 KCTP 301131
CF6BFD
PRELIMINARY LOCAL CLIMATOLOGICAL DATA (WS FORM: F-6)

                                          STATION:   BRADFORD
                                          MONTH:     JULY
                                          YEAR:      2014
                                          LATITUDE:   41 47 N
                                          LONGITUDE:  78 38 W

  TEMPERATURE IN F:       :PCPN:    SNOW:  WIND      :SUNSHINE: SKY     :PK WND
================================================================================
1   2   3   4   5  6A  6B    7    8   9   10  11  12  13   14  15   16   17  18
                                     12Z  AVG MX 2MIN
DY MAX MIN AVG DEP HDD CDD  WTR  SNW DPTH SPD SPD DIR MIN PSBL S-S WX    SPD DR
================================================================================

 1  85  68  77  12   0  12 0.21    M    M  7.6 17 190   M    M   3 138    29 190
 2  81  62  72   7   0   7 0.39  0.0    0  5.9 24 290   M    M   4 123    33 280
 3  75  58  67   2   0   2 0.13  0.0    0  5.7 24 310   M    M   7 13     30 300
 4  67  50  59  -6   6   0 0.00  0.0    0  9.7 21 330   M    M   6 1      26 330
 5  74  43  59  -6   6   0 0.00  0.0    0  4.1 13 320   M    M   0 1      16 290
 6  74  45  60  -5   5   0    T  0.0    0  4.6 14 220   M    M   2        21 210
 7  76  60  68   3   0   3    T  0.0    0  8.0 18 230   M    M   6 3      28 220
 8  76  62  69   4   0   4 0.84  0.0    0  6.8 15 190   M    M   8 138    37 280
 9  73  57  65   0   0   0    T  0.0    0  7.1 23 300   M    M   5        31 310
10  75  49  62  -3   3   0 0.00  0.0    0  3.0  9 360   M    M   3 12     13  10
11  79  51  65   0   0   0 0.00  0.0    0  1.5 12 320   M    M   3        14 300
12  81  54  68   3   0   3 0.00  0.0    M  3.2 12 280   M    M   2 1      18 210
13  77  63  70   4   0   5 0.31  0.0    0  5.7 14 240   M    M   6 138    21 240
14  77  64  71   5   0   6 0.15  0.0    0  4.3 13 190   M    M   6 1      17 190
15  75  51  63  -3   2   0 0.50  0.0    0  5.6 21 300   M    M   5 1      29 280
16  67  45  56 -10   9   0 0.07    M    M  4.9 22 280   M    M   4 1      30 280
17  68  43  56 -10   9   0 0.00    M    M  4.9 15 320   M    M   4 1      20 320
18  74  41  58  -8   7   0 0.00    M    M  1.7 10 330   M    M   1 1      13 320
19  66  56  61  -5   4   0 0.20    M    M  5.2 13 140   M    M   9 1      20 140
20  71  59  65  -1   0   0    T  0.0    0  4.8  9 130   M    M   8 1      14 150
21  80  56  68   2   0   3 0.00    M    M  3.4  9 150   M    M   7 1      13 140
22  84  59  72   6   0   7 0.00    M    M  3.7 13 210   M    M   5 12     18 200
23  80  59  70   5   0   5    T  0.0    0  8.1 20 320   M    M   6 138    26 320
24  70  47  59  -6   6   0 0.00    M    M  6.6 14 330   M    M   6        20 320
25  74  39  57  -8   8   0 0.00    M    M  2.5 13 290   M    M   0 1      16 280
26  77  50  64  -1   1   0    T    M    M  5.1 12 200   M    M   6        18 220
27  80  62  71   6   0   6 0.19    M    M  6.4 15 300   M    M   6 138    19 300
28  67  54  61  -4   4   0 0.41    M    M  8.1 21 340   M    M   9 1      27 320
29  63  45  54 -11  11   0 0.00    M    M  4.2 12 300   M    M   8 1      14 320
================================================================================
SM 2166 1552        81  63  3.40     0.0 152.4          M      145
================================================================================
AV 74.7 53.5                               5.3 FASTST   M    M   5    MAX(MPH)
                                 MISC ---->  # 24 290                 37    M
================================================================================
NOTES:
# LAST OF SEVERAL OCCURRENCES

COLUMN 17 PEAK WIND IN M.P.H.

PRELIMINARY LOCAL CLIMATOLOGICAL DATA (WS FORM: F-6) , PAGE 2

                                          STATION:  BRADFORD
                                          MONTH:    JULY
                                          YEAR:     2014
                                          LATITUDE:   41 47 N
                                          LONGITUDE:  78 38 W

[TEMPERATURE DATA]      [PRECIPITATION DATA]       SYMBOLS USED IN COLUMN 16

AVERAGE MONTHLY: 64.1   TOTAL FOR MONTH:   3.40    1 = FOG OR MIST
DPTR FM NORMAL:  -1.2   DPTR FM NORMAL:   -0.52    2 = FOG REDUCING VISIBILITY
HIGHEST:    85 ON  1    GRTST 24HR  0.84 ON  8- 8      TO 1/4 MILE OR LESS
LOWEST:     39 ON 25                               3 = THUNDER
                        SNOW, ICE PELLETS, HAIL    4 = ICE PELLETS
                        TOTAL MONTH:   0.0 INCH    5 = HAIL
                        GRTST 24HR     0.0         6 = FREEZING RAIN OR DRIZZLE
                        GRTST DEPTH:   0           7 = DUSTSTORM OR SANDSTORM:
                                                       VSBY 1/2 MILE OR LESS
                                                   8 = SMOKE OR HAZE
[NO. OF DAYS WITH]      [WEATHER - DAYS WITH]      9 = BLOWING SNOW
                                                   X = TORNADO
MAX 32 OR BELOW:   0    0.01 INCH OR MORE:  11
MAX 90 OR ABOVE:   0    0.10 INCH OR MORE:  10
MIN 32 OR BELOW:   0    0.50 INCH OR MORE:   2
MIN  0 OR BELOW:   0    1.00 INCH OR MORE:   0

[HDD (BASE 65) ]
TOTAL THIS MO.    81    CLEAR  (SCALE 0-3)   6
DPTR FM NORMAL    80    PTCLDY (SCALE 4-7)  21
TOTAL FM JUL 1    81    CLOUDY (SCALE 8-10)  2
DPTR FM NORMAL    80

[CDD (BASE 65) ]
TOTAL THIS MO.    63
DPTR FM NORMAL    -3    [PRESSURE DATA]
TOTAL FM JAN 1   137    HIGHEST SLP M ON M
DPTR FM NORMAL    21    LOWEST  SLP 29.51 ON 28

[REMARKS]
