000
CXUS56 KHNX 301146
CF6BFL
PRELIMINARY LOCAL CLIMATOLOGICAL DATA (WS FORM: F-6)

                                          STATION:   BAKERSFIELD CA
                                          MONTH:     MARCH
                                          YEAR:      2015
                                          LATITUDE:   35 25 N
                                          LONGITUDE: 119  3 W

  TEMPERATURE IN F:       :PCPN:    SNOW:  WIND      :SUNSHINE: SKY     :PK WND
================================================================================
1   2   3   4   5  6A  6B    7    8   9   10  11  12  13   14  15   16   17  18
                                     12Z  AVG MX 2MIN
DY MAX MIN AVG DEP HDD CDD  WTR  SNW DPTH SPD SPD DIR MIN PSBL S-S WX    SPD DR
================================================================================

 1  61  43  52  -4  13   0 0.06  0.0    0  5.1 18 180   M    M   5        22 170
 2  62  46  54  -2  11   0 0.21  0.0    0  5.7 17 220   M    M   7 1      21 220
 3  63  45  54  -2  11   0 0.00  0.0    0  3.7 12 350   M    M   4        14 310
 4  69  42  56   0   9   0 0.00  0.0    0  3.1 10  40   M    M   1        12  40
 5  73  44  59   3   6   0 0.00  0.0    0  5.0 13 310   M    M   0        15 320
 6  71  42  57   1   8   0 0.00  0.0    0  3.4  8 210   M    M   0        13 200
 7  78  45  62   5   3   0 0.00  0.0    0  2.8  8  80   M    M   0 8      11 310
 8  79  46  63   6   2   0 0.00  0.0    0  4.5 12 270   M    M   0 8      15 290
 9  80  48  64   7   1   0 0.00  0.0    0  4.3 13 300   M    M   0        15 300
10  87  49  68  11   0   3 0.00  0.0    0  3.3 12  10   M    M   0        14 360
11  71  51  61   4   4   0    T  0.0    0  5.1 26 350   M    M   5 8      30 360
12  69  50  60   3   5   0 0.00  0.0    0  4.2  9 130   M    M   3 18     15 150
13  86  47  67  10   0   2 0.00  0.0    0  3.9 13 330   M    M   0        16 320
14  91  52  72  14   0   7 0.00  0.0    0  3.9 12 300   M    M   0        14 300
15  92  60  76  18   0  11 0.00  0.0    0  4.6 15 340   M    M   0 8      18 330
16  80  55  68  10   0   3 0.00  0.0    0  4.6 13 300   M    M   0        16 290
17  72  56  64   6   1   0 0.00  0.0    0  3.5 13 320   M    M   0        15 310
18  74  57  66   8   0   1 0.00  0.0    0  3.1 10 320   M    M   3        13 270
19  81  54  68  10   0   3 0.00  0.0    0  4.7 13 330   M    M   2        17 310
20  85  52  69  11   0   4 0.00  0.0    0  5.8 14 290   M    M   0        18 340
21  79  51  65   7   0   0 0.00  0.0    0  4.5 13 280   M    M   0        16 310
22  78  51  65   7   0   0 0.00  0.0    0  5.7 24 300   M    M   1        29 300
23  73  51  62   4   3   0 0.00  0.0    0  7.6 16 290   M    M   5        20 290
24  71  46  59   1   6   0 0.00  0.0    0  4.9 17 320   M    M   1        21 320
25  78  50  64   5   1   0 0.00  0.0    0  4.2 13 270   M    M   0 8      19 330
26  90  53  72  13   0   7 0.00  0.0    0  5.8 14 360   M    M   0 8      17 360
27  93  55  74  15   0   9 0.00  0.0    0  5.6 14 320   M    M   0        18 310
28  83  56  70  11   0   5 0.00  0.0    0  5.0 14 320   M    M   0        18 320
29  86  58  72  13   0   7 0.00  0.0    0  5.4 16 320   M    M   0        20 300
================================================================================
SM 2255 1455        84  62  0.27     0.0 133.0          M       37
================================================================================
AV 77.8 50.2                               4.6 FASTST   M    M   1    MAX(MPH)
                                 MISC ---->  # 26 350               # 30  360
================================================================================
NOTES:
# LAST OF SEVERAL OCCURRENCES

COLUMN 17 PEAK WIND IN M.P.H.

PRELIMINARY LOCAL CLIMATOLOGICAL DATA (WS FORM: F-6) , PAGE 2

                                          STATION:  BAKERSFIELD CA
                                          MONTH:    MARCH
                                          YEAR:     2015
                                          LATITUDE:   35 25 N
                                          LONGITUDE: 119  3 W

[TEMPERATURE DATA]      [PRECIPITATION DATA]       SYMBOLS USED IN COLUMN 16

AVERAGE MONTHLY: 64.0   TOTAL FOR MONTH:   0.27    1 = FOG OR MIST
DPTR FM NORMAL:   6.4   DPTR FM NORMAL:   -0.88    2 = FOG REDUCING VISIBILITY
HIGHEST:    93 ON 27    GRTST 24HR  0.21 ON  2- 2      TO 1/4 MILE OR LESS
LOWEST:     42 ON  6, 4                            3 = THUNDER
                        SNOW, ICE PELLETS, HAIL    4 = ICE PELLETS
                        TOTAL MONTH:   0.0 INCH    5 = HAIL
                        GRTST 24HR     0.0         6 = FREEZING RAIN OR DRIZZLE
                        GRTST DEPTH:   0           7 = DUSTSTORM OR SANDSTORM:
                                                       VSBY 1/2 MILE OR LESS
                                                   8 = SMOKE OR HAZE
[NO. OF DAYS WITH]      [WEATHER - DAYS WITH]      9 = BLOWING SNOW
                                                   X = TORNADO
MAX 32 OR BELOW:   0    0.01 INCH OR MORE:   2
MAX 90 OR ABOVE:   4    0.10 INCH OR MORE:   1
MIN 32 OR BELOW:   0    0.50 INCH OR MORE:   0
MIN  0 OR BELOW:   0    1.00 INCH OR MORE:   0

[HDD (BASE 65) ]
TOTAL THIS MO.    84    CLEAR  (SCALE 0-3)  24
DPTR FM NORMAL  -141    PTCLDY (SCALE 4-7)   5
TOTAL FM JUL 1  1219    CLOUDY (SCALE 8-10)  0
DPTR FM NORMAL  -780

[CDD (BASE 65) ]
TOTAL THIS MO.    62
DPTR FM NORMAL    62    [PRESSURE DATA]
TOTAL FM JAN 1    66    HIGHEST SLP M ON M
DPTR FM NORMAL    66    LOWEST  SLP 29.84 ON  2

[REMARKS]
