000
CXUS54 KAMA 281015
CF6BGD
PRELIMINARY LOCAL CLIMATOLOGICAL DATA (WS FORM: F-6)

                                          STATION:   BORGER
                                          MONTH:     FEBRUARY
                                          YEAR:      2015
                                          LATITUDE:   35 42 N
                                          LONGITUDE: 101 24 W

  TEMPERATURE IN F:       :PCPN:    SNOW:  WIND      :SUNSHINE: SKY     :PK WND
================================================================================
1   2   3   4   5  6A  6B    7    8   9   10  11  12  13   14  15   16   17  18
                                     12Z  AVG MX 2MIN
DY MAX MIN AVG DEP HDD CDD  WTR  SNW DPTH SPD SPD DIR MIN PSBL S-S WX    SPD DR
================================================================================

 1  43  24  34  -6  31   0 0.00  0.0    0 14.1 28 360   M    M   8        34 360
 2  56  21  39  -1  26   0 0.00  0.0    0 10.1 23 200   M    M   4        30 200
 3  65  30  48   8  17   0 0.00  0.0    0  7.4 17 190   M    M   0        23 190
 4  50  23  37  -4  28   0    T    T    0 13.8 32  10   M    M   6 146    41  10
 5  50  22  36  -5  29   0 0.00  0.0    0  8.1 18 200   M    M   5        25 190
 6  81  39  60  19   5   0 0.00  0.0    0 10.7 18 230   M    M   0        24 250
 7  83  43  63  22   2   0 0.00  0.0    0  9.1 20 250   M    M   0        23 250
 8  77  45  61  20   4   0 0.00  0.0    0  7.5 25  30   M    M   0        30  20
 9  78  37  58  17   7   0 0.00  0.0    0  9.6 23 180   M    M   0        32 180
10  70  44  57  16   8   0 0.00  0.0    0  8.6 17  20   M    M   0        23  10
11  45  31  38  -3  27   0    T    T    0 12.8 30  30   M    M   6        40  40
12  57  27  42   0  23   0 0.00  0.0    0 10.3 18 230   M    M   0        24 230
13  69  38  54  12  11   0 0.00  0.0    0  6.9 16 260   M    M   0        22 210
14  79  37  58  16   7   0 0.00  0.0    0 10.2 23 240   M    M   0        31 250
15  44  25  35  -7  30   0 0.00  0.0    0 12.8 22  30   M    M   6        26  10
16  46  24  35  -7  30   0    T    T    0  8.5 20 360   M    M   5 1      23 360
17  48  30  39  -3  26   0    T    T    T  8.0 24 340   M    M   6 1      31 340
18  57  20  39  -3  26   0 0.00  0.0    0  5.1 16 170   M    M   0        22 170
19  74  30  52   9  13   0 0.00  0.0    0 11.5 24 220   M    M   0        31 210
20  74  29  52   9  13   0 0.00  0.0    0  7.2 38  20   M    M   0        50  10
21  54  31  43   0  22   0 0.00  0.0    0  8.9 18 120   M    M   4        23  20
22  45  15  30 -13  35   0 0.25  1.5    1 17.1 32  30   M    M  10 1289   43  40
23  20  13  17 -27  48   0 0.08  1.5    2  6.7 17  30   M    M  10 128    21  20
24  46  16  31 -13  34   0 0.00  0.0    2  8.4 20  20   M    M   1        26  40
25  58  28  43  -1  22   0    T  0.0    0 12.2 26 350   M    M   3        33 350
26  39  19  29 -15  36   0    T    T    0 14.3 25  30   M    M  10        34  40
27  22  13  18 -26  47   0 0.25  3.0    1 10.0 16 120   M    M  10 12     20  80
================================================================================
SM 1530  754       607   0  0.58     6.0 269.9          M       94
================================================================================
AV 56.7 27.9                              10.0 FASTST   M    M   3    MAX(MPH)
                                 MISC ---->  # 38  20               # 50   10
================================================================================
NOTES:
# LAST OF SEVERAL OCCURRENCES

COLUMN 17 PEAK WIND IN M.P.H.

PRELIMINARY LOCAL CLIMATOLOGICAL DATA (WS FORM: F-6) , PAGE 2

                                          STATION:  BORGER
                                          MONTH:    FEBRUARY
                                          YEAR:     2015
                                          LATITUDE:   35 42 N
                                          LONGITUDE: 101 24 W

[TEMPERATURE DATA]      [PRECIPITATION DATA]       SYMBOLS USED IN COLUMN 16

AVERAGE MONTHLY: 42.3   TOTAL FOR MONTH:   0.58    1 = FOG OR MIST
DPTR FM NORMAL:   0.3   DPTR FM NORMAL:   -0.02    2 = FOG REDUCING VISIBILITY
HIGHEST:    83 ON  7    GRTST 24HR  0.30 ON 31- 1      TO 1/4 MILE OR LESS
LOWEST:     13 ON 27,23                            3 = THUNDER
                        SNOW, ICE PELLETS, HAIL    4 = ICE PELLETS
                        TOTAL MONTH:   6.0 INCHES  5 = HAIL
                        GRTST 24HR   3.0 ON 27-27  6 = FREEZING RAIN OR DRIZZLE
                        GRTST DEPTH:   2 ON 24,23  7 = DUSTSTORM OR SANDSTORM:
                                                       VSBY 1/2 MILE OR LESS
                                                   8 = SMOKE OR HAZE
[NO. OF DAYS WITH]      [WEATHER - DAYS WITH]      9 = BLOWING SNOW
                                                   X = TORNADO
MAX 32 OR BELOW:   2    0.01 INCH OR MORE:   3
MAX 90 OR ABOVE:   0    0.10 INCH OR MORE:   2
MIN 32 OR BELOW:  20    0.50 INCH OR MORE:   0
MIN  0 OR BELOW:   0    1.00 INCH OR MORE:   0

[HDD (BASE 65) ]
TOTAL THIS MO.   607    CLEAR  (SCALE 0-3)  14
DPTR FM NORMAL   -16    PTCLDY (SCALE 4-7)   9
TOTAL FM JUL 1  2828    CLOUDY (SCALE 8-10)  4
DPTR FM NORMAL  -147

[CDD (BASE 65) ]
TOTAL THIS MO.     0
DPTR FM NORMAL     0    [PRESSURE DATA]
TOTAL FM JAN 1     0    HIGHEST SLP M ON M
DPTR FM NORMAL     0    LOWEST  SLP 29.54 ON 20

[REMARKS]
