000
CXUS54 KAMA 261015
CF6BGD
PRELIMINARY LOCAL CLIMATOLOGICAL DATA (WS FORM: F-6)

                                          STATION:   BORGER
                                          MONTH:     AUGUST
                                          YEAR:      2016
                                          LATITUDE:   35 42 N
                                          LONGITUDE: 101 24 W

  TEMPERATURE IN F:       :PCPN:    SNOW:  WIND      :SUNSHINE: SKY     :PK WND
================================================================================
1   2   3   4   5  6A  6B    7    8   9   10  11  12  13   14  15   16   17  18
                                     12Z  AVG MX 2MIN
DY MAX MIN AVG DEP HDD CDD  WTR  SNW DPTH SPD SPD DIR MIN PSBL S-S WX    SPD DR
================================================================================

 1 101  76  89   7   0  24 0.00  0.0    0 13.3 23 200   M    M   1        31 210
 2 101  75  88   6   0  23    T  0.0    0 10.4 26  60   M    M   1 3      36  80
 3  97  70  84   2   0  19 0.00  0.0    0  7.1 21 230   M    M   1        29 240
 4 101  75  88   6   0  23    T  0.0    0 11.7 21 350   M    M   3 3      28 250
 5  93  70  82   0   0  17 0.02  0.0    0  8.3 18 340   M    M   0 3      25 100
 6  98  69  84   2   0  19 0.00  0.0    0  9.6 18 160   M    M   2 3      25 150
 7  97  69  83   1   0  18 0.46  0.0    0  6.5 25 150   M    M   2 38     34 140
 8  97  70  84   2   0  19 0.07  0.0    0 11.4 28 240   M    M   1 3      39 240
 9  89  68  79  -2   0  14 0.18  0.0    0  9.1 25 180   M    M   1        34 170
10  97  73  85   4   0  20 0.00  0.0    0 14.0 26 160   M    M   0        35 180
11  99  73  86   5   0  21 0.28  0.0    0 10.8 28 290   M    M   0 13     33 280
12  91  71  81   0   0  16    T  0.0    0  9.6 22  30   M    M   1        29  30
13  91  64  78  -3   0  13 0.00  0.0    0  7.5 21  40   M    M   0        28  50
14  86  63  75  -6   0  10 0.00  0.0    0  4.7 13 110   M    M   0        18 100
15  91  62  77  -3   0  12 0.00  0.0    0  8.7 16 170   M    M   0        23 170
16  95  63  79  -1   0  14 0.00  0.0    0  9.5 18 160   M    M   0        25 160
17  94  64  79  -1   0  14 0.00  0.0    0  7.9 17 140   M    M   0        23 140
18  94  67  81   1   0  16 0.00  0.0    0  9.5 18 160   M    M   1        26 160
19  94  68  81   1   0  16 0.11  0.0    0  8.0 24 290   M    M   2 3      36 300
20  74  62  68 -12   0   3 0.06  0.0    0  7.9 18 340   M    M   6 1      23 340
21  83  59  71  -8   0   6 0.00  0.0    0  7.5 17 160   M    M   1        23 180
22  90  64  77  -2   0  12 0.00  0.0    0 14.0 23 170   M    M   1        33 140
23  99  71  85   6   0  20    T  0.0    0 15.1 25 190   M    M   1        36 190
24  92  69  81   2   0  16 0.04  0.0    0 12.1 24 140   M    M   3 3      32 140
25  82  63  73  -6   0   8 0.05  0.0    0  5.7 16  60   M    M   3 3      22  50
================================================================================
SM 2326 1698         0 393  1.27     0.0 239.9          M       31
================================================================================
AV 93.0 67.9                               9.6 FASTST   M    M   1    MAX(MPH)
                                 MISC ---->  # 28 240               # 39  240
================================================================================
NOTES:
# LAST OF SEVERAL OCCURRENCES

COLUMN 17 PEAK WIND IN M.P.H.

PRELIMINARY LOCAL CLIMATOLOGICAL DATA (WS FORM: F-6) , PAGE 2

                                          STATION:  BORGER
                                          MONTH:    AUGUST
                                          YEAR:     2016
                                          LATITUDE:   35 42 N
                                          LONGITUDE: 101 24 W

[TEMPERATURE DATA]      [PRECIPITATION DATA]       SYMBOLS USED IN COLUMN 16

AVERAGE MONTHLY: 80.5   TOTAL FOR MONTH:   1.27    1 = FOG OR MIST
DPTR FM NORMAL:  -0.2   DPTR FM NORMAL:   -1.27    2 = FOG REDUCING VISIBILITY
HIGHEST:   101 ON  4, 2 GRTST 24HR  0.46 ON  7- 7      TO 1/4 MILE OR LESS
LOWEST:     59 ON 21                               3 = THUNDER
                        SNOW, ICE PELLETS, HAIL    4 = ICE PELLETS
                        TOTAL MONTH:   0.0 INCH    5 = HAIL
                        GRTST 24HR     0.0         6 = FREEZING RAIN OR DRIZZLE
                        GRTST DEPTH:   0           7 = DUSTSTORM OR SANDSTORM:
                                                       VSBY 1/2 MILE OR LESS
                                                   8 = SMOKE OR HAZE
[NO. OF DAYS WITH]      [WEATHER - DAYS WITH]      9 = BLOWING SNOW
                                                   X = TORNADO
MAX 32 OR BELOW:   0    0.01 INCH OR MORE:   9
MAX 90 OR ABOVE:  20    0.10 INCH OR MORE:   4
MIN 32 OR BELOW:   0    0.50 INCH OR MORE:   0
MIN  0 OR BELOW:   0    1.00 INCH OR MORE:   0

[HDD (BASE 65) ]
TOTAL THIS MO.     0    CLEAR  (SCALE 0-3)  22
DPTR FM NORMAL     0    PTCLDY (SCALE 4-7)   3
TOTAL FM JUL 1     0    CLOUDY (SCALE 8-10)  0
DPTR FM NORMAL     0

[CDD (BASE 65) ]
TOTAL THIS MO.   393
DPTR FM NORMAL     0    [PRESSURE DATA]
TOTAL FM JAN 1  1667    HIGHEST SLP M ON M
DPTR FM NORMAL   193    LOWEST  SLP 29.71 ON 19

[REMARKS]
