000
CXUS51 KCAR 010600
CF6BGR
PRELIMINARY LOCAL CLIMATOLOGICAL DATA (WS FORM: F-6)

                                          STATION:   BANGOR ME
                                          MONTH:     SEPTEMBER
                                          YEAR:      2016
                                          LATITUDE:   44 47 N
                                          LONGITUDE:  68 49 W

  TEMPERATURE IN F:       :PCPN:    SNOW:  WIND      :SUNSHINE: SKY     :PK WND
================================================================================
1   2   3   4   5  6A  6B    7    8   9   10  11  12  13   14  15   16   17  18
                                     12Z  AVG MX 2MIN
DY MAX MIN AVG DEP HDD CDD  WTR  SNW DPTH SPD SPD DIR MIN PSBL S-S WX    SPD DR
================================================================================

 1  82  58  70   6   0   5 0.00  0.0    0  6.3 15 320   M    M   6 1      19 330
 2  73  53  63  -1   2   0 0.00  0.0    0  6.5 16 360   M    M   5        19 360
 3  75  46  61  -2   4   0 0.00  0.0    0  3.0 13 340   M    M   3 1      17  10
 4  79  48  64   1   1   0 0.00  0.0    0  3.8 16 180   M    M   1 1      19 200
 5  76  50  63   0   2   0 0.00  0.0    0  3.0 14 140   M    M   7 12     17 150
 6  80  59  70   8   0   5 0.03  0.0    0  5.6 12 170   M    M   8 1      14 170
 7  81  64  73  11   0   8 0.00  0.0    0  6.5 18 170   M    M   8 12     24 160
 8  81  66  74  12   0   9    T  0.0    0  7.3 17 180   M    M   9 12     22 190
 9  91  63  77  16   0  12    T  0.0    0  7.4 15 310   M    M   5 1      21 280
10  83  55  69   8   0   4 0.01  0.0    0  5.2 16 180   M    M   5 1      23 160
11  75  48  62   1   3   0 0.32  0.0    0  8.8 26 320   M    M   6 13     34 320
12  76  43  60   0   5   0 0.00  0.0    0  5.3 15 250   M    M   1        23 280
13  82  47  65   5   0   0 0.00  0.0    0  6.0 15 200   M    M   0        21 200
14  74  53  64   4   1   0 0.05  0.0    0  7.3 24 330   M    M   6 1      28 330
15  68  42  55  -4  10   0 0.00  0.0    0  4.5 14 350   M    M   2 1      17 350
16  71  39  55  -4  10   0 0.00  0.0    0  7.8 18 170   M    M   2 1      23 180
17  73  47  60   2   5   0 0.00  0.0    0 10.7 23 170   M    M   8 1      28 180
18  76  63  70  12   0   5 0.22  0.0    0  7.8 14 190   M    M   8 1      19 190
19  72  63  68  10   0   3 0.05  0.0    0  3.1  8 120   M    M  10 12     10 120
20  77  62  70  13   0   5    T  0.0    0  7.0 18 180   M    M   8 12     24 190
21  80  56  68  11   0   3    T  0.0    0  5.2 17 290   M    M   4 12     22 290
22  78  50  64   8   1   0    T  0.0    0  5.5 15 320   M    M   4 8      19 270
23  63  44  54  -2  11   0 0.44  0.0    0  7.5 18 360   M    M   8 1      24 320
24  63  39  51  -5  14   0 0.00  0.0    0  8.1 26 320   M    M   5        33 330
25  58  40  49  -6  16   0 0.02  0.0    0  9.4 25 340   M    M   4        33 350
26  64  34  49  -6  16   0 0.00  0.0    0  4.1 13 190   M    M   3        16 190
27  63  49  56   2   9   0 0.09  0.0    0  5.2 15  60   M    M   9 1      19  60
28  65  48  57   3   8   0    T  0.0    0  9.9 17  50   M    M   7        21  50
29  62  39  51  -3  14   0 0.00  0.0    0  8.6 18  30   M    M   3        22  30
30  66  34  50  -3  15   0 0.00  0.0    0  2.5  8 190   M    M   7 1      12 120
================================================================================
SM 2207 1502       147  59  1.23     0.0 188.9          M      162
================================================================================
AV 73.6 50.1                               6.3 FASTST   M    M   5    MAX(MPH)
                                 MISC ---->  # 26 320               # 34  320
================================================================================
NOTES:
# LAST OF SEVERAL OCCURRENCES

COLUMN 17 PEAK WIND IN M.P.H.

PRELIMINARY LOCAL CLIMATOLOGICAL DATA (WS FORM: F-6) , PAGE 2

                                          STATION:  BANGOR ME
                                          MONTH:    SEPTEMBER
                                          YEAR:     2016
                                          LATITUDE:   44 47 N
                                          LONGITUDE:  68 49 W

[TEMPERATURE DATA]      [PRECIPITATION DATA]       SYMBOLS USED IN COLUMN 16

AVERAGE MONTHLY: 61.8   TOTAL FOR MONTH:   1.23    1 = FOG OR MIST
DPTR FM NORMAL:   3.0   DPTR FM NORMAL:   -2.60    2 = FOG REDUCING VISIBILITY
HIGHEST:    91 ON  9    GRTST 24HR  0.44 ON 23-23      TO 1/4 MILE OR LESS
LOWEST:     34 ON 30,26                            3 = THUNDER
                        SNOW, ICE PELLETS, HAIL    4 = ICE PELLETS
                        TOTAL MONTH:   0.0 INCH    5 = HAIL
                        GRTST 24HR     0.0         6 = FREEZING RAIN OR DRIZZLE
                        GRTST DEPTH:   0           7 = DUSTSTORM OR SANDSTORM:
                                                       VSBY 1/2 MILE OR LESS
                                                   8 = SMOKE OR HAZE
[NO. OF DAYS WITH]      [WEATHER - DAYS WITH]      9 = BLOWING SNOW
                                                   X = TORNADO
MAX 32 OR BELOW:   0    0.01 INCH OR MORE:   9
MAX 90 OR ABOVE:   1    0.10 INCH OR MORE:   3
MIN 32 OR BELOW:   0    0.50 INCH OR MORE:   0
MIN  0 OR BELOW:   0    1.00 INCH OR MORE:   0

[HDD (BASE 65) ]
TOTAL THIS MO.   147    CLEAR  (SCALE 0-3)   7
DPTR FM NORMAL   -62    PTCLDY (SCALE 4-7)  17
TOTAL FM JUL 1   174    CLOUDY (SCALE 8-10)  6
DPTR FM NORMAL   -98

[CDD (BASE 65) ]
TOTAL THIS MO.    59
DPTR FM NORMAL    36    [PRESSURE DATA]
TOTAL FM JAN 1   448    HIGHEST SLP 30.63 ON 29
DPTR FM NORMAL   131    LOWEST  SLP 29.63 ON 11

[REMARKS]
#FINAL-09-16#
