000
CXUS51 KCAR 310600
CF6BGR
PRELIMINARY LOCAL CLIMATOLOGICAL DATA (WS FORM: F-6)

                                          STATION:   BANGOR ME
                                          MONTH:     AUGUST
                                          YEAR:      2016
                                          LATITUDE:   44 47 N
                                          LONGITUDE:  68 49 W

  TEMPERATURE IN F:       :PCPN:    SNOW:  WIND      :SUNSHINE: SKY     :PK WND
================================================================================
1   2   3   4   5  6A  6B    7    8   9   10  11  12  13   14  15   16   17  18
                                     12Z  AVG MX 2MIN
DY MAX MIN AVG DEP HDD CDD  WTR  SNW DPTH SPD SPD DIR MIN PSBL S-S WX    SPD DR
================================================================================

 1  81  57  69   0   0   4 0.00  0.0    0  3.5 13 180   M    M   7 18     14 190
 2  82  56  69   0   0   4 0.00  0.0    0  4.4 13 170   M    M   5 1      18 160
 3  87  54  71   2   0   6 0.00  0.0    0  4.8 18 190   M    M   2        23 180
 4  86  62  74   5   0   9 0.00  0.0    0  9.8 21 170   M    M   3 1      26 190
 5  87  63  75   6   0  10 0.00  0.0    0 11.4 22 170   M    M   5        27 180
 6  89  65  77   9   0  12 0.52  0.0    0  7.8 18 170   M    M   7 13     23 200
 7  83  60  72   4   0   7 0.00  0.0    0  9.0 22 320   M    M   3        26 330
 8  81  58  70   2   0   5 0.00  0.0    0  9.8 23 310   M    M   2        34 330
 9  82  50  66  -2   0   1 0.00  0.0    0  6.4 14 330   M    M   5        19 330
10  78  53  66  -2   0   1    T  0.0    0  7.3 18 190   M    M   8 1      26 190
11  91  67  79  11   0  14 0.00  0.0    0  4.2 14 180   M    M   7 12     18 180
12  82  64  73   5   0   8 0.19  0.0    0  6.5 17 360   M    M   7 1      23 360
13  64  60  62  -6   3   0 0.24  0.0    0  4.1 15  40   M    M   8 1      18  40
14  88  61  75   7   0  10 0.01  0.0    0  5.6 13 270   M    M   9 128    18 230
15  81  58  70   2   0   5 0.00  0.0    0  7.6 22 320   M    M   7 1      26 320
16  81  54  68   1   0   3 0.26  0.0    0  7.2 17 190   M    M   8 1      22 180
17  75  60  68   1   0   3 0.22  0.0    0  9.1 23  10   M    M   9 1      30  10
18  85  59  72   5   0   7    T  0.0    0  4.9 14 350   M    M   5        19 310
19  82  56  69   2   0   4 0.00  0.0    0  6.3 17 310   M    M   3        25 340
20  80  54  67   0   0   2 0.00  0.0    0  6.4 18 180   M    M   5 1      22 200
21  78  60  69   3   0   4 0.00  0.0    0 10.0 21 180   M    M   6 1      25 160
22  73  55  64  -2   1   0 0.78  0.0    0  9.5 26 320   M    M   7 1      34 320
23  80  52  66   0   0   1 0.00  0.0    0  7.1 14 280   M    M   1        19 240
24  84  57  71   5   0   6 0.00  0.0    0  6.4 15 230   M    M   3 8      19 240
25  82  64  73   7   0   8 0.00  0.0    0  9.8 18 170   M    M   8        25 170
26  86  66  76  11   0  11    T  0.0    0  6.4 15 310   M    M   6        20 320
27  81  57  69   4   0   4 0.00  0.0    0  5.9 17  10   M    M   2        22  20
28  78  52  65   0   0   0    T  0.0    0  8.4 18 180   M    M   6 1      24 170
29  79  59  69   4   0   4 0.00  0.0    0 10.9 26 320   M    M   5        34 320
30  81  55  68   4   0   3 0.00  0.0    0  5.0 13 240   M    M   6        18 270
================================================================================
SM 2447 1748         4 156  2.22     0.0 215.5          M      165
================================================================================
AV 81.6 58.3                               7.2 FASTST   M    M   6    MAX(MPH)
                                 MISC ---->  # 26 320               # 34  330
================================================================================
NOTES:
# LAST OF SEVERAL OCCURRENCES

COLUMN 17 PEAK WIND IN M.P.H.

PRELIMINARY LOCAL CLIMATOLOGICAL DATA (WS FORM: F-6) , PAGE 2

                                          STATION:  BANGOR ME
                                          MONTH:    AUGUST
                                          YEAR:     2016
                                          LATITUDE:   44 47 N
                                          LONGITUDE:  68 49 W

[TEMPERATURE DATA]      [PRECIPITATION DATA]       SYMBOLS USED IN COLUMN 16

AVERAGE MONTHLY: 69.9   TOTAL FOR MONTH:   2.22    1 = FOG OR MIST
DPTR FM NORMAL:   2.8   DPTR FM NORMAL:   -0.68    2 = FOG REDUCING VISIBILITY
HIGHEST:    91 ON 11    GRTST 24HR  0.78 ON 22-22      TO 1/4 MILE OR LESS
LOWEST:     50 ON  9                               3 = THUNDER
                        SNOW, ICE PELLETS, HAIL    4 = ICE PELLETS
                        TOTAL MONTH:   0.0 INCH    5 = HAIL
                        GRTST 24HR     0.0         6 = FREEZING RAIN OR DRIZZLE
                        GRTST DEPTH:   0           7 = DUSTSTORM OR SANDSTORM:
                                                       VSBY 1/2 MILE OR LESS
                                                   8 = SMOKE OR HAZE
[NO. OF DAYS WITH]      [WEATHER - DAYS WITH]      9 = BLOWING SNOW
                                                   X = TORNADO
MAX 32 OR BELOW:   0    0.01 INCH OR MORE:   7
MAX 90 OR ABOVE:   1    0.10 INCH OR MORE:   6
MIN 32 OR BELOW:   0    0.50 INCH OR MORE:   2
MIN  0 OR BELOW:   0    1.00 INCH OR MORE:   0

[HDD (BASE 65) ]
TOTAL THIS MO.     4    CLEAR  (SCALE 0-3)   6
DPTR FM NORMAL   -37    PTCLDY (SCALE 4-7)  21
TOTAL FM JUL 1    27    CLOUDY (SCALE 8-10)  3
DPTR FM NORMAL   -37

[CDD (BASE 65) ]
TOTAL THIS MO.   156
DPTR FM NORMAL    57    [PRESSURE DATA]
TOTAL FM JAN 1   386    HIGHEST SLP M ON M
DPTR FM NORMAL    97    LOWEST  SLP 29.50 ON  6

[REMARKS]
