000
CXUS55 KBYZ 261055
CF6BHK
PRELIMINARY LOCAL CLIMATOLOGICAL DATA (WS FORM: F-6)

                                          STATION:   BAKER MT
                                          MONTH:     MARCH
                                          YEAR:      2015
                                          LATITUDE:   46 20 N
                                          LONGITUDE: 104 15 W

  TEMPERATURE IN F:       :PCPN:    SNOW:  WIND      :SUNSHINE: SKY     :PK WND
================================================================================
1   2   3   4   5  6A  6B    7    8   9   10  11  12  13   14  15   16   17  18
                                     12Z  AVG MX 2MIN
DY MAX MIN AVG DEP HDD CDD  WTR  SNW DPTH SPD SPD DIR MIN PSBL S-S WX    SPD DR
================================================================================

 1  24   4  14 -12  51   0    T    M    M 11.0 21 290   M    M   7 18     26 310
 2  43   8  26   0  39   0    T    M    M 16.0 28 360   M    M   1        36 360
 3  17   5  11 -16  54   0    T    M    M 20.2 30 290   M    M   5 8      39 280
 4  19  -3   8 -19  57   0 0.00    M    M 11.8 23 320   M    M   3 18     28 320
 5  45   2  24  -4  41   0 0.00    M    M 11.5 25 300   M    M   2        33 310
 6  56  20  38  10  27   0 0.00    M    M 11.8 31 270   M    M   6        39 260
 7  48  24  36   8  29   0    T    M    M  6.7 16 340   M    M   4        21 310
 8  58  23  41  12  24   0 0.00    M    M  8.9 22 270   M    M   1 8      29 250
 9  60  28  44  15  21   0 0.00    M    M 10.2 21 280   M    M   0        27 300
10  61  26  44  15  21   0 0.00    M    M  4.8 13 130   M    M   0        17 140
11  69  26  48  18  17   0 0.00    M    M  4.8 15 200   M    M   0        19 210
12  65  34  50  20  15   0 0.00    M    M  9.2 25 290   M    M   2        33 300
13  64  32  48  17  17   0 0.00    M    M  7.4 17 180   M    M   1        19 280
14  68  32  50  19  15   0 0.00    M    M 12.2 23 180   M    M   1        27 180
15  75  38  57  26   8   0 0.00    M    M  7.8 18 270   M    M   2        24 260
16   M   M   M   M   M   M    M    M    M  4.8 21 350   M    M   M        36 330
17  41  19  30  -2  35   0    T    M    M 12.7 24 150   M    M   5 8      29 140
18  45  29  37   5  28   0    T    M    M  7.7 18 260   M    M   9        23 120
19  54  33  44  11  21   0    T    M    M 14.9 26 280   M    M   6 1      34 270
20  61  35  48  15  17   0 0.00    M    M 14.5 29 320   M    M   2        38 340
21  62  31  47  13  18   0    T    M    M 15.1 25 130   M    M   5        31 140
22  64  29  47  13  18   0 0.02    M    M  7.6 22 280   M    M   4 1      28 310
23  62  22  42   8  23   0 0.00    M    M 15.0 32 160   M    M   4 12     39 160
24  45  29  37   2  28   0 0.26    M    M 21.0 31 300   M    M  10 1      42 290
25  42  26  34  -1  31   0    T    M    M 10.1 23 320   M    M   7 16     28 330
================================================================================
SM 1248  552       655   0  0.28    M    277.7          M       87
================================================================================
AV 52.0 23.0                              11.1 FASTST   M    M   4    MAX(MPH)
                                 MISC ---->  # 32 160               # 42  290
================================================================================
NOTES:
# LAST OF SEVERAL OCCURRENCES

COLUMN 17 PEAK WIND IN M.P.H.

PRELIMINARY LOCAL CLIMATOLOGICAL DATA (WS FORM: F-6) , PAGE 2

                                          STATION:  BAKER MT
                                          MONTH:    MARCH
                                          YEAR:     2015
                                          LATITUDE:   46 20 N
                                          LONGITUDE: 104 15 W

[TEMPERATURE DATA]      [PRECIPITATION DATA]       SYMBOLS USED IN COLUMN 16

AVERAGE MONTHLY: 37.5   TOTAL FOR MONTH:   0.28    1 = FOG OR MIST
DPTR FM NORMAL:   6.9   DPTR FM NORMAL:   -0.27    2 = FOG REDUCING VISIBILITY
HIGHEST:    75 ON 15    GRTST 24HR  0.26 ON 24-24      TO 1/4 MILE OR LESS
LOWEST:     -3 ON  4                               3 = THUNDER
                        SNOW, ICE PELLETS, HAIL    4 = ICE PELLETS
                        TOTAL MONTH:    M          5 = HAIL
                        GRTST 24HR    M  ON   M    6 = FREEZING RAIN OR DRIZZLE
                        GRTST DEPTH:  M  ON   M    7 = DUSTSTORM OR SANDSTORM:
                                                       VSBY 1/2 MILE OR LESS
                                                   8 = SMOKE OR HAZE
[NO. OF DAYS WITH]      [WEATHER - DAYS WITH]      9 = BLOWING SNOW
                                                   X = TORNADO
MAX 32 OR BELOW:   3    0.01 INCH OR MORE:   2
MAX 90 OR ABOVE:   0    0.10 INCH OR MORE:   1
MIN 32 OR BELOW:  20    0.50 INCH OR MORE:   0
MIN  0 OR BELOW:   1    1.00 INCH OR MORE:   0

[HDD (BASE 65) ]
TOTAL THIS MO.   655    CLEAR  (SCALE 0-3)  11
DPTR FM NORMAL  -206    PTCLDY (SCALE 4-7)  11
TOTAL FM JUL 1  6530    CLOUDY (SCALE 8-10)  2
DPTR FM NORMAL  -486

[CDD (BASE 65) ]
TOTAL THIS MO.     0
DPTR FM NORMAL     0    [PRESSURE DATA]
TOTAL FM JAN 1     0    HIGHEST SLP M ON M
DPTR FM NORMAL     0    LOWEST  SLP 29.63 ON 23

[REMARKS]
