844
CXUS55 KBYZ 201055
CF6BHK
PRELIMINARY LOCAL CLIMATOLOGICAL DATA (WS FORM: F-6)

                                          STATION:   BAKER MT
                                          MONTH:     OCTOBER
                                          YEAR:      2017
                                          LATITUDE:   46 20 N
                                          LONGITUDE: 104 15 W

  TEMPERATURE IN F:       :PCPN:    SNOW:  WIND      :SUNSHINE: SKY     :PK WND
================================================================================
1   2   3   4   5  6A  6B    7    8   9   10  11  12  13   14  15   16   17  18
                                     12Z  AVG MX 2MIN
DY MAX MIN AVG DEP HDD CDD  WTR  SNW DPTH SPD SPD DIR MIN PSBL S-S WX    SPD DR
================================================================================

 1  58  45  52   2  13   0 0.56    M    M 12.9 24 290   M    M   8 1      31 290
 2  54  34  44  -6  21   0 0.00    M    M 14.2 25 270   M    M   5        31 260
 3  38  29  34 -15  31   0 0.08    M    M 20.7 33 260   M    M   8 1      40 260
 4  59  25  42  -7  23   0 0.00    M    M  5.5 17 120   M    M   3        26 130
 5  59  35  47  -1  18   0    T    M    M  5.5 15 280   M    M   2        20 310
 6  66  35  51   3  14   0 0.00    M    M 10.5 18 250   M    M   0        23 270
 7  68  43  56   8   9   0    T    M    M 14.5 30 290   M    M   4        37 310
 8  53  30  42  -5  23   0 0.00    M    M 11.1 25 340   M    M   1        30 350
 9  54  25  40  -7  25   0 0.00    M    M 11.0 18 280   M    M   0        25 270
10  64  35  50   4  15   0 0.00    M    M 12.9 22 140   M    M   0        27 140
11  68  31  50   4  15   0 0.00    M    M  6.3 16 260   M    M   0 8      20 250
12  51  28  40  -6  25   0 0.00    M    M 11.1 25 310   M    M   1        32 290
13  59  29  44  -1  21   0 0.00    M    M  7.1 20 140   M    M   2        24 140
14  41  28  35 -10  30   0    T    M    M  9.1 16 230   M    M   4 1      21 240
15  58  32  45   1  20   0 0.00    M    M 13.5 24 280   M    M   0        30 290
16  69  36  53   9  12   0 0.00    M    M 12.1 25 290   M    M   0        32 280
17  75  45  60  16   5   0 0.00    M    M 14.5 24 250   M    M   0        29 260
18  63  37  50   7  15   0 0.00    M    M 10.6 32 310   M    M   0        42 330
19  81  34  58  15   7   0 0.00    M    M  6.7 17 230   M    M   0        20 220
================================================================================
SM 1138  636       342   0  0.64    M    209.8          M       38
================================================================================
AV 59.9 33.5                              11.0 FASTST   M    M   2    MAX(MPH)
                                 MISC ---->  # 33 260               # 42  330
================================================================================
NOTES:
# LAST OF SEVERAL OCCURRENCES

COLUMN 17 PEAK WIND IN M.P.H.

PRELIMINARY LOCAL CLIMATOLOGICAL DATA (WS FORM: F-6) , PAGE 2

                                          STATION:  BAKER MT
                                          MONTH:    OCTOBER
                                          YEAR:     2017
                                          LATITUDE:   46 20 N
                                          LONGITUDE: 104 15 W

[TEMPERATURE DATA]      [PRECIPITATION DATA]       SYMBOLS USED IN COLUMN 16

AVERAGE MONTHLY: 46.7   TOTAL FOR MONTH:   0.64    1 = FOG OR MIST
DPTR FM NORMAL:   0.3   DPTR FM NORMAL:   -0.23    2 = FOG REDUCING VISIBILITY
HIGHEST:    81 ON 19    GRTST 24HR  0.56 ON  1- 1      TO 1/4 MILE OR LESS
LOWEST:     25 ON  9, 4                            3 = THUNDER
                        SNOW, ICE PELLETS, HAIL    4 = ICE PELLETS
                        TOTAL MONTH:    M          5 = HAIL
                        GRTST 24HR    M  ON   M    6 = FREEZING RAIN OR DRIZZLE
                        GRTST DEPTH:  M  ON   M    7 = DUSTSTORM OR SANDSTORM:
                                                       VSBY 1/2 MILE OR LESS
                                                   8 = SMOKE OR HAZE
[NO. OF DAYS WITH]      [WEATHER - DAYS WITH]      9 = BLOWING SNOW
                                                   X = TORNADO
MAX 32 OR BELOW:   0    0.01 INCH OR MORE:   2
MAX 90 OR ABOVE:   0    0.10 INCH OR MORE:   1
MIN 32 OR BELOW:   9    0.50 INCH OR MORE:   1
MIN  0 OR BELOW:   0    1.00 INCH OR MORE:   0

[HDD (BASE 65) ]
TOTAL THIS MO.   342    CLEAR  (SCALE 0-3)  14
DPTR FM NORMAL   -13    PTCLDY (SCALE 4-7)   4
TOTAL FM JUL 1   615    CLOUDY (SCALE 8-10)  1
DPTR FM NORMAL   -63

[CDD (BASE 65) ]
TOTAL THIS MO.     0
DPTR FM NORMAL     0    [PRESSURE DATA]
TOTAL FM JAN 1   623    HIGHEST SLP M ON M
DPTR FM NORMAL   153    LOWEST  SLP 29.38 ON  7

[REMARKS]
