000
CXUS55 KVEF 011858
CF6BIH
PRELIMINARY LOCAL CLIMATOLOGICAL DATA (WS FORM: F-6)

                                          STATION:   BISHOP CA
                                          MONTH:     AUGUST
                                          YEAR:      2015
                                          LATITUDE:   37 22 N
                                          LONGITUDE: 118 22 W

  TEMPERATURE IN F:       :PCPN:    SNOW:  WIND      :SUNSHINE: SKY     :PK WND
================================================================================
1   2   3   4   5  6A  6B    7    8   9   10  11  12  13   14  15   16   17  18
                                     12Z  AVG MX 2MIN
DY MAX MIN AVG DEP HDD CDD  WTR  SNW DPTH SPD SPD DIR MIN PSBL S-S WX    SPD DR
================================================================================

 1 102  59  81   4   0  16 0.02  0.0    0  9.5 33 280   M    M   2 3      44 280
 2  96  56  76  -1   0  11 0.00  0.0    0  5.6 15 360   M    M   0        18 360
 3  99  58  79   2   0  14 0.00  0.0    0  6.4 18 180   M    M   0        24 190
 4  97  54  76  -1   0  11 0.00  0.0    0  8.7 22 150   M    M   0        30 180
 5  97  60  79   2   0  14 0.00  0.0    0  5.2 17 360   M    M   0        23 360
 6  97  57  77   0   0  12 0.00  0.0    0 11.6 29 160   M    M   0        36 160
 7  89  64  77   0   0  12    T  0.0    0 14.8 38 350   M    M   0        47 360
 8  92  53  73  -3   0   8 0.00  0.0    0  6.4 16  10   M    M   0        21  10
 9  96  53  75  -1   0  10 0.00  0.0    0 10.6 22 170   M    M   0        31 170
10  95  52  74  -2   0   9 0.00  0.0    0 13.8 29 160   M    M   0        37 160
11  96  49  73  -3   0   8 0.00  0.0    0 14.5 32 150   M    M   0        41 150
12  96  54  75  -1   0  10 0.00  0.0    0 14.9 29 160   M    M   0 8      37 160
13 100  54  77   1   0  12 0.00  0.0    0 11.8 26 160   M    M   0        35 140
14 100  67  84   8   0  19 0.00  0.0    0 11.0 26 170   M    M   0 8      34 160
15 103  57  80   5   0  15 0.00  0.0    0  7.3 18 170   M    M   1        22 160
16 103  61  82   7   0  17 0.00  0.0    0  6.0 14 190   M    M   1        19 160
17 106  61  84   9   0  19 0.00  0.0    0  4.2 13 310   M    M   1 8      15 340
18 104  58  81   6   0  16 0.00  0.0    0  5.6 12  40   M    M   0        16  30
19 104  58  81   6   0  16 0.00  0.0    0  6.3 17 340   M    M   0 8      24 350
20 105  54  80   6   0  15 0.00  0.0    0  5.6 20 150   M    M   2 8      23 150
21 100  56  78   4   0  13 0.00  0.0    0  8.9 24 160   M    M   0        31 160
22 100  57  79   5   0  14 0.00  0.0    0  8.8 24 150   M    M   1        33 150
23  98  56  77   3   0  12 0.00  0.0    0  6.9 20 180   M    M   1 8      25 170
24 100  53  77   3   0  12 0.00  0.0    0  8.0 21 170   M    M   3 8      27 180
25 100  53  77   3   0  12 0.00  0.0    0  8.5 24 160   M    M   2        34 160
26  99  63  81   8   0  16    T  0.0    0  5.1 26 250   M    M   1        33 250
27  99  57  78   5   0  13 0.00  0.0    0  4.6 12  20   M    M   0 8      16 220
28  99  56  78   5   0  13 0.00  0.0    0  6.9 20 160   M    M   2 8      26 150
29  97  56  77   4   0  12 0.00  0.0    0 10.1 26 260   M    M   4 8      35 270
30  95  57  76   4   0  11 0.00  0.0    0  4.4 12  10   M    M   1 8      14 340
31  96  55  76   4   0  11 0.00  0.0    0 10.6 23 150   M    M   0        29 150
================================================================================
SM 3060 1758         0 403  0.02     0.0 262.6          M       22
================================================================================
AV 98.7 56.7                               8.5 FASTST   M    M   1    MAX(MPH)
                                 MISC ---->  # 38 350               # 47  360
================================================================================
NOTES:
# LAST OF SEVERAL OCCURRENCES

COLUMN 17 PEAK WIND IN M.P.H.

PRELIMINARY LOCAL CLIMATOLOGICAL DATA (WS FORM: F-6) , PAGE 2

                                          STATION:  BISHOP CA
                                          MONTH:    AUGUST
                                          YEAR:     2015
                                          LATITUDE:   37 22 N
                                          LONGITUDE: 118 22 W

[TEMPERATURE DATA]      [PRECIPITATION DATA]       SYMBOLS USED IN COLUMN 16

AVERAGE MONTHLY: 77.7   TOTAL FOR MONTH:   0.02    1 = FOG OR MIST
DPTR FM NORMAL:   2.7   DPTR FM NORMAL:   -0.11    2 = FOG REDUCING VISIBILITY
HIGHEST:   106 ON 17    GRTST 24HR  0.02 ON  1- 1      TO 1/4 MILE OR LESS
LOWEST:     49 ON 11                               3 = THUNDER
                        SNOW, ICE PELLETS, HAIL    4 = ICE PELLETS
                        TOTAL MONTH:   0.0 INCH    5 = HAIL
                        GRTST 24HR     0.0         6 = FREEZING RAIN OR DRIZZLE
                        GRTST DEPTH:   0           7 = DUSTSTORM OR SANDSTORM:
                                                       VSBY 1/2 MILE OR LESS
                                                   8 = SMOKE OR HAZE
[NO. OF DAYS WITH]      [WEATHER - DAYS WITH]      9 = BLOWING SNOW
                                                   X = TORNADO
MAX 32 OR BELOW:   0    0.01 INCH OR MORE:   1
MAX 90 OR ABOVE:  30    0.10 INCH OR MORE:   0
MIN 32 OR BELOW:   0    0.50 INCH OR MORE:   0
MIN  0 OR BELOW:   0    1.00 INCH OR MORE:   0

[HDD (BASE 65) ]
TOTAL THIS MO.     0    CLEAR  (SCALE 0-3)  30
DPTR FM NORMAL    -1    PTCLDY (SCALE 4-7)   1
TOTAL FM JUL 1     0    CLOUDY (SCALE 8-10)  0
DPTR FM NORMAL    -2

[CDD (BASE 65) ]
TOTAL THIS MO.   403
DPTR FM NORMAL    90    [PRESSURE DATA]
TOTAL FM JAN 1  1150    HIGHEST SLP 30.22 ON 27
DPTR FM NORMAL   173    LOWEST  SLP 29.63 ON 20

[REMARKS]
#FINAL-08-15#
