000
CXUS53 KBIS 240759
CF6BIS
PRELIMINARY LOCAL CLIMATOLOGICAL DATA (WS FORM: F-6)

                                          STATION:   BISMARCK ND
                                          MONTH:     MAY
                                          YEAR:      2015
                                          LATITUDE:   46 46 N
                                          LONGITUDE: 100 45 W

  TEMPERATURE IN F:       :PCPN:    SNOW:  WIND      :SUNSHINE: SKY     :PK WND
================================================================================
1   2   3   4   5  6A  6B    7    8   9   10  11  12  13   14  15   16   17  18
                                     12Z  AVG MX 2MIN
DY MAX MIN AVG DEP HDD CDD  WTR  SNW DPTH SPD SPD DIR MIN PSBL S-S WX    SPD DR
================================================================================

 1  78  35  57   7   8   0 0.00  0.0    0  7.1 21 220   M    M   0        25 220
 2  87  42  65  14   0   0 0.00  0.0    0  9.6 28 210   M    M   0        33 220
 3  68  39  54   3  11   0    T  0.0    0 11.3 22 320   M    M   3        27 350
 4  70  30  50  -2  15   0 0.00  0.0    0  5.8 20 150   M    M   1 8      24 150
 5  79  50  65  13   0   0 0.00  0.0    0 15.0 31 160   M    M   4        39 130
 6  71  58  65  13   0   0 0.40  0.0    0 11.7 23 140   M    M   8 18     27 130
 7  59  45  52  -1  13   0 0.36  0.0    0 17.9 29 330   M    M   7 1      41 340
 8  55  40  48  -5  17   0 0.00  0.0    0  9.0 17  40   M    M   7        22  40
 9  47  37  42 -11  23   0 0.00  0.0    0 10.5 17  40   M    M   9        22  60
10  40  35  38 -16  27   0 0.73    T    0 16.1 28  20   M    M  10 1      35  20
11  61  34  48  -6  17   0 0.00  0.0    0 15.6 28 340   M    M   7        35  20
12  63  31  47  -7  18   0 0.05  0.0    0 13.7 26  90   M    M   4        32  90
13  68  44  56   1   9   0    T  0.0    0 14.6 25  80   M    M   3        30  90
14  53  47  50  -5  15   0 0.64  0.0    0  9.6 17 330   M    M  10 1      21 350
15  61  45  53  -2  12   0 0.00  0.0    0  8.0 20 100   M    M   7        23 100
16  65  51  58   2   7   0 1.57  0.0    0 13.5 23  30   M    M   9 123    31  40
17  59  32  46 -10  19   0 1.14  0.2    0 17.9 33 340   M    M  10 13     45 320
18  53  32  43 -13  22   0    T    T    T 15.0 29 340   M    M   3 1      41 340
19  59  25  42 -15  23   0 0.00  0.0    0  3.6 12  90   M    M   0        15  30
20  70  33  52  -5  13   0 0.00  0.0    0  5.5 16 330   M    M   0        22 310
21  76  43  60   3   5   0 0.00  0.0    0  5.8 14 330   M    M   2        20 300
22  77  40  59   1   6   0 0.00  0.0    0  7.5 21 170   M    M   1        26 160
23  67  42  55  -3  10   0    T  0.0    0  7.5 17 150   M    M   5        22 170
================================================================================
SM 1486  910       290   0  4.89     0.2 251.8          M      110
================================================================================
AV 64.6 39.6                              10.9 FASTST   M    M   5    MAX(MPH)
                                 MISC ---->  # 33 340               # 45  320
================================================================================
NOTES:
# LAST OF SEVERAL OCCURRENCES

COLUMN 17 PEAK WIND IN M.P.H.

PRELIMINARY LOCAL CLIMATOLOGICAL DATA (WS FORM: F-6) , PAGE 2

                                          STATION:  BISMARCK ND
                                          MONTH:    MAY
                                          YEAR:     2015
                                          LATITUDE:   46 46 N
                                          LONGITUDE: 100 45 W

[TEMPERATURE DATA]      [PRECIPITATION DATA]       SYMBOLS USED IN COLUMN 16

AVERAGE MONTHLY: 52.1   TOTAL FOR MONTH:   4.89    1 = FOG OR MIST
DPTR FM NORMAL:  -2.2   DPTR FM NORMAL:    3.20    2 = FOG REDUCING VISIBILITY
HIGHEST:    87 ON  2    GRTST 24HR  2.46 ON 16-17      TO 1/4 MILE OR LESS
LOWEST:     25 ON 19                               3 = THUNDER
                        SNOW, ICE PELLETS, HAIL    4 = ICE PELLETS
                        TOTAL MONTH:   0.2 INCH    5 = HAIL
                        GRTST 24HR   0.2 ON   M    6 = FREEZING RAIN OR DRIZZLE
                        GRTST DEPTH:   T           7 = DUSTSTORM OR SANDSTORM:
                                                       VSBY 1/2 MILE OR LESS
                                                   8 = SMOKE OR HAZE
[NO. OF DAYS WITH]      [WEATHER - DAYS WITH]      9 = BLOWING SNOW
                                                   X = TORNADO
MAX 32 OR BELOW:   0    0.01 INCH OR MORE:   7
MAX 90 OR ABOVE:   0    0.10 INCH OR MORE:   6
MIN 32 OR BELOW:   5    0.50 INCH OR MORE:   4
MIN  0 OR BELOW:   0    1.00 INCH OR MORE:   2

[HDD (BASE 65) ]
TOTAL THIS MO.   290    CLEAR  (SCALE 0-3)   9
DPTR FM NORMAL    34    PTCLDY (SCALE 4-7)   8
TOTAL FM JUL 1  8120    CLOUDY (SCALE 8-10)  6
DPTR FM NORMAL  -291

[CDD (BASE 65) ]
TOTAL THIS MO.     0
DPTR FM NORMAL    -5    [PRESSURE DATA]
TOTAL FM JAN 1     0    HIGHEST SLP M ON M
DPTR FM NORMAL    -6    LOWEST  SLP 29.56 ON 16

[REMARKS]
