000
CXUS53 KGRR 281017
CF6BIV
PRELIMINARY LOCAL CLIMATOLOGICAL DATA (WS FORM: F-6)

                                          STATION:   HOLLAND/TULIP CITY MI
                                          MONTH:     MARCH
                                          YEAR:      2015
                                          LATITUDE:   42 49 N
                                          LONGITUDE:  86 10 W

  TEMPERATURE IN F:       :PCPN:    SNOW:  WIND      :SUNSHINE: SKY     :PK WND
================================================================================
1   2   3   4   5  6A  6B    7    8   9   10  11  12  13   14  15   16   17  18
                                     12Z  AVG MX 2MIN
DY MAX MIN AVG DEP HDD CDD  WTR  SNW DPTH SPD SPD DIR MIN PSBL S-S WX    SPD DR
================================================================================

 1  27   6  17 -15  48   0    T    M    M  8.6 18 270   M    M   9 18     24 260
 2  29  21  25  -7  40   0    T    M    M  6.4 16 290   M    M   4        25 310
 3  34  24  29  -3  36   0 0.22    M    M 12.4 28 250   M    M  10 1268   34 250
 4  32  15  24  -9  41   0    T    M    M 10.7 21 300   M    M   8        31 300
 5  20  -2   9 -24  56   0    T    M    M  5.8 14 270   M    M   5        18 270
 6  26  -1  13 -20  52   0 0.00    M    M 12.9 24 210   M    M   6 8      30 200
 7  40  17  29  -5  36   0 0.00    M    M  8.2 21 220   M    M   4 8      25 220
 8  40  31  36   2  29   0 0.00    M    M 10.5 21 220   M    M   2        24 230
 9  45  21  33  -1  32   0 0.00    M    M  6.8 18 220   M    M   0 18     21 220
10  45  32  39   4  26   0 0.00    M    M  8.6 17 230   M    M   6 128    22 240
11  49  26  38   3  27   0 0.00    M    M  4.0 15 250   M    M   2 128    18 260
12  48  26  37   2  28   0 0.00    M    M  8.4 15 100   M    M   0        18 100
13  59  32  46  10  19   0 0.00    M    M  6.3 12 190   M    M   0        15 120
14  47  33  40   4  25   0 0.00    M    M  7.9 16 310   M    M   5 1      21 300
15  55  28  42   6  23   0 0.00    M    M  6.4 24 230   M    M   0        30 230
16  64  41  53  16  12   0 0.00    M    M  9.9 21 220   M    M   0        25 220
17  47  26  37   0  28   0 0.00    M    M 11.3 25 300   M    M   1        33 320
18  43  26  35  -2  30   0 0.00    M    M  6.1 14 260   M    M   0        16 250
19  44  31  38   0  27   0 0.00    M    M  7.4 17 100   M    M   4        20 100
20  48  29  39   1  26   0 0.00    M    M 10.7 23 230   M    M   4        31 210
21  47  28  38   0  27   0 0.00    M    M 11.5 23 230   M    M   5 18     30 310
22  38  25  32  -7  33   0 0.00    M    M  8.0 14 300   M    M   5        20  60
23  38  27  33  -6  32   0 0.00    M    M  9.4 16  90   M    M   6        21  70
24  47  19  33  -7  32   0 0.00    M    M  9.2 17 130   M    M   0        25 100
25  42  35  39  -1  26   0 0.27    M    M 15.2 25 240   M    M   9 1      32 240
26  40  29  35  -5  30   0    T    M    M  9.8 18 330   M    M  10        27 320
27  30  19  25 -16  40   0 0.00    M    M 10.6 23 300   M    M   3        30 310
================================================================================
SM 1124  644       861   0  0.49    M    243.0          M      108
================================================================================
AV 41.6 23.9                               9.0 FASTST   M    M   4    MAX(MPH)
                                 MISC ---->  # 28 250               # 34  250
================================================================================
NOTES:
# LAST OF SEVERAL OCCURRENCES

COLUMN 17 PEAK WIND IN M.P.H.

PRELIMINARY LOCAL CLIMATOLOGICAL DATA (WS FORM: F-6) , PAGE 2

                                          STATION:  HOLLAND/TULIP CITY MI
                                          MONTH:    MARCH
                                          YEAR:     2015
                                          LATITUDE:   42 49 N
                                          LONGITUDE:  86 10 W

[TEMPERATURE DATA]      [PRECIPITATION DATA]       SYMBOLS USED IN COLUMN 16

AVERAGE MONTHLY: 32.7   TOTAL FOR MONTH:   0.49    1 = FOG OR MIST
DPTR FM NORMAL:  -3.3   DPTR FM NORMAL:   -1.51    2 = FOG REDUCING VISIBILITY
HIGHEST:    64 ON 16    GRTST 24HR  0.27 ON 25-25      TO 1/4 MILE OR LESS
LOWEST:     -2 ON  5                               3 = THUNDER
                        SNOW, ICE PELLETS, HAIL    4 = ICE PELLETS
                        TOTAL MONTH:    M          5 = HAIL
                        GRTST 24HR    M  ON   M    6 = FREEZING RAIN OR DRIZZLE
                        GRTST DEPTH:  M  ON   M    7 = DUSTSTORM OR SANDSTORM:
                                                       VSBY 1/2 MILE OR LESS
                                                   8 = SMOKE OR HAZE
[NO. OF DAYS WITH]      [WEATHER - DAYS WITH]      9 = BLOWING SNOW
                                                   X = TORNADO
MAX 32 OR BELOW:   6    0.01 INCH OR MORE:   2
MAX 90 OR ABOVE:   0    0.10 INCH OR MORE:   2
MIN 32 OR BELOW:  24    0.50 INCH OR MORE:   0
MIN  0 OR BELOW:   2    1.00 INCH OR MORE:   0

[HDD (BASE 65) ]
TOTAL THIS MO.   861    CLEAR  (SCALE 0-3)  10
DPTR FM NORMAL    80    PTCLDY (SCALE 4-7)  13
TOTAL FM JUL 1  5828    CLOUDY (SCALE 8-10)  4
DPTR FM NORMAL   547

[CDD (BASE 65) ]
TOTAL THIS MO.     0
DPTR FM NORMAL     0    [PRESSURE DATA]
TOTAL FM JAN 1     0    HIGHEST SLP  0.00 ON  8
DPTR FM NORMAL     0    LOWEST  SLP  0.00 ON  8

[REMARKS]
