000
CXUS56 KBOI 281002
CF6BKE
PRELIMINARY LOCAL CLIMATOLOGICAL DATA (WS FORM: F-6)

                                          STATION:   BAKER OR
                                          MONTH:     FEBRUARY
                                          YEAR:      2015
                                          LATITUDE:   44 50 N
                                          LONGITUDE: 117 49 W

  TEMPERATURE IN F:       :PCPN:    SNOW:  WIND      :SUNSHINE: SKY     :PK WND
================================================================================
1   2   3   4   5  6A  6B    7    8   9   10  11  12  13   14  15   16   17  18
                                     12Z  AVG MX 2MIN
DY MAX MIN AVG DEP HDD CDD  WTR  SNW DPTH SPD SPD DIR MIN PSBL S-S WX    SPD DR
================================================================================

 1  37  27  32   6  33   0 0.01    M    M  2.1  9  90   M    M   8 1      11 100
 2  39  30  35   8  30   0 0.04    M    M  2.9 13 100   M    M  10 128    17 120
 3  36  31  34   7  31   0 0.13    M    M  1.9  7 230   M    M  10 12      8 230
 4  42  32  37  10  28   0 0.05    M    M  5.1 16 110   M    M   9 18     20  90
 5  56  41  49  22  16   0 0.00    M    M 14.8 23  80   M    M   6        30 110
 6  58  44  51  24  14   0 0.01    M    M 17.7 35 180   M    M   6        45 180
 7  62  45  54  26  11   0 0.25    M    M 14.4 32 200   M    M   3 1      41 210
 8  57  40  49  21  16   0    T    M    M 12.0 23 130   M    M   5        32 140
 9  54  40  47  19  18   0 0.11    M    M 12.1 22 200   M    M   8 1      29 180
10  51  31  41  13  24   0    T    M    M  3.6 10 120   M    M   8 1      12 120
11  49  26  38  10  27   0 0.00    M    M  8.4 20 100   M    M   1 1      26 100
12  58  25  42  14  23   0 0.00    M    M  2.7 12  90   M    M   0 1      14  70
13  56  23  40  11  25   0 0.00    M    M  6.4 20 100   M    M   2 12     23 100
14  59  30  45  16  20   0 0.00    M    M 10.1 26 330   M    M   0        32 330
15  53  27  40  11  25   0 0.00    M    M 11.2 22 320   M    M   0        26 330
16  50  20  35   5  30   0 0.00    M    M  4.3 14 310   M    M   0        16 310
17  51  18  35   5  30   0 0.00    M    M  1.6 10  80   M    M   0        13 100
18  56  18  37   7  28   0 0.00    M    M  2.3 10  50   M    M   0        13  50
19  53  20  37   7  28   0 0.00    M    M  5.9 22 330   M    M   2 1      27 340
20  49  30  40   9  25   0 0.08    M    M  7.1 24 330   M    M   8 1      28 330
21  42  26  34   3  31   0 0.02    M    M 14.2 30 310   M    M   6 1      36 310
22  38  20  29  -2  36   0 0.00    M    M 12.6 25 310   M    M   0        31 310
23  44  10  27  -5  38   0 0.00    M    M  2.9 10 290   M    M   0        14 310
24  54  16  35   3  30   0 0.00    M    M  2.6  9 200   M    M   0        11 360
25  51  26  39   7  26   0    T    M    M  9.2 22 330   M    M   2        28 340
26  46  27  37   5  28   0    T    M    M  6.3 22 330   M    M  10 1      28 320
27  45  28  37   4  28   0 0.01    M    M  4.3 13  80   M    M   7 1      16 100
================================================================================
SM 1346  751       699   0  0.71    M    198.7          M      111
================================================================================
AV 49.9 27.8                               7.4 FASTST   M    M   4    MAX(MPH)
                                 MISC ---->  # 35 180               # 45  180
================================================================================
NOTES:
# LAST OF SEVERAL OCCURRENCES

COLUMN 17 PEAK WIND IN M.P.H.

PRELIMINARY LOCAL CLIMATOLOGICAL DATA (WS FORM: F-6) , PAGE 2

                                          STATION:  BAKER OR
                                          MONTH:    FEBRUARY
                                          YEAR:     2015
                                          LATITUDE:   44 50 N
                                          LONGITUDE: 117 49 W

[TEMPERATURE DATA]      [PRECIPITATION DATA]       SYMBOLS USED IN COLUMN 16

AVERAGE MONTHLY: 38.8   TOTAL FOR MONTH:   0.71    1 = FOG OR MIST
DPTR FM NORMAL:   9.6   DPTR FM NORMAL:    0.15    2 = FOG REDUCING VISIBILITY
HIGHEST:    62 ON  7    GRTST 24HR  0.26 ON  6- 7      TO 1/4 MILE OR LESS
LOWEST:     10 ON 23                               3 = THUNDER
                        SNOW, ICE PELLETS, HAIL    4 = ICE PELLETS
                        TOTAL MONTH:    M          5 = HAIL
                        GRTST 24HR    M  ON   M    6 = FREEZING RAIN OR DRIZZLE
                        GRTST DEPTH:  M  ON   M    7 = DUSTSTORM OR SANDSTORM:
                                                       VSBY 1/2 MILE OR LESS
                                                   8 = SMOKE OR HAZE
[NO. OF DAYS WITH]      [WEATHER - DAYS WITH]      9 = BLOWING SNOW
                                                   X = TORNADO
MAX 32 OR BELOW:   0    0.01 INCH OR MORE:  10
MAX 90 OR ABOVE:   0    0.10 INCH OR MORE:   3
MIN 32 OR BELOW:  22    0.50 INCH OR MORE:   0
MIN  0 OR BELOW:   0    1.00 INCH OR MORE:   0

[HDD (BASE 65) ]
TOTAL THIS MO.   699    CLEAR  (SCALE 0-3)  14
DPTR FM NORMAL  -264    PTCLDY (SCALE 4-7)   9
TOTAL FM JUL 1  4644    CLOUDY (SCALE 8-10)  4
DPTR FM NORMAL  -842

[CDD (BASE 65) ]
TOTAL THIS MO.     0
DPTR FM NORMAL     0    [PRESSURE DATA]
TOTAL FM JAN 1     0    HIGHEST SLP M ON M
DPTR FM NORMAL     0    LOWEST  SLP 29.62 ON 27

[REMARKS]
