147
CXUS56 KBOI 201002
CF6BKE
PRELIMINARY LOCAL CLIMATOLOGICAL DATA (WS FORM: F-6)

                                          STATION:   BAKER OR
                                          MONTH:     FEBRUARY
                                          YEAR:      2017
                                          LATITUDE:   44 50 N
                                          LONGITUDE: 117 49 W

  TEMPERATURE IN F:       :PCPN:    SNOW:  WIND      :SUNSHINE: SKY     :PK WND
================================================================================
1   2   3   4   5  6A  6B    7    8   9   10  11  12  13   14  15   16   17  18
                                     12Z  AVG MX 2MIN
DY MAX MIN AVG DEP HDD CDD  WTR  SNW DPTH SPD SPD DIR MIN PSBL S-S WX    SPD DR
================================================================================

 1  22   5  14 -12  51   0 0.03    M    M  4.0 15 350   M    M   7 1      18 340
 2  25  17  21  -6  44   0    T    M    M  4.1 20 100   M    M  10 1      23 100
 3  38  25  32   5  33   0    T    M    M 18.1 28 100   M    M   9 12     34 100
 4  47  36  42  15  23   0 0.03    M    M 15.3 24 160   M    M   8        30 150
 5  43  36  40  13  25   0    T    M    M 18.8 36 160   M    M   7        42 160
 6  44  25  35   8  30   0    T    M    M  9.9 29 220   M    M   6        38 220
 7  36  23  30   2  35   0 0.15    M    M  4.6 20 100   M    M   9 12     23 100
 8  38  25  32   4  33   0 0.16    M    M  9.0 24 100   M    M   9        30 100
 9  49  36  43  15  22   0 0.07    M    M 15.6 26 100   M    M   9        31 100
10  47  28  38  10  27   0    T    M    M  7.7 23 320   M    M   6        29 320
11  39  18  29   1  36   0 0.00    M    M  4.9 20 320   M    M   0        25 330
12  36  14  25  -3  40   0 0.00    M    M  2.0  7 330   M    M   0         8 250
13  40  14  27  -2  38   0 0.00    M    M  1.9 10 250   M    M   0 1      11 260
14  45  14  30   1  35   0 0.00    M    M  7.9 23 100   M    M   0        28 100
15  38  32  35   6  30   0 0.06    M    M 16.2 25 110   M    M   6        32 100
16  52  32  42  12  23   0 0.07    M    M 13.1 26 180   M    M   8 1      34 160
17  47  28  38   8  27   0    T    M    M  4.1 12 100   M    M   3        14 110
18  46  33  40  10  25   0 0.13    M    M  7.6 15 140   M    M   9        21 130
19  48  33  41  11  24   0 0.03    M    M  9.8 21 170   M    M   6        25 150
================================================================================
SM  780  474       601   0  0.73    M    174.6          M      112
================================================================================
AV 41.1 25.0                               9.2 FASTST   M    M   6    MAX(MPH)
                                 MISC ---->  # 36 160               # 42  160
================================================================================
NOTES:
# LAST OF SEVERAL OCCURRENCES

COLUMN 17 PEAK WIND IN M.P.H.

PRELIMINARY LOCAL CLIMATOLOGICAL DATA (WS FORM: F-6) , PAGE 2

                                          STATION:  BAKER OR
                                          MONTH:    FEBRUARY
                                          YEAR:     2017
                                          LATITUDE:   44 50 N
                                          LONGITUDE: 117 49 W

[TEMPERATURE DATA]      [PRECIPITATION DATA]       SYMBOLS USED IN COLUMN 16

AVERAGE MONTHLY: 33.0   TOTAL FOR MONTH:   0.73    1 = FOG OR MIST
DPTR FM NORMAL:   4.8   DPTR FM NORMAL:    0.34    2 = FOG REDUCING VISIBILITY
HIGHEST:    52 ON 16    GRTST 24HR  0.19 ON  8- 9      TO 1/4 MILE OR LESS
LOWEST:      5 ON  1                               3 = THUNDER
                        SNOW, ICE PELLETS, HAIL    4 = ICE PELLETS
                        TOTAL MONTH:    M          5 = HAIL
                        GRTST 24HR    M  ON   M    6 = FREEZING RAIN OR DRIZZLE
                        GRTST DEPTH:  M  ON   M    7 = DUSTSTORM OR SANDSTORM:
                                                       VSBY 1/2 MILE OR LESS
                                                   8 = SMOKE OR HAZE
[NO. OF DAYS WITH]      [WEATHER - DAYS WITH]      9 = BLOWING SNOW
                                                   X = TORNADO
MAX 32 OR BELOW:   2    0.01 INCH OR MORE:   9
MAX 90 OR ABOVE:   0    0.10 INCH OR MORE:   3
MIN 32 OR BELOW:  14    0.50 INCH OR MORE:   0
MIN  0 OR BELOW:   0    1.00 INCH OR MORE:   0

[HDD (BASE 65) ]
TOTAL THIS MO.   601    CLEAR  (SCALE 0-3)   5
DPTR FM NORMAL   -97    PTCLDY (SCALE 4-7)   7
TOTAL FM JUL 1  5529    CLOUDY (SCALE 8-10)  7
DPTR FM NORMAL   308

[CDD (BASE 65) ]
TOTAL THIS MO.     0
DPTR FM NORMAL     0    [PRESSURE DATA]
TOTAL FM JAN 1     0    HIGHEST SLP M ON M
DPTR FM NORMAL     0    LOWEST  SLP 29.41 ON 18

[REMARKS]
