000
CXUS51 KRLX 281142
CF6BKW
PRELIMINARY LOCAL CLIMATOLOGICAL DATA (WS FORM: F-6)

                                          STATION:   BECKLEY WV
                                          MONTH:     AUGUST
                                          YEAR:      2015
                                          LATITUDE:   37 46 N
                                          LONGITUDE:  81  7 W

  TEMPERATURE IN F:       :PCPN:    SNOW:  WIND      :SUNSHINE: SKY     :PK WND
================================================================================
1   2   3   4   5  6A  6B    7    8   9   10  11  12  13   14  15   16   17  18
                                     12Z  AVG MX 2MIN
DY MAX MIN AVG DEP HDD CDD  WTR  SNW DPTH SPD SPD DIR MIN PSBL S-S WX    SPD DR
================================================================================

 1  79  60  70   0   0   5 0.00  0.0    0  5.7 14 320   M    M   1        18 350
 2  79  56  68  -2   0   3 0.00  0.0    0  3.1 10 120   M    M   1        12 130
 3  82  60  71   1   0   6 0.01  0.0    0  7.0 22 270   M    M   1        32 260
 4  82  61  72   2   0   7    T  0.0    0  7.5 16 280   M    M   2        22 280
 5  82  66  74   4   0   9 0.00  0.0    0  4.4 10 190   M    M   6        14 290
 6  75  66  71   1   0   6 0.09  0.0    0  5.4 12 160   M    M   9 1      15 140
 7  76  64  70   0   0   5 0.86  0.0    0  4.4 10 290   M    M  10 1      13 120
 8  81  63  72   2   0   7 0.00  0.0    0  4.2 10 350   M    M   6 1      13 360
 9  82  62  72   2   0   7 0.00  0.0    0  2.3 10 330   M    M   2 1      12 340
10  83  67  75   5   0  10 0.36  0.0    0  5.1 16 220   M    M   9 138    25 230
11  78  64  71   1   0   6 0.06  0.0    0  6.6 22 340   M    M   6 18     28 350
12  77  58  68  -2   0   3 0.00  0.0    0  4.7 15 340   M    M   3 1      20 330
13  75  55  65  -5   0   0 0.00  0.0    0  3.5 13 360   M    M   1 1      16  10
14  82  56  69  -1   0   4 0.00  0.0    0  3.5 13 140   M    M   1        20 130
15  82  59  71   1   0   6 0.00  0.0    0  3.0 10 260   M    M   1 1      14 270
16  84  60  72   2   0   7 0.00  0.0    0  3.0 12 330   M    M   0        17  10
17  82  62  72   2   0   7 0.16  0.0    0  2.3 13 240   M    M   3 13     19 240
18  78  66  72   2   0   7 0.35  0.0    0  6.0 13 260   M    M   8 1      16 210
19  84  68  76   6   0  11 0.56  0.0    0  6.4 13 220   M    M   5 1      16 220
20  77  62  70   0   0   5 0.05  0.0    0  6.4 16 230   M    M   6 1      23 230
21  75  55  65  -5   0   0 0.00  0.0    0  3.5 13 360   M    M   1        15 360
22  81  53  67  -3   0   2 0.00  0.0    0  3.8 13 180   M    M   1        18 140
23  83  64  74   5   0   9 0.15  0.0    0  4.8 10 290   M    M   4        16 140
24  79  57  68  -1   0   3 0.00  0.0    0  6.1 17 260   M    M   4 12     21 270
25  73  51  62  -7   3   0 0.00  0.0    0  5.9 15 250   M    M   3        19 310
26  67  51  59 -10   6   0 0.00  0.0    0  4.1 10  10   M    M   5        15  10
27  74  50  62  -7   3   0 0.00  0.0    0  3.5 12  10   M    M   3 12     16  10
================================================================================
SM 2132 1616        12 135  2.65     0.0 126.2          M      102
================================================================================
AV 79.0 59.9                               4.7 FASTST   M    M   4    MAX(MPH)
                                 MISC ---->  # 22 270               # 32  260
================================================================================
NOTES:
# LAST OF SEVERAL OCCURRENCES

COLUMN 17 PEAK WIND IN M.P.H.

PRELIMINARY LOCAL CLIMATOLOGICAL DATA (WS FORM: F-6) , PAGE 2

                                          STATION:  BECKLEY WV
                                          MONTH:    AUGUST
                                          YEAR:     2015
                                          LATITUDE:   37 46 N
                                          LONGITUDE:  81  7 W

[TEMPERATURE DATA]      [PRECIPITATION DATA]       SYMBOLS USED IN COLUMN 16

AVERAGE MONTHLY: 69.4   TOTAL FOR MONTH:   2.65    1 = FOG OR MIST
DPTR FM NORMAL:  -0.4   DPTR FM NORMAL:   -0.48    2 = FOG REDUCING VISIBILITY
HIGHEST:    84 ON 19,16 GRTST 24HR  0.86 ON  7- 7      TO 1/4 MILE OR LESS
LOWEST:     50 ON 27                               3 = THUNDER
                        SNOW, ICE PELLETS, HAIL    4 = ICE PELLETS
                        TOTAL MONTH:   0.0 INCH    5 = HAIL
                        GRTST 24HR     0.0         6 = FREEZING RAIN OR DRIZZLE
                        GRTST DEPTH:   0           7 = DUSTSTORM OR SANDSTORM:
                                                       VSBY 1/2 MILE OR LESS
                                                   8 = SMOKE OR HAZE
[NO. OF DAYS WITH]      [WEATHER - DAYS WITH]      9 = BLOWING SNOW
                                                   X = TORNADO
MAX 32 OR BELOW:   0    0.01 INCH OR MORE:  10
MAX 90 OR ABOVE:   0    0.10 INCH OR MORE:   6
MIN 32 OR BELOW:   0    0.50 INCH OR MORE:   2
MIN  0 OR BELOW:   0    1.00 INCH OR MORE:   0

[HDD (BASE 65) ]
TOTAL THIS MO.    12    CLEAR  (SCALE 0-3)  13
DPTR FM NORMAL     9    PTCLDY (SCALE 4-7)  10
TOTAL FM JUL 1    12    CLOUDY (SCALE 8-10)  4
DPTR FM NORMAL     1

[CDD (BASE 65) ]
TOTAL THIS MO.   135
DPTR FM NORMAL   -12    [PRESSURE DATA]
TOTAL FM JAN 1   638    HIGHEST SLP M ON M
DPTR FM NORMAL   158    LOWEST  SLP 29.78 ON  7

[REMARKS]
