000
CXUS51 KRNK 010936 CCA
CF6BLF

PRELIMINARY LOCAL CLIMATOLOGICAL DATA (WS FORM: F-6)

                                          STATION:   BLUEFIELD WV
                                          MONTH:     AUGUST
                                          YEAR:      2014
                                          LATITUDE:   37 17 N
                                          LONGITUDE:  81 12 W

  TEMPERATURE IN F:       :PCPN:    SNOW:  WIND      :SUNSHINE: SKY     :PK WND
================================================================================
1   2   3   4   5  6A  6B    7    8   9   10  11  12  13   14  15   16   17  18
                                     12Z  AVG MX 2MIN
DY MAX MIN AVG DEP HDD CDD  WTR  SNW DPTH SPD SPD DIR MIN PSBL S-S WX    SPD DR
================================================================================

 1  72  62  67  -6   0   2 0.00  0.0    0  5.4 14 110   M    M   8        20 110
 2  77  61  69  -4   0   4 0.92  0.0    0  3.9 14 260   M    M   7 13     20 260
 3  74  57  66  -7   0   1 0.00  0.0    0  4.7 13 270   M    M   6 12     17 270
 4  81  58  70  -3   0   5 0.00  0.0    0  2.7  9  30   M    M   1 1      14  20
 5  83  61  72  -1   0   7 0.00  0.0    0  4.0 13 250   M    M   2        16 250
 6  82  62  72  -1   0   7 0.12  0.0    0  7.3 16 260   M    M   3 1      20 250
 7  77  64  71  -2   0   6 0.00  0.0    0  4.3 10 280   M    M   5 18     14 290
 8  71  63  67  -6   0   2 0.54  0.0    0  5.0 13 170   M    M   5 18     17 180
 9  67  63  65  -8   0   0 2.66  0.0    0  4.1 10 110   M    M  10 1      16 130
10  71  63  67  -6   0   2 0.00  0.0    0  6.3 14 130   M    M  10 1      23 120
11  71  66  69  -4   0   4 0.20  0.0    0  7.0 13 130   M    M  10 1      20 160
12  81  65  73   0   0   8 0.39  0.0    0  6.9 18 320   M    M   6 1      27 320
13  68  58  63 -10   2   0 0.00  0.0    0  8.2 15 310   M    M   9 1      21 310
14  73  57  65  -8   0   0 0.05  0.0    0  6.6 15 300   M    M   8 1      21 280
15  76  60  68  -5   0   3 0.04  0.0    0  4.6 13 290   M    M   5 1      18 300
16  78  57  68  -4   0   3 0.00  0.0    0  5.3 14 290   M    M   0        18 290
17  80  63  72   0   0   7 0.06  0.0    0  3.3 13 250   M    M   7 1      15 250
18  73  68  71  -1   0   6 0.76  0.0    0  6.6 18 260   M    M  10 1      24 270
19  81  66  74   2   0   9 0.01  0.0    0  5.8 14 270   M    M   7 128    19 260
20  82  65  74   2   0   9 0.10  0.0    0  6.4 15 260   M    M   2 123    20 260
21  83  63  73   1   0   8 0.30  0.0    0  7.9 24 250   M    M   2 13     32 270
22  83  67  75   3   0  10 0.19  0.0    0  7.1 15 280   M    M   5 13     20 250
23  82  68  75   3   0  10 0.01  0.0    0  4.9 12 300   M    M   7 12     17 290
24  73  65  69  -3   0   4 0.00  0.0    0  5.8 13 110   M    M   9 18     20 100
25  75  60  68  -4   0   3 0.00  0.0    0  4.7 10 140   M    M   3        16 120
26  79  58  69  -3   0   4 0.00  0.0    0  2.9 10 140   M    M   0        16 140
27  84  54  69  -2   0   4 0.00  0.0    0  4.0 12 270   M    M   0 1      16 260
28  83  66  75   4   0  10 0.00  0.0    0  5.1 10 290   M    M   5 1      15 280
29  82  64  73   2   0   8 0.00  0.0    0  6.3 13 140   M    M   1        20 140
30  86  70  78   7   0  13 0.00  0.0    0  6.9 14 160   M    M   3        23 190
31  83  67  75   4   0  10 0.06  0.0    0  8.1 21 270   M    M   4        27 280
================================================================================
SM 2411 1941         2 169  6.41     0.0 172.1          M      160
================================================================================
AV 77.8 62.6                               5.6 FASTST   M    M   5    MAX(MPH)
                                 MISC ---->  # 24 250               # 32  270
================================================================================
NOTES:
# LAST OF SEVERAL OCCURRENCES

COLUMN 17 PEAK WIND IN M.P.H.

PRELIMINARY LOCAL CLIMATOLOGICAL DATA (WS FORM: F-6) , PAGE 2

                                          STATION:  BLUEFIELD WV
                                          MONTH:    AUGUST
                                          YEAR:     2014
                                          LATITUDE:   37 17 N
                                          LONGITUDE:  81 12 W

[TEMPERATURE DATA]      [PRECIPITATION DATA]       SYMBOLS USED IN COLUMN 16

AVERAGE MONTHLY: 70.2   TOTAL FOR MONTH:   6.41    1 = FOG OR MIST
DPTR FM NORMAL:  -2.1   DPTR FM NORMAL:    3.15    2 = FOG REDUCING VISIBILITY
HIGHEST:    86 ON 30    GRTST 24HR  3.12 ON  8- 9      TO 1/4 MILE OR LESS
LOWEST:     54 ON 27                               3 = THUNDER
                        SNOW, ICE PELLETS, HAIL    4 = ICE PELLETS
                        TOTAL MONTH:   0.0 INCH    5 = HAIL
                        GRTST 24HR     0.0         6 = FREEZING RAIN OR DRIZZLE
                        GRTST DEPTH:   0           7 = DUSTSTORM OR SANDSTORM:
                                                       VSBY 1/2 MILE OR LESS
                                                   8 = SMOKE OR HAZE
[NO. OF DAYS WITH]      [WEATHER - DAYS WITH]      9 = BLOWING SNOW
                                                   X = TORNADO
MAX 32 OR BELOW:   0    0.01 INCH OR MORE:  16
MAX 90 OR ABOVE:   0    0.10 INCH OR MORE:  10
MIN 32 OR BELOW:   0    0.50 INCH OR MORE:   4
MIN  0 OR BELOW:   0    1.00 INCH OR MORE:   1

[HDD (BASE 65) ]
TOTAL THIS MO.     2    CLEAR  (SCALE 0-3)  10
DPTR FM NORMAL    -2    PTCLDY (SCALE 4-7)  14
TOTAL FM JUL 1    10    CLOUDY (SCALE 8-10)  7
DPTR FM NORMAL     4

[CDD (BASE 65) ]
TOTAL THIS MO.   169
DPTR FM NORMAL   -60    [PRESSURE DATA]
TOTAL FM JAN 1   713    HIGHEST SLP 30.19 ON 26
DPTR FM NORMAL   -21    LOWEST  SLP 29.77 ON 12

[REMARKS]
DUE TO A POWER FAILURE CAUSING A MISSING LOW TEMPERATURE
ON MAY 30...THE SEASONAL TOTAL AND DEPARTURE FROM NORMAL FOR CDD
WILL BE CALCULATED WITHOUT DATA FROM THAT DATE.
#FINAL-08-14#
