000
CXUS55 KPSR 231005
CF6BLH
PRELIMINARY LOCAL CLIMATOLOGICAL DATA (WS FORM: F-6)

                                          STATION:   BLYTHE CA
                                          MONTH:     JANUARY
                                          YEAR:      2017
                                          LATITUDE:   33 37 N
                                          LONGITUDE: 114 43 W

  TEMPERATURE IN F:       :PCPN:    SNOW:  WIND      :SUNSHINE: SKY     :PK WND
================================================================================
1   2   3   4   5  6A  6B    7    8   9   10  11  12  13   14  15   16   17  18
                                     12Z  AVG MX 2MIN
DY MAX MIN AVG DEP HDD CDD  WTR  SNW DPTH SPD SPD DIR MIN PSBL S-S WX    SPD DR
================================================================================

 1  61  50  56   3   9   0 0.54  0.0    0  7.4 16 200   M    M   4 13      M  M
 2  57  46  52  -2  13   0 0.00  0.0    0  8.2 14 180   M    M   1        17 180
 3  59  44  52  -2  13   0 0.00  0.0    0  2.1  7 340   M    M   0         8  50
 4  63  43  53  -1  12   0 0.00  0.0    0  3.5 12 200   M    M   0 1      13 200
 5  72  46  59   5   6   0 0.00  0.0    0  7.3 15 230   M    M   0 1      21 200
 6  59  41  50  -4  15   0 0.00  0.0    0 13.6 33 350   M    M   0 8      43 350
 7  57  38  48  -6  17   0    T  0.0    0  2.3  6 260   M    M   1         M  M
 8  63  42  53  -1  12   0 0.00  0.0    0  2.4  8 320   M    M   0         9 320
 9  65  47  56   2   9   0    T  0.0    0  4.1 13 360   M    M   2        16  10
10  69  43  56   2   9   0 0.00  0.0    0  6.9 20 200   M    M   0        22 210
11  72  48  60   6   5   0 0.00  0.0    0  8.3 18 200   M    M   0        22 220
12  63  53  58   3   7   0 0.00  0.0    0  7.2 14 180   M    M   4        17 170
13  68  51  60   5   5   0 0.00  0.0    0  8.4 21 340   M    M   1        24 340
14  69  47  58   3   7   0    T  0.0    0  8.8 25 360   M    M   7        30 350
15  66  50  58   3   7   0 0.00  0.0    0  3.3  8 210   M    M   3        11 190
16  65  43  54  -1  11   0 0.00  0.0    0  6.8 18 360   M    M   0        24 350
17  66  41  54  -1  11   0 0.00  0.0    0  5.7 16 360   M    M   0        19 350
18  66  39  53  -2  12   0 0.00  0.0    0  4.5 15 200   M    M   0        18 200
19  66  52  59   4   6   0    T  0.0    0 12.1 22 230   M    M   5        25 230
20  61  49  55   0  10   0 0.18    M    0 13.8 30 170   M    M   6 1      37 230
21  64  48  56   0   9   0 0.00  0.0    0 10.6 30 240   M    M   0        35 240
22  64  49  57   1   8   0    T    M    0  5.3 18 170   M    M  10        22 160
================================================================================
SM 1415 1010       213   0  0.72     0.0 152.6          M       44
================================================================================
AV 64.3 45.9                               6.9 FASTST   M    M   2    MAX(MPH)
                                 MISC ---->  # 33 350               # 43  350
================================================================================
NOTES:
# LAST OF SEVERAL OCCURRENCES

COLUMN 17 PEAK WIND IN M.P.H.

PRELIMINARY LOCAL CLIMATOLOGICAL DATA (WS FORM: F-6) , PAGE 2

                                          STATION:  BLYTHE CA
                                          MONTH:    JANUARY
                                          YEAR:     2017
                                          LATITUDE:   33 37 N
                                          LONGITUDE: 114 43 W

[TEMPERATURE DATA]      [PRECIPITATION DATA]       SYMBOLS USED IN COLUMN 16

AVERAGE MONTHLY: 55.1   TOTAL FOR MONTH:   0.72    1 = FOG OR MIST
DPTR FM NORMAL:   0.6   DPTR FM NORMAL:    0.39    2 = FOG REDUCING VISIBILITY
HIGHEST:    72 ON 11, 5 GRTST 24HR  0.73 ON 31- 1      TO 1/4 MILE OR LESS
LOWEST:     38 ON  7                               3 = THUNDER
                        SNOW, ICE PELLETS, HAIL    4 = ICE PELLETS
                        TOTAL MONTH:   0.0 INCH    5 = HAIL
                        GRTST 24HR     0.0         6 = FREEZING RAIN OR DRIZZLE
                        GRTST DEPTH:   0           7 = DUSTSTORM OR SANDSTORM:
                                                       VSBY 1/2 MILE OR LESS
                                                   8 = SMOKE OR HAZE
[NO. OF DAYS WITH]      [WEATHER - DAYS WITH]      9 = BLOWING SNOW
                                                   X = TORNADO
MAX 32 OR BELOW:   0    0.01 INCH OR MORE:   2
MAX 90 OR ABOVE:   0    0.10 INCH OR MORE:   2
MIN 32 OR BELOW:   0    0.50 INCH OR MORE:   1
MIN  0 OR BELOW:   0    1.00 INCH OR MORE:   0

[HDD (BASE 65) ]
TOTAL THIS MO.   213    CLEAR  (SCALE 0-3)  15
DPTR FM NORMAL   -18    PTCLDY (SCALE 4-7)   6
TOTAL FM JUL 1   596    CLOUDY (SCALE 8-10)  1
DPTR FM NORMAL  -134

[CDD (BASE 65) ]
TOTAL THIS MO.     0
DPTR FM NORMAL     0    [PRESSURE DATA]
TOTAL FM JAN 1     0    HIGHEST SLP M ON M
DPTR FM NORMAL     0    LOWEST  SLP 29.43 ON 21

[REMARKS]
