000
CXUS53 KIND 260730
CF6BMG
PRELIMINARY LOCAL CLIMATOLOGICAL DATA (WS FORM: F-6)

                                          STATION:   BLOOMINGTON IN
                                          MONTH:     AUGUST
                                          YEAR:      2016
                                          LATITUDE:   39  7 N
                                          LONGITUDE:  86 37 W

  TEMPERATURE IN F:       :PCPN:    SNOW:  WIND      :SUNSHINE: SKY     :PK WND
================================================================================
1   2   3   4   5  6A  6B    7    8   9   10  11  12  13   14  15   16   17  18
                                     12Z  AVG MX 2MIN
DY MAX MIN AVG DEP HDD CDD  WTR  SNW DPTH SPD SPD DIR MIN PSBL S-S WX    SPD DR
================================================================================

 1  83  67  75   1   0  10 0.42    M    M  1.9  9 350   M    M   5 12     12 240
 2  86  65  76   2   0  11 0.00    M    M  0.9  6 230   M    M   4 12      8 280
 3  89  67  78   4   0  13    T    M    M  1.6  7 200   M    M   3 12     12 150
 4  88  71  80   6   0  15    T    M    M  2.1 18 140   M    M   2 1238   21 140
 5  91  69  80   6   0  15    T    M    M  3.2 10 280   M    M   4 123    14 280
 6  87  65  76   2   0  11 0.01    M    M  3.7 15  30   M    M   3        19  10
 7  87  63  75   1   0  10 0.00    M    M  3.8  9  30   M    M   2 8      12  20
 8  87  62  75   1   0  10 0.00    M    M  4.2 14  90   M    M   1        18 110
 9  90  65  78   4   0  13    T    M    M  2.4  9 160   M    M   2        12 150
10  87  72  80   6   0  15 1.50    M    M  2.4 18 190   M    M   5 138    22 200
11  90  73  82   8   0  17    T    M    M  4.9 14 190   M    M   2 1      17 210
12  88  74  81   8   0  16 0.12    M    M  7.7 16 200   M    M   7 18     25 220
13  79  73  76   3   0  11 0.83    M    M  7.8 14 240   M    M   9 13     20 240
14  81  70  76   3   0  11 1.93    M    M  2.1  9 360   M    M   8 13     12  10
15  82  71  77   4   0  12 0.69    M    M  6.9 14 190   M    M   7 1      19 200
16  76  70  73   0   0   8 1.03    M    M  5.8 14 200   M    M   8 1      18 200
17  81  67  74   1   0   9    T    M    M  1.0  7 270   M    M   7 1      10 300
18  85  67  76   3   0  11 0.00    M    M  3.5 10 230   M    M   5 12     12 230
19  84  71  78   5   0  13 0.00    M    M  4.4 12 230   M    M   5 1      15 210
20  82  70  76   3   0  11 0.07    M    M  7.6 20 180   M    M   6 13     25 200
21  77  59  68  -5   0   3    T    M    M  5.2 14 280   M    M   2        20 270
22  80  54  67  -6   0   2 0.00    M    M  0.9  9 210   M    M   1 1      13 180
23  82  56  69  -4   0   4 0.00    M    M  3.7 13 150   M    M   1 1      18 180
24  87  68  78   6   0  13 0.21    M    M  8.7 20 190   M    M   4 138    26 210
25  88  73  81   9   0  16 0.00    M    M  5.8 13 220   M    M   2 1      17 240
================================================================================
SM 2117 1682         0 280  6.81    M    102.2          M      105
================================================================================
AV 84.7 67.3                               4.1 FASTST   M    M   4    MAX(MPH)
                                 MISC ---->  # 20 180               # 26  210
================================================================================
NOTES:
# LAST OF SEVERAL OCCURRENCES

COLUMN 17 PEAK WIND IN M.P.H.

PRELIMINARY LOCAL CLIMATOLOGICAL DATA (WS FORM: F-6) , PAGE 2

                                          STATION:  BLOOMINGTON IN
                                          MONTH:    AUGUST
                                          YEAR:     2016
                                          LATITUDE:   39  7 N
                                          LONGITUDE:  86 37 W

[TEMPERATURE DATA]      [PRECIPITATION DATA]       SYMBOLS USED IN COLUMN 16

AVERAGE MONTHLY: 76.0   TOTAL FOR MONTH:   6.81    1 = FOG OR MIST
DPTR FM NORMAL:   2.6   DPTR FM NORMAL:    4.08    2 = FOG REDUCING VISIBILITY
HIGHEST:    91 ON  5    GRTST 24HR  2.71 ON 13-14      TO 1/4 MILE OR LESS
LOWEST:     54 ON 22                               3 = THUNDER
                        SNOW, ICE PELLETS, HAIL    4 = ICE PELLETS
                        TOTAL MONTH:    M          5 = HAIL
                        GRTST 24HR    M  ON   M    6 = FREEZING RAIN OR DRIZZLE
                        GRTST DEPTH:  M  ON   M    7 = DUSTSTORM OR SANDSTORM:
                                                       VSBY 1/2 MILE OR LESS
                                                   8 = SMOKE OR HAZE
[NO. OF DAYS WITH]      [WEATHER - DAYS WITH]      9 = BLOWING SNOW
                                                   X = TORNADO
MAX 32 OR BELOW:   0    0.01 INCH OR MORE:  10
MAX 90 OR ABOVE:   3    0.10 INCH OR MORE:   8
MIN 32 OR BELOW:   0    0.50 INCH OR MORE:   5
MIN  0 OR BELOW:   0    1.00 INCH OR MORE:   3

[HDD (BASE 65) ]
TOTAL THIS MO.     0    CLEAR  (SCALE 0-3)  11
DPTR FM NORMAL     0    PTCLDY (SCALE 4-7)  12
TOTAL FM JUL 1     3    CLOUDY (SCALE 8-10)  2
DPTR FM NORMAL     1

[CDD (BASE 65) ]
TOTAL THIS MO.   280
DPTR FM NORMAL    66    [PRESSURE DATA]
TOTAL FM JAN 1   990    HIGHEST SLP M ON M
DPTR FM NORMAL   210    LOWEST  SLP 29.64 ON 20

[REMARKS]
