000
CXUS53 KIND 300730
CF6BMG
PRELIMINARY LOCAL CLIMATOLOGICAL DATA (WS FORM: F-6)

                                          STATION:   BLOOMINGTON IN
                                          MONTH:     JULY
                                          YEAR:      2015
                                          LATITUDE:   39  7 N
                                          LONGITUDE:  86 37 W

  TEMPERATURE IN F:       :PCPN:    SNOW:  WIND      :SUNSHINE: SKY     :PK WND
================================================================================
1   2   3   4   5  6A  6B    7    8   9   10  11  12  13   14  15   16   17  18
                                     12Z  AVG MX 2MIN
DY MAX MIN AVG DEP HDD CDD  WTR  SNW DPTH SPD SPD DIR MIN PSBL S-S WX    SPD DR
================================================================================

 1  78  59  69  -5   0   4 0.02    M    M  2.3 12 220   M    M   6 12     14 230
 2  80  65  73  -1   0   8    T    M    M  6.0 13  40   M    M   8 1      16  30
 3  75  64  70  -4   0   5 0.00    M    M  6.2 12  50   M    M   9 1      16  50
 4  83  62  73  -1   0   8 0.00    M    M  1.9  7  30   M    M   4 1      10  20
 5  83  62  73  -1   0   8 0.00    M    M  2.3  8 130   M    M   1 18     10 140
 6  85  62  74   0   0   9 0.00    M    M  5.5 13 180   M    M   2 1      18 190
 7  77  63  70  -4   0   5 1.04    M    M  8.4 16 200   M    M   8 1      22 210
 8  72  59  66  -8   0   1 0.43    M    M  3.5 10 190   M    M  10 123    18 200
 9  74  63  69  -5   0   4 0.02    M    M  7.4 18 270   M    M   6 1      26 220
10  74  63  69  -5   0   4 0.37    M    M  1.3  8  20   M    M   8 12     10  40
11  82  60  71  -3   0   6    T    M    M  3.1  9 160   M    M   5 12     12 180
12  86  70  78   4   0  13 0.87    M    M  5.2 15 180   M    M   6 13     19 190
13  86  70  78   4   0  13 0.06    M    M  6.3 28  30   M    M   3 13     34  20
14  89  69  79   5   0  14 1.01    M    M  7.9 20 290   M    M   3 13     29  30
15  82  63  73  -1   0   8 0.00    M    M  4.6 12  20   M    M   5        15  10
16  85  62  74   0   0   9 0.00    M    M  5.0 12 160   M    M   1        16 120
17  91  70  81   7   0  16 0.54    M    M  7.6 17  40   M    M   4 13     24  40
18  91  70  81   7   0  16 0.00    M    M  5.5 15 200   M    M   2        20 200
19  86  73  80   6   0  15    T    M    M  4.7 12 290   M    M   2        17 280
20  86  69  78   4   0  13 0.98    M    M  2.7 17  10   M    M   3 13     26 360
21  84  65  75   1   0  10 0.00    M    M  4.6 12 360   M    M   3 1      15 350
22  82  56  69  -5   0   4 0.00    M    M  3.1 10 130   M    M   1        16 110
23  83  59  71  -3   0   6 0.00    M    M  3.3 12  40   M    M   1        16  80
24  86  59  73  -1   0   8 0.00    M    M  2.0  9 160   M    M   1 1      12 130
25  86  61  74   0   0   9 0.00    M    M  2.6 10 190   M    M   0 1      14 260
26  86  70  78   4   0  13 0.75    M    M  3.6 15  30   M    M   4 18     20  30
27  88  71  80   6   0  15    T    M    M  2.3  9 150   M    M   4 1      11 160
28  92  70  81   7   0  16 0.00    M    M  1.4  8 270   M    M   2 1      12 240
29  91  71  81   7   0  16 0.06    M    M  2.2  9 340   M    M   2 13     15 360
================================================================================
SM 2423 1880         0 276  6.15    M    122.5          M      114
================================================================================
AV 83.6 64.8                               4.2 FASTST   M    M   4    MAX(MPH)
                                 MISC ---->  # 28  30               # 34   20
================================================================================
NOTES:
# LAST OF SEVERAL OCCURRENCES

COLUMN 17 PEAK WIND IN M.P.H.

PRELIMINARY LOCAL CLIMATOLOGICAL DATA (WS FORM: F-6) , PAGE 2

                                          STATION:  BLOOMINGTON IN
                                          MONTH:    JULY
                                          YEAR:     2015
                                          LATITUDE:   39  7 N
                                          LONGITUDE:  86 37 W

[TEMPERATURE DATA]      [PRECIPITATION DATA]       SYMBOLS USED IN COLUMN 16

AVERAGE MONTHLY: 74.2   TOTAL FOR MONTH:   6.15    1 = FOG OR MIST
DPTR FM NORMAL:   0.2   DPTR FM NORMAL:    1.45    2 = FOG REDUCING VISIBILITY
HIGHEST:    92 ON 28    GRTST 24HR  1.20 ON  7- 8      TO 1/4 MILE OR LESS
LOWEST:     56 ON 22                               3 = THUNDER
                        SNOW, ICE PELLETS, HAIL    4 = ICE PELLETS
                        TOTAL MONTH:    M          5 = HAIL
                        GRTST 24HR    M  ON   M    6 = FREEZING RAIN OR DRIZZLE
                        GRTST DEPTH:  M  ON   M    7 = DUSTSTORM OR SANDSTORM:
                                                       VSBY 1/2 MILE OR LESS
                                                   8 = SMOKE OR HAZE
[NO. OF DAYS WITH]      [WEATHER - DAYS WITH]      9 = BLOWING SNOW
                                                   X = TORNADO
MAX 32 OR BELOW:   0    0.01 INCH OR MORE:  12
MAX 90 OR ABOVE:   4    0.10 INCH OR MORE:   8
MIN 32 OR BELOW:   0    0.50 INCH OR MORE:   6
MIN  0 OR BELOW:   0    1.00 INCH OR MORE:   2

[HDD (BASE 65) ]
TOTAL THIS MO.     0    CLEAR  (SCALE 0-3)  15
DPTR FM NORMAL     0    PTCLDY (SCALE 4-7)  11
TOTAL FM JUL 1     0    CLOUDY (SCALE 8-10)  3
DPTR FM NORMAL     0

[CDD (BASE 65) ]
TOTAL THIS MO.   276
DPTR FM NORMAL    15    [PRESSURE DATA]
TOTAL FM JAN 1   652    HIGHEST SLP  0.00 ON 23
DPTR FM NORMAL   101    LOWEST  SLP 29.59 ON 14

[REMARKS]
