921
CXUS53 KILX 202300
CF6BMI
PRELIMINARY LOCAL CLIMATOLOGICAL DATA (WS FORM: F-6)

                                          STATION:   BLOOMINGTON IL AIRPORT
                                          MONTH:     AUGUST
                                          YEAR:      2017
                                          LATITUDE:   40 28 N
                                          LONGITUDE:  88 56 W

  TEMPERATURE IN F:       :PCPN:    SNOW:  WIND      :SUNSHINE: SKY     :PK WND
================================================================================
1   2   3   4   5  6A  6B    7    8   9   10  11  12  13   14  15   16   17  18
                                     12Z  AVG MX 2MIN
DY MAX MIN AVG DEP HDD CDD  WTR  SNW DPTH SPD SPD DIR MIN PSBL S-S WX    SPD DR
================================================================================

 1  84  64  74   M   0   9 0.15    M    M  3.1 12  70   M    M   4 13     24  70
 2  84  62  73   M   0   8 0.00    M    M  3.4  7 140   M    M   2 13      M  M
 3  84  63  74   M   0   9 1.02    M    M  9.3 15 180   M    M   3 13     30 250
 4  71  54  63   M   2   0 0.00    M    M 13.5 22 320   M    M   5        30 300
 5  77  55  66   M   0   1 0.00    M    M  6.8 13 230   M    M   1         M  M
 6  70  62  66   M   0   1 0.05    M    M  6.5 12 120   M    M  10         M  M
 7  76  60  68   M   0   3 0.07    M    M  7.2 13  30   M    M   6 1       M  M
 8  79  56  68   M   0   3 0.00    M    M  4.2  9  60   M    M   0         M  M
 9  80  58  69   M   0   4 0.00    M    M  6.9 15 160   M    M   1        20 160
10  85  59  72   M   0   7 0.06    M    M  8.9 16 230   M    M   2 3      21 230
11  79  62  71   M   0   6    T    M    M 10.3 16 350   M    M   3        21 310
12  77  59  68   M   0   3 0.00    M    M  8.5 16 340   M    M   1        20 340
13  78  55  67   M   0   2 0.00    M    M  5.9  9  50   M    M   1 18      M  M
14  83  61  72   M   0   7 0.00    M    M  6.2 16 210   M    M   4 1       M  M
15  89  66  78   M   0  13 0.67    M    M  6.5  8  70   M    M   4         M  M
16  84  64  74   M   0   9    T    M    M  9.8 17 180   M    M   3 1      21 170
17  82  67  75   M   0  10 0.01    M    M 13.9 21 250   M    M   6        30 240
18  83  63  73   M   0   8 0.36    M    M  8.5 14 300   M    M   0 13     18 230
19  83  62  73   M   0   8 0.00    M    M  6.3 24 340   M    M   0 3      29 340
================================================================================
SM 1528 1152         2 111  2.39    M    145.7          M       56
================================================================================
AV 80.4 60.6                               7.7 FASTST   M    M   3    MAX(MPH)
                                 MISC ---->  # 24 340               # 30  250
================================================================================
NOTES:
# LAST OF SEVERAL OCCURRENCES

COLUMN 17 PEAK WIND IN M.P.H.

PRELIMINARY LOCAL CLIMATOLOGICAL DATA (WS FORM: F-6) , PAGE 2

                                          STATION:  BLOOMINGTON IL AIRPORT
                                          MONTH:    AUGUST
                                          YEAR:     2017
                                          LATITUDE:   40 28 N
                                          LONGITUDE:  88 56 W

[TEMPERATURE DATA]      [PRECIPITATION DATA]       SYMBOLS USED IN COLUMN 16

AVERAGE MONTHLY: 70.5   TOTAL FOR MONTH:   2.39    1 = FOG OR MIST
DPTR FM NORMAL:     M   DPTR FM NORMAL:       M    2 = FOG REDUCING VISIBILITY
HIGHEST:    89 ON 15    GRTST 24HR  1.02 ON  3- 3      TO 1/4 MILE OR LESS
LOWEST:     54 ON  4                               3 = THUNDER
                        SNOW, ICE PELLETS, HAIL    4 = ICE PELLETS
                        TOTAL MONTH:    M          5 = HAIL
                        GRTST 24HR    M  ON   M    6 = FREEZING RAIN OR DRIZZLE
                        GRTST DEPTH:  M  ON   M    7 = DUSTSTORM OR SANDSTORM:
                                                       VSBY 1/2 MILE OR LESS
                                                   8 = SMOKE OR HAZE
[NO. OF DAYS WITH]      [WEATHER - DAYS WITH]      9 = BLOWING SNOW
                                                   X = TORNADO
MAX 32 OR BELOW:   0    0.01 INCH OR MORE:   8
MAX 90 OR ABOVE:   0    0.10 INCH OR MORE:   4
MIN 32 OR BELOW:   0    0.50 INCH OR MORE:   2
MIN  0 OR BELOW:   0    1.00 INCH OR MORE:   1

[HDD (BASE 65) ]
TOTAL THIS MO.     2    CLEAR  (SCALE 0-3)  12
DPTR FM NORMAL     M    PTCLDY (SCALE 4-7)   6
TOTAL FM JUL 1     2    CLOUDY (SCALE 8-10)  1
DPTR FM NORMAL     M

[CDD (BASE 65) ]
TOTAL THIS MO.   111
DPTR FM NORMAL     M    [PRESSURE DATA]
TOTAL FM JAN 1   752    HIGHEST SLP M ON M
DPTR FM NORMAL     M    LOWEST  SLP M ON M

[REMARKS]
