000
CXUS54 KEWX 310910
CF6BMQ
PRELIMINARY LOCAL CLIMATOLOGICAL DATA (WS FORM: F-6)

                                          STATION:   BURNET
                                          MONTH:     JANUARY
                                          YEAR:      2015
                                          LATITUDE:   30 43 N
                                          LONGITUDE:  98 14 W

  TEMPERATURE IN F:       :PCPN:    SNOW:  WIND      :SUNSHINE: SKY     :PK WND
================================================================================
1   2   3   4   5  6A  6B    7    8   9   10  11  12  13   14  15   16   17  18
                                     12Z  AVG MX 2MIN
DY MAX MIN AVG DEP HDD CDD  WTR  SNW DPTH SPD SPD DIR MIN PSBL S-S WX    SPD DR
================================================================================

 1  36  31  34 -14  31   0    T    M    M  6.4 10  20   M    M   9 13     15  30
 2  38  35  37 -11  28   0    T    M    M  6.4  9  40   M    M  10 13      M  M
 3  61  37  49   1  16   0    T    M    M  6.6 17 260   M    M   3 13     29 260
 4  47  28  38 -10  27   0 0.00    M    M  8.7 20 340   M    M   0        25 340
 5  51  26  39  -9  26   0 0.00    M    M  5.1 10 190   M    M   0        13  60
 6  69  33  51   3  14   0 0.00    M    M  3.5 12 230   M    M   0        16 280
 7  47  27  37 -11  28   0 0.00    M    M 13.4 25  20   M    M   0        35  20
 8  34  19  27 -21  38   0    T    M    M  5.8 14 180   M    M   2        19 190
 9  37  32  35 -13  30   0 0.03    M    M  8.5 17  30   M    M  10 3      27  20
10  34  29  32 -16  33   0 0.04    M    M  4.1  9  40   M    M  10 16     13  40
11   M   M   M   M   M   M    T    M    M  3.5  6 170   M    M  10 12      M  M
12  44  35  40  -8  25   0    T    M    M  8.2 17  40   M    M  10 12     24  20
13  38  32  35 -13  30   0 0.00    M    M  8.1 15 360   M    M  10 18     20 350
14  38  34  36 -12  29   0    T    M    M  5.4 10  30   M    M  10 1      15  10
15  57  35  46  -2  19   0 0.00    M    M  5.0 15 330   M    M   1 1      19 320
16  62  32  47  -1  18   0 0.00    M    M  2.4 13 230   M    M   0 8      16 220
17  69  35  52   4  13   0 0.00    M    M  7.1 21 300   M    M   0 18     30 300
18  69  35  52   4  13   0 0.00    M    M  3.7 13 360   M    M   0        19 360
19  75  37  56   8   9   0 0.00    M    M  3.5 14 200   M    M   0        19 200
20  79  39  59  11   6   0 0.00    M    M  4.5 14  20   M    M   0        19  10
21  53  46  50   2  15   0 0.10    M    M 10.0 16  50   M    M   8 18     22  40
22  48  39  44  -4  21   0 0.67    M    M 14.3 23  20   M    M  10 1      36  20
23  49  33  41  -8  24   0 0.02    M    M  9.2 18 330   M    M   6 1      25  10
24  60  32  46  -3  19   0 0.00    M    M  4.7 13 280   M    M   0        16 280
25  69  38  54   5  11   0 0.00    M    M  9.6 20 330   M    M   0        27 340
26  70  41  56   7   9   0 0.00    M    M  5.5 15 350   M    M   0        22 360
27  80  46  63  14   2   0 0.00    M    M  4.4 15 280   M    M   0        21 290
28  80  42  61  12   4   0 0.00    M    M  5.5 18 190   M    M   0        24 180
29  73  48  61  12   4   0    T    M    M  7.7 20  30   M    M   3        27  20
30  54   M   M   M   M   M    T    M    0  7.3 16  30   M    M   8        23  30
================================================================================
SM 1621  976       542   0  0.86    M    198.1          M      120
================================================================================
AV 55.9 34.9                               6.6 FASTST   M    M   4    MAX(MPH)
                                 MISC ---->  # 25  20               # 36   20
================================================================================
NOTES:
# LAST OF SEVERAL OCCURRENCES

COLUMN 17 PEAK WIND IN M.P.H.

PRELIMINARY LOCAL CLIMATOLOGICAL DATA (WS FORM: F-6) , PAGE 2

                                          STATION:  BURNET
                                          MONTH:    JANUARY
                                          YEAR:     2015
                                          LATITUDE:   30 43 N
                                          LONGITUDE:  98 14 W

[TEMPERATURE DATA]      [PRECIPITATION DATA]       SYMBOLS USED IN COLUMN 16

AVERAGE MONTHLY: 45.4   TOTAL FOR MONTH:   0.86    1 = FOG OR MIST
DPTR FM NORMAL:  -2.9   DPTR FM NORMAL:   -0.92    2 = FOG REDUCING VISIBILITY
HIGHEST:    80 ON 28,27 GRTST 24HR  0.77 ON 21-22      TO 1/4 MILE OR LESS
LOWEST:     19 ON  8                               3 = THUNDER
                        SNOW, ICE PELLETS, HAIL    4 = ICE PELLETS
                        TOTAL MONTH:    M          5 = HAIL
                        GRTST 24HR    M  ON   M    6 = FREEZING RAIN OR DRIZZLE
                        GRTST DEPTH:   0           7 = DUSTSTORM OR SANDSTORM:
                                                       VSBY 1/2 MILE OR LESS
                                                   8 = SMOKE OR HAZE
[NO. OF DAYS WITH]      [WEATHER - DAYS WITH]      9 = BLOWING SNOW
                                                   X = TORNADO
MAX 32 OR BELOW:   0    0.01 INCH OR MORE:   5
MAX 90 OR ABOVE:   0    0.10 INCH OR MORE:   2
MIN 32 OR BELOW:  10    0.50 INCH OR MORE:   1
MIN  0 OR BELOW:   0    1.00 INCH OR MORE:   0

[HDD (BASE 65) ]
TOTAL THIS MO.   542    CLEAR  (SCALE 0-3)  17
DPTR FM NORMAL    40    PTCLDY (SCALE 4-7)   4
TOTAL FM JUL 1  1255    CLOUDY (SCALE 8-10)  9
DPTR FM NORMAL   -75

[CDD (BASE 65) ]
TOTAL THIS MO.     0
DPTR FM NORMAL     0    [PRESSURE DATA]
TOTAL FM JAN 1     0    HIGHEST SLP M ON M
DPTR FM NORMAL     0    LOWEST  SLP 29.82 ON 20

[REMARKS]
