000
CXUS54 KEWX 210910
CF6BMQ
PRELIMINARY LOCAL CLIMATOLOGICAL DATA (WS FORM: F-6)

                                          STATION:   BURNET
                                          MONTH:     OCTOBER
                                          YEAR:      2014
                                          LATITUDE:   30 43 N
                                          LONGITUDE:  98 14 W

  TEMPERATURE IN F:       :PCPN:    SNOW:  WIND      :SUNSHINE: SKY     :PK WND
================================================================================
1   2   3   4   5  6A  6B    7    8   9   10  11  12  13   14  15   16   17  18
                                     12Z  AVG MX 2MIN
DY MAX MIN AVG DEP HDD CDD  WTR  SNW DPTH SPD SPD DIR MIN PSBL S-S WX    SPD DR
================================================================================

 1  90  73  82   9   0  17 0.00    M    M  7.1 14 180   M    M   5        19 190
 2  91  73  82  10   0  17 0.15    M    M 10.6 28 280   M    M   4 3      36 280
 3  84  60  72   0   0   7 0.00    M    M  7.4 17  20   M    M   0        24  50
 4  78  55  67  -5   0   2 0.00    M    M  5.9 13 190   M    M   0        17 180
 5  85  62  74   2   0   9 0.00    M    M  9.0 18 190   M    M   4        25 160
 6  90  70  80   9   0  15 0.00    M    M  6.5 17 100   M    M   4        23 110
 7  93  70  82  11   0  17 0.00    M    M  7.4 16 180   M    M   2        23 210
 8  88  73  81  10   0  16    T    M    M  8.1 17 180   M    M   4        22 180
 9  90  73  82  12   0  17 0.00    M    M  8.4 22 190   M    M   5        29 180
10  90  73  82  12   0  17 0.00    M    M  8.6 20 190   M    M   5        29 190
11  76  57  67  -3   0   2 0.57    M    M  6.8 24 340   M    M  10 13     31 340
12  74  60  67  -3   0   2    T    M    M  5.6 16 170   M    M   9        25 180
13  76  53  65  -4   0   0 0.22    M    M 14.6 26 310   M    M   4 13     37 320
14  78  50  64  -5   1   0 0.00    M    M  7.1 17 320   M    M   0        25 300
15  84  49  67  -1   0   2 0.00    M    M  3.0 13 290   M    M   0        17 290
16  86  51  69   1   0   4 0.00    M    M  5.3 17 190   M    M   0        25 190
17  88  55  72   4   0   7 0.00    M    M  3.5 10 190   M    M   0        15 180
18  86  61  74   6   0   9 0.00    M    M  3.1 10  90   M    M   2 8      14 130
19  79  63  71   4   0   6 0.00    M    M  5.4 12 100   M    M   4 1      16 110
20  82  61  72   5   0   7 0.00    M    M  2.5  9 100   M    M   3 1      13 100
================================================================================
SM 1688 1242         1 173  0.94    M    135.9          M       65
================================================================================
AV 84.4 62.1                               6.8 FASTST   M    M   3    MAX(MPH)
                                 MISC ---->  # 28 280               # 37  320
================================================================================
NOTES:
# LAST OF SEVERAL OCCURRENCES

COLUMN 17 PEAK WIND IN M.P.H.

PRELIMINARY LOCAL CLIMATOLOGICAL DATA (WS FORM: F-6) , PAGE 2

                                          STATION:  BURNET
                                          MONTH:    OCTOBER
                                          YEAR:     2014
                                          LATITUDE:   30 43 N
                                          LONGITUDE:  98 14 W

[TEMPERATURE DATA]      [PRECIPITATION DATA]       SYMBOLS USED IN COLUMN 16

AVERAGE MONTHLY: 73.2   TOTAL FOR MONTH:   0.94    1 = FOG OR MIST
DPTR FM NORMAL:   3.3   DPTR FM NORMAL:   -1.18    2 = FOG REDUCING VISIBILITY
HIGHEST:    93 ON  7    GRTST 24HR  0.57 ON 11-11      TO 1/4 MILE OR LESS
LOWEST:     49 ON 15                               3 = THUNDER
                        SNOW, ICE PELLETS, HAIL    4 = ICE PELLETS
                        TOTAL MONTH:    M          5 = HAIL
                        GRTST 24HR    M  ON   M    6 = FREEZING RAIN OR DRIZZLE
                        GRTST DEPTH:  M  ON   M    7 = DUSTSTORM OR SANDSTORM:
                                                       VSBY 1/2 MILE OR LESS
                                                   8 = SMOKE OR HAZE
[NO. OF DAYS WITH]      [WEATHER - DAYS WITH]      9 = BLOWING SNOW
                                                   X = TORNADO
MAX 32 OR BELOW:   0    0.01 INCH OR MORE:   3
MAX 90 OR ABOVE:   6    0.10 INCH OR MORE:   3
MIN 32 OR BELOW:   0    0.50 INCH OR MORE:   1
MIN  0 OR BELOW:   0    1.00 INCH OR MORE:   0

[HDD (BASE 65) ]
TOTAL THIS MO.     1    CLEAR  (SCALE 0-3)   9
DPTR FM NORMAL   -23    PTCLDY (SCALE 4-7)   9
TOTAL FM JUL 1     2    CLOUDY (SCALE 8-10)  2
DPTR FM NORMAL   -25

[CDD (BASE 65) ]
TOTAL THIS MO.   173
DPTR FM NORMAL    53    [PRESSURE DATA]
TOTAL FM JAN 1  2678    HIGHEST SLP M ON M
DPTR FM NORMAL   147    LOWEST  SLP 29.67 ON 13

[REMARKS]
