000
CXUS55 KOHX 281010
CF6BNA
PRELIMINARY LOCAL CLIMATOLOGICAL DATA (WS FORM: F-6)

                                          STATION:   NASHVILLE
                                          MONTH:     MAY
                                          YEAR:      2015
                                          LATITUDE:   36  7 N
                                          LONGITUDE:  86 41 W

  TEMPERATURE IN F:       :PCPN:    SNOW:  WIND      :SUNSHINE: SKY     :PK WND
================================================================================
1   2   3   4   5  6A  6B    7    8   9   10  11  12  13   14  15   16   17  18
                                     12Z  AVG MX 2MIN
DY MAX MIN AVG DEP HDD CDD  WTR  SNW DPTH SPD SPD DIR MIN PSBL S-S WX    SPD DR
================================================================================

 1  71  44  58  -6   7   0 0.00  0.0    0  6.7 16 360   M    M   2        22  10
 2  79  47  63  -1   2   0 0.00  0.0    0  2.7 14  50   M    M   4        28 160
 3  81  50  66   2   0   1 0.00  0.0    0  4.0 16 190   M    M   4        20 180
 4  85  53  69   5   0   4 0.00  0.0    0  5.3 15 180   M    M   4        18 260
 5  87  56  72   8   0   7 0.00  0.0    0  4.0 14 180   M    M   2        21 150
 6  87  59  73   8   0   8 0.00  0.0    0  2.3 10 150   M    M   4        13 150
 7  88  57  73   8   0   8 0.00  0.0    0  4.6 16 170   M    M   2 8      23 220
 8  90  57  74   9   0   9 0.00  0.0    0  4.9 16 200   M    M   4        21 180
 9  89  65  77  11   0  12 0.00  0.0    0  4.5 18 200   M    M   7        24 200
10  92  65  79  13   0  14    T  0.0    0  5.8 17 180   M    M   7        25 190
11  87  67  77  11   0  12 0.00  0.0    0  6.9 21 180   M    M   8 18     28 190
12  78  58  68   2   0   3 0.00  0.0    0  6.2 15 320   M    M   7        18 340
13  80  52  66  -1   0   1 0.00  0.0    0  7.7 14  40   M    M   3        22  60
14  82  53  68   1   0   3 0.00  0.0    0  3.7  9 100   M    M   8        18 200
15  84  69  77  10   0  12 0.32  0.0    0 10.6 20 170   M    M   8        26 170
16  81  69  75   7   0  10 0.09  0.0    0 10.1 21 180   M    M   9 1      25 190
17  86  68  77   9   0  12 0.34  0.0    0  8.7 23 200   M    M   8 1      36 180
18  84  67  76   8   0  11    T  0.0    0  4.4 13 310   M    M   8        21 300
19  82  61  72   4   0   7 0.00  0.0    0  6.2 13  10   M    M   7 18     46 330
20  82  55  69   1   0   4 0.53  0.0    0  5.9 13 320   M    M   6 1      20 350
21  62  48  55 -14  10   0    T  0.0    0  8.2 16 320   M    M   9 1      26 290
22  76  44  60  -9   5   0 0.00  0.0    0  2.9 12  40   M    M   4 1      17 280
23  82  51  67  -2   0   2 0.00  0.0    0  3.3 13 190   M    M   6        16 170
24  86  60  73   3   0   8 0.03  0.0    0 10.6 23 170   M    M   6        31 160
25  73  66  70   0   0   5 0.52  0.0    0  8.2 20 170   M    M   8 1      26 170
26  80  65  73   3   0   8 0.63  0.0    0  8.9 25 180   M    M   7 123    29 190
27  82  67  75   5   0  10 0.15  0.0    0  5.5 10 190   M    M   9 13      M  M
================================================================================
SM 2216 1573        24 171  2.61     0.0 162.8          M      161
================================================================================
AV 82.1 58.3                               6.0 FASTST   M    M   6    MAX(MPH)
                                 MISC ---->  # 25 180               # 46  330
================================================================================
NOTES:
# LAST OF SEVERAL OCCURRENCES

COLUMN 17 PEAK WIND IN M.P.H.

PRELIMINARY LOCAL CLIMATOLOGICAL DATA (WS FORM: F-6) , PAGE 2

                                          STATION:  NASHVILLE
                                          MONTH:    MAY
                                          YEAR:     2015
                                          LATITUDE:   36  7 N
                                          LONGITUDE:  86 41 W

[TEMPERATURE DATA]      [PRECIPITATION DATA]       SYMBOLS USED IN COLUMN 16

AVERAGE MONTHLY: 70.2   TOTAL FOR MONTH:   2.61    1 = FOG OR MIST
DPTR FM NORMAL:   3.2   DPTR FM NORMAL:   -2.23    2 = FOG REDUCING VISIBILITY
HIGHEST:    92 ON 10    GRTST 24HR  0.72 ON 26-27      TO 1/4 MILE OR LESS
LOWEST:     44 ON 22, 1                            3 = THUNDER
                        SNOW, ICE PELLETS, HAIL    4 = ICE PELLETS
                        TOTAL MONTH:   0.0 INCH    5 = HAIL
                        GRTST 24HR     0.0         6 = FREEZING RAIN OR DRIZZLE
                        GRTST DEPTH:   0           7 = DUSTSTORM OR SANDSTORM:
                                                       VSBY 1/2 MILE OR LESS
                                                   8 = SMOKE OR HAZE
[NO. OF DAYS WITH]      [WEATHER - DAYS WITH]      9 = BLOWING SNOW
                                                   X = TORNADO
MAX 32 OR BELOW:   0    0.01 INCH OR MORE:   8
MAX 90 OR ABOVE:   2    0.10 INCH OR MORE:   6
MIN 32 OR BELOW:   0    0.50 INCH OR MORE:   3
MIN  0 OR BELOW:   0    1.00 INCH OR MORE:   0

[HDD (BASE 65) ]
TOTAL THIS MO.    24    CLEAR  (SCALE 0-3)   3
DPTR FM NORMAL   -30    PTCLDY (SCALE 4-7)  19
TOTAL FM JUL 1  3778    CLOUDY (SCALE 8-10)  5
DPTR FM NORMAL    96

[CDD (BASE 65) ]
TOTAL THIS MO.   171
DPTR FM NORMAL    65    [PRESSURE DATA]
TOTAL FM JAN 1   213    HIGHEST SLP  0.00 ON  3
DPTR FM NORMAL    62    LOWEST  SLP 29.85 ON 21

[REMARKS]
