000
CXUS56 KBOI 261002
CF6BNO
PRELIMINARY LOCAL CLIMATOLOGICAL DATA (WS FORM: F-6)

                                          STATION:   BURNS OR
                                          MONTH:     SEPTEMBER
                                          YEAR:      2016
                                          LATITUDE:   43 34 N
                                          LONGITUDE: 118 57 W

  TEMPERATURE IN F:       :PCPN:    SNOW:  WIND      :SUNSHINE: SKY     :PK WND
================================================================================
1   2   3   4   5  6A  6B    7    8   9   10  11  12  13   14  15   16   17  18
                                     12Z  AVG MX 2MIN
DY MAX MIN AVG DEP HDD CDD  WTR  SNW DPTH SPD SPD DIR MIN PSBL S-S WX    SPD DR
================================================================================

 1  79  40  60  -1   5   0 0.00    M    M  8.5 16 260   M    M   1        23 190
 2  67  43  55  -5  10   0 0.00    M    M  7.0 15 170   M    M   1        20 180
 3  72  29  51  -9  14   0 0.00    M    M  8.1 20 320   M    M   1        26 330
 4  70  38  54  -6  11   0 0.04    M    M 10.4 21 290   M    M   3        27 290
 5  68  36  52  -8  13   0 0.00    M    M  4.6 13 270   M    M   2        16 140
 6  69  29  49 -10  16   0 0.01    M    M  5.8 18 300   M    M   3        23 300
 7  74  30  52  -7  13   0 0.00    M    M  6.4 13 210   M    M   0 12     20 140
 8  79  36  58  -1   7   0 0.00    M    M  8.2 21 280   M    M   0        26 280
 9  76  28  52  -6  13   0 0.00    M    M  5.0 12 280   M    M   0        13  90
10  83  30  57  -1   8   0 0.00    M    M  4.3 10 280   M    M   0        14 140
11  79  33  56  -2   9   0 0.00    M    M  8.8 23 270   M    M   1        29 260
12  68  35  52  -5  13   0 0.00    M    M 12.5 23 330   M    M   1        29 330
13  69  34  52  -5  13   0 0.00    M    M  6.5 14  60   M    M   0        19  60
14  73  26  50  -7  15   0 0.00    M    M  6.5 14 200   M    M   0        18 220
15  73  26  50  -6  15   0 0.00    M    M  4.0 14 270   M    M   0        14 110
16  78  27  53  -3  12   0 0.00    M    M  3.6 13 190   M    M   0        18 160
17  82  37  60   4   5   0 0.00    M    M  8.4 24 240   M    M   3        31 240
18  81  48  65  10   0   0 0.00    M    M 11.6 23 240   M    M   6        31 250
19  79  34  57   2   8   0 0.00    M    M  7.2 20 250   M    M   1        24 250
20  77  37  57   3   8   0 0.00    M    M  6.9 21 260   M    M   3        26 280
21  67  40  54   0  11   0 0.00    M    M  5.0 17 300   M    M   4        22 300
22  56  35  46  -8  19   0 0.08    M    M 14.8 26 310   M    M   6        34 320
23  62  30  46  -7  19   0 0.00    M    M  8.2 21 250   M    M   4        25 250
24  71  29  50  -3  15   0 0.00    M    M  7.6 14 200   M    M   0        17 200
25  79  29  54   2  11   0 0.00    M    M  4.0 10 280   M    M   0        11 280
================================================================================
SM 1831  839       283   0  0.13    M    183.9          M       40
================================================================================
AV 73.2 33.6                               7.4 FASTST   M    M   2    MAX(MPH)
                                 MISC ---->  # 26 310               # 34  320
================================================================================
NOTES:
# LAST OF SEVERAL OCCURRENCES

COLUMN 17 PEAK WIND IN M.P.H.

PRELIMINARY LOCAL CLIMATOLOGICAL DATA (WS FORM: F-6) , PAGE 2

                                          STATION:  BURNS OR
                                          MONTH:    SEPTEMBER
                                          YEAR:     2016
                                          LATITUDE:   43 34 N
                                          LONGITUDE: 118 57 W

[TEMPERATURE DATA]      [PRECIPITATION DATA]       SYMBOLS USED IN COLUMN 16

AVERAGE MONTHLY: 53.4   TOTAL FOR MONTH:   0.13    1 = FOG OR MIST
DPTR FM NORMAL:  -3.4   DPTR FM NORMAL:   -0.23    2 = FOG REDUCING VISIBILITY
HIGHEST:    83 ON 10    GRTST 24HR  0.08 ON 22-22      TO 1/4 MILE OR LESS
LOWEST:     26 ON 15,14                            3 = THUNDER
                        SNOW, ICE PELLETS, HAIL    4 = ICE PELLETS
                        TOTAL MONTH:    M          5 = HAIL
                        GRTST 24HR    M  ON   M    6 = FREEZING RAIN OR DRIZZLE
                        GRTST DEPTH:  M  ON   M    7 = DUSTSTORM OR SANDSTORM:
                                                       VSBY 1/2 MILE OR LESS
                                                   8 = SMOKE OR HAZE
[NO. OF DAYS WITH]      [WEATHER - DAYS WITH]      9 = BLOWING SNOW
                                                   X = TORNADO
MAX 32 OR BELOW:   0    0.01 INCH OR MORE:   3
MAX 90 OR ABOVE:   0    0.10 INCH OR MORE:   0
MIN 32 OR BELOW:  11    0.50 INCH OR MORE:   0
MIN  0 OR BELOW:   0    1.00 INCH OR MORE:   0

[HDD (BASE 65) ]
TOTAL THIS MO.   283    CLEAR  (SCALE 0-3)  19
DPTR FM NORMAL    70    PTCLDY (SCALE 4-7)   6
TOTAL FM JUL 1   399    CLOUDY (SCALE 8-10)  0
DPTR FM NORMAL    49

[CDD (BASE 65) ]
TOTAL THIS MO.     0
DPTR FM NORMAL    -7    [PRESSURE DATA]
TOTAL FM JAN 1   226    HIGHEST SLP M ON M
DPTR FM NORMAL    13    LOWEST  SLP 29.71 ON  4

[REMARKS]
