000
CXUS51 KBOX 261200
CF6BOS
PRELIMINARY LOCAL CLIMATOLOGICAL DATA (WS FORM: F-6)

                                          STATION:   BOSTON MA
                                          MONTH:     MARCH
                                          YEAR:      2015
                                          LATITUDE:   42 22 N
                                          LONGITUDE:  71  2 W

  TEMPERATURE IN F:       :PCPN:    SNOW:  WIND      :SUNSHINE: SKY     :PK WND
================================================================================
1   2   3   4   5  6A  6B    7    8   9   10  11  12  13   14  15   16   17  18
                                     12Z  AVG MX 2MIN
DY MAX MIN AVG DEP HDD CDD  WTR  SNW DPTH SPD SPD DIR MIN PSBL S-S WX    SPD DR
================================================================================

 1  30  12  21 -13  44   0 0.17  1.9    M  6.0 20 210   M    M   8 1      23 210
 2  37  26  32  -3  33   0 0.01  0.2    M 14.4 30 280   M    M   7 1      41 280
 3  33  20  27  -8  38   0 0.26  1.6    M 10.1 24 190   M    M   6 146    32 320
 4  43  33  38   3  27   0 0.02  0.0    M 11.3 21 260   M    M   9 16     30 260
 5  39  18  29  -6  36   0    T    T    M 11.8 20 320   M    M  10        28 330
 6  24   9  17 -19  48   0 0.00  0.0    0 10.4 23 320   M    M   3        29 310
 7  38  17  28  -8  37   0 0.00  0.0    M 10.7 21 220   M    M   4        25 220
 8  42  24  33  -3  32   0    T    T    M  8.6 25 280   M    M   5        32 300
 9  48  26  37   1  28   0 0.00  0.0    M 10.0 25 280   M    M   4        37 270
10  48  31  40   3  25   0 0.06  0.0    M  6.7 17 180   M    M   8 1      21 170
11  57  37  47  10  18   0 0.01    M    M 11.7 25 280   M    M   6 12     33 280
12  43  25  34  -3  31   0 0.00  0.0    M 16.9 32 330   M    M   2        41 320
13  40  24  32  -5  33   0 0.00  0.0    M 10.6 18 220   M    M   5        23 210
14  39  31  35  -3  30   0 0.80  0.0    M  8.1 15 290   M    M   8 12     20 320
15  41  27  34  -4  31   0 0.27  2.9    M 13.8 33 360   M    M  10 12     40 360
16  45  26  36  -2  29   0 0.00  0.0    M  8.7 18 320   M    M   3        25 310
17  51  28  40   2  25   0 0.14    T    M 14.2 38 320   M    M   6 14     51 320
18  30  22  26 -13  39   0 0.00  0.0    M 21.6 36 300   M    M   2        52 300
19  34  19  27 -12  38   0 0.00  0.0    M 15.6 30 310   M    M   1        41 320
20  32  23  28 -11  37   0 0.05  0.5    M  3.6 12 210   M    M   8 1      26  40
21  41  28  35  -5  30   0 0.09  1.2    M  6.5 22 260   M    M   8 1      31 270
22  39  21  30 -10  35   0 0.00  0.0    M 17.8 33 290   M    M   2        48 290
23  33  18  26 -14  39   0 0.00  0.0    M 15.2 24 300   M    M   1        31 300
24  35  20  28 -12  37   0 0.00  0.0    M  7.7 13 200   M    M   5        16 220
25  49  28  39  -2  26   0 0.04  0.0    M  9.0 22 200   M    M   5        28 190
================================================================================
SM  991  593       826   0  1.92     8.3 281.0          M      136
================================================================================
AV 39.6 23.7                              11.2 FASTST   M    M   5    MAX(MPH)
                                 MISC ---->  # 38 320               # 52  300
================================================================================
NOTES:
# LAST OF SEVERAL OCCURRENCES

COLUMN 17 PEAK WIND IN M.P.H.

PRELIMINARY LOCAL CLIMATOLOGICAL DATA (WS FORM: F-6) , PAGE 2

                                          STATION:  BOSTON MA
                                          MONTH:    MARCH
                                          YEAR:     2015
                                          LATITUDE:   42 22 N
                                          LONGITUDE:  71  2 W

[TEMPERATURE DATA]      [PRECIPITATION DATA]       SYMBOLS USED IN COLUMN 16

AVERAGE MONTHLY: 31.7   TOTAL FOR MONTH:   1.92    1 = FOG OR MIST
DPTR FM NORMAL:  -5.7   DPTR FM NORMAL:   -1.54    2 = FOG REDUCING VISIBILITY
HIGHEST:    57 ON 11    GRTST 24HR  0.80 ON 14-14      TO 1/4 MILE OR LESS
LOWEST:      9 ON  6                               3 = THUNDER
                        SNOW, ICE PELLETS, HAIL    4 = ICE PELLETS
                        TOTAL MONTH:   8.3 INCHES  5 = HAIL
                        GRTST 24HR   2.9 ON   M    6 = FREEZING RAIN OR DRIZZLE
                        GRTST DEPTH:   0           7 = DUSTSTORM OR SANDSTORM:
                                                       VSBY 1/2 MILE OR LESS
                                                   8 = SMOKE OR HAZE
[NO. OF DAYS WITH]      [WEATHER - DAYS WITH]      9 = BLOWING SNOW
                                                   X = TORNADO
MAX 32 OR BELOW:   4    0.01 INCH OR MORE:  12
MAX 90 OR ABOVE:   0    0.10 INCH OR MORE:   5
MIN 32 OR BELOW:  23    0.50 INCH OR MORE:   1
MIN  0 OR BELOW:   0    1.00 INCH OR MORE:   0

[HDD (BASE 65) ]
TOTAL THIS MO.   826    CLEAR  (SCALE 0-3)   6
DPTR FM NORMAL   136    PTCLDY (SCALE 4-7)  15
TOTAL FM JUL 1  5141    CLOUDY (SCALE 8-10)  4
DPTR FM NORMAL   409

[CDD (BASE 65) ]
TOTAL THIS MO.     0
DPTR FM NORMAL     0    [PRESSURE DATA]
TOTAL FM JAN 1     0    HIGHEST SLP M ON M
DPTR FM NORMAL     0    LOWEST  SLP 29.37 ON 17

[REMARKS]
