000
CXUS55 KRIW 010901
CF6BPI
PRELIMINARY LOCAL CLIMATOLOGICAL DATA (WS FORM: F-6)

                                          STATION:   BIG PINEY  WY
                                          MONTH:     FEBRUARY
                                          YEAR:      2015
                                          LATITUDE:   42 34 N
                                          LONGITUDE: 110  6 W

  TEMPERATURE IN F:       :PCPN:    SNOW:  WIND      :SUNSHINE: SKY     :PK WND
================================================================================
1   2   3   4   5  6A  6B    7    8   9   10  11  12  13   14  15   16   17  18
                                     12Z  AVG MX 2MIN
DY MAX MIN AVG DEP HDD CDD  WTR  SNW DPTH SPD SPD DIR MIN PSBL S-S WX    SPD DR
================================================================================

 1  34   5  20   9  45   0 0.00  0.0    M  3.8 13  30   M    M   3        16 360
 2  41  11  26  15  39   0    T    M    M  4.9 13  50   M    M   5 1      15  40
 3  45  20  33  21  32   0    T    M    M  7.7 25 290   M    M   4 18     32 310
 4  39  25  32  20  33   0 0.01    M    M  4.0 12 350   M    M   7 1      13 350
 5  46  18  32  20  33   0 0.00    M    M  4.4 12  70   M    M   0        14 320
 6  48  17  33  21  32   0 0.00    M    M  5.7 14  70   M    M   0        17  80
 7  52  26  39  27  26   0 0.00    M    M 10.9 32 260   M    M   3        41 280
 8  48  28  38  26  27   0 0.00    M    M  4.9 13  80   M    M   2        17  80
 9  43  21  32  19  33   0    T    M    M  4.0 18 270   M    M   4 1      22 270
10  41  24  33  20  32   0 0.00  0.0    M  9.7 25 320   M    M   3        30 330
11  42  16  29  16  36   0 0.00  0.0    M  4.9 12  30   M    M   0        14  40
12  51  21  36  23  29   0 0.00  0.0    M  7.5 20 350   M    M   3        24 350
13  57  21  39  25  26   0 0.00  0.0    M  6.8 15  20   M    M   0        19 350
14  54  24  39  25  26   0 0.00  0.0    M  5.2 14  20   M    M   0        15  20
15  43  19  31  17  34   0    T    M    M 12.8 25 350   M    M   0        31 360
16  36  12  24   9  41   0 0.00  0.0    M  5.6 14 340   M    M   0        17  20
17  36   6  21   6  44   0 0.00  0.0    M  8.0 23 340   M    M   0        27 340
18  48  13  31  16  34   0 0.00  0.0    M  7.5 26 340   M    M   0        32 340
19  52  15  34  18  31   0 0.00  0.0    M  5.6 22 320   M    M   0        27 330
20  41  20  31  15  34   0 0.00  0.0    M 13.3 24  10   M    M   3        31 310
21  31  11  21   4  44   0 0.03    M    M  6.7 21 170   M    M   9 128    27 170
22  17 -17   0 -17  65   0    T    M    M  8.6 20 230   M    M   7 18     23 210
23  25 -22   2 -15  63   0 0.00  0.0    M  2.9  9  70   M    M   0         9  70
24  41  -5  18   0  47   0 0.00  0.0    M  5.1 23 330   M    M   0        27 330
25  37  16  27   9  38   0 0.00  0.0    M 15.3 30 350   M    M   2        35 350
26  27  10  19   0  46   0 0.01    M    M  7.5 14 170   M    M  10 18     18 170
27  25   9  17  -2  48   0    T    M    M  4.7 14  40   M    M   9 18     15  30
28  30  14  22   2  43   0    T    M    M  5.1 17  40   M    M   9 1      20  30
================================================================================
SM 1130  378      1061   0  0.05     0.0 193.1          M       83
================================================================================
AV 40.4 13.5                               6.9 FASTST   M    M   3    MAX(MPH)
                                 MISC ---->  # 32 260               # 41  280
================================================================================
NOTES:
# LAST OF SEVERAL OCCURRENCES

COLUMN 17 PEAK WIND IN M.P.H.

PRELIMINARY LOCAL CLIMATOLOGICAL DATA (WS FORM: F-6) , PAGE 2

                                          STATION:  BIG PINEY  WY
                                          MONTH:    FEBRUARY
                                          YEAR:     2015
                                          LATITUDE:   42 34 N
                                          LONGITUDE: 110  6 W

[TEMPERATURE DATA]      [PRECIPITATION DATA]       SYMBOLS USED IN COLUMN 16

AVERAGE MONTHLY: 26.9   TOTAL FOR MONTH:   0.05    1 = FOG OR MIST
DPTR FM NORMAL:  12.3   DPTR FM NORMAL:   -0.30    2 = FOG REDUCING VISIBILITY
HIGHEST:    57 ON 13    GRTST 24HR  0.03 ON 21-21      TO 1/4 MILE OR LESS
LOWEST:    -22 ON 23                               3 = THUNDER
                        SNOW, ICE PELLETS, HAIL    4 = ICE PELLETS
                        TOTAL MONTH:   0.0 INCH    5 = HAIL
                        GRTST 24HR     0.0         6 = FREEZING RAIN OR DRIZZLE
                        GRTST DEPTH:  M  ON   M    7 = DUSTSTORM OR SANDSTORM:
                                                       VSBY 1/2 MILE OR LESS
                                                   8 = SMOKE OR HAZE
[NO. OF DAYS WITH]      [WEATHER - DAYS WITH]      9 = BLOWING SNOW
                                                   X = TORNADO
MAX 32 OR BELOW:   6    0.01 INCH OR MORE:   3
MAX 90 OR ABOVE:   0    0.10 INCH OR MORE:   0
MIN 32 OR BELOW:  28    0.50 INCH OR MORE:   0
MIN  0 OR BELOW:   3    1.00 INCH OR MORE:   0

[HDD (BASE 65) ]
TOTAL THIS MO.  1061    CLEAR  (SCALE 0-3)  18
DPTR FM NORMAL  -349    PTCLDY (SCALE 4-7)   6
TOTAL FM JUL 1  6100    CLOUDY (SCALE 8-10)  4
DPTR FM NORMAL -1423

[CDD (BASE 65) ]
TOTAL THIS MO.     0
DPTR FM NORMAL     0    [PRESSURE DATA]
TOTAL FM JAN 1     0    HIGHEST SLP M ON M
DPTR FM NORMAL     0    LOWEST  SLP 29.75 ON 20

[REMARKS]
#FINAL-02-15#
