000
CXUS54 KLCH 231204
CF6BPT
PRELIMINARY LOCAL CLIMATOLOGICAL DATA (WS FORM: F-6)

                                          STATION:   BEAUMONT PORT ARTHUR
                                          MONTH:     FEBRUARY
                                          YEAR:      2018
                                          LATITUDE:   29 57 N
                                          LONGITUDE:  94  1 W

  TEMPERATURE IN F:       :PCPN:    SNOW:  WIND      :SUNSHINE: SKY     :PK WND
================================================================================
1   2   3   4   5  6A  6B    7    8   9   10  11  12  13   14  15   16   17  18
                                     12Z  AVG MX 2MIN
DY MAX MIN AVG DEP HDD CDD  WTR  SNW DPTH SPD SPD DIR MIN PSBL S-S WX    SPD DR
================================================================================

 1  75  54  65  11   0   0 0.00  0.0    0  7.9 17 200   M    M   5 1      22 200
 2  64  47  56   2   9   0 0.00  0.0    0 15.0 26  60   M    M   9        33  40
 3  62  44  53  -1  12   0 0.28    M    0 10.0 18 120   M    M  10 1      23 110
 4  67  55  61   7   4   0 0.00  0.0    0  6.7 14  20   M    M  10 18     17  30
 5  62  52  57   3   8   0 0.00  0.0    0  9.7 17  70   M    M   9        20 110
 6  70  59  65  11   0   0    T  0.0    0  7.9 14 190   M    M  10 12     19 160
 7  68  42  55   1  10   0 0.56    M    0 13.7 23  10   M    M  10 13     32 360
 8  63  38  51  -4  14   0 0.00  0.0    0  7.8 16  20   M    M   5        20  10
 9  71  56  64   9   1   0 0.03  0.0    0  7.6 13 170   M    M   9 1      17 160
10  68  62  65  10   0   0 1.96  0.0    0  7.1 21 190   M    M  10 13     41 220
11  65  40  53  -2  12   0 0.02    M    0 13.6 22 360   M    M  10 1      28 340
12  49  38  44 -11  21   0 0.00  0.0    0 12.5 20  10   M    M  10 1      25 360
13  61  44  53  -3  12   0 0.28    M    0  7.4 13  60   M    M  10 13     17 140
14  78  61  70  14   0   5    T  0.0    0  8.6 17 190   M    M   9 12     23 180
15  79  64  72  16   0   7 0.00  0.0    0 10.7 21 190   M    M  10 12     28 210
16  82  66  74  18   0   9 0.00  0.0    0  7.9 17 190   M    M   9 12     22 170
17  80  61  71  15   0   6 0.08  0.0    0  8.4 20 230   M    M  10 1      25 200
18  76  61  69  13   0   4 0.00  0.0    0  8.8 15 160   M    M  10 12     19 150
19  79  66  73  16   0   8 0.00  0.0    0 16.5 25 170   M    M   7 1      33 180
20  80  69  75  18   0  10 0.00  0.0    0 17.6 29 150   M    M   9 1      36 160
21  78  71  75  18   0  10 0.06  0.0    0 16.0 30 160   M    M  10 13     39 160
22  81  64  73  16   0   8    T  0.0    0 11.7 23 160   M    M  10 1      29 170
================================================================================
SM 1558 1214       103  67  3.27     0.0 233.1          M      201
================================================================================
AV 70.8 55.2                              10.6 FASTST   M    M   9    MAX(MPH)
                                 MISC ---->  # 30 160               # 41  220
================================================================================
NOTES:
# LAST OF SEVERAL OCCURRENCES

COLUMN 17 PEAK WIND IN M.P.H.

PRELIMINARY LOCAL CLIMATOLOGICAL DATA (WS FORM: F-6) , PAGE 2

                                          STATION:  BEAUMONT PORT ARTHUR
                                          MONTH:    FEBRUARY
                                          YEAR:     2018
                                          LATITUDE:   29 57 N
                                          LONGITUDE:  94  1 W

[TEMPERATURE DATA]      [PRECIPITATION DATA]       SYMBOLS USED IN COLUMN 16

AVERAGE MONTHLY: 63.0   TOTAL FOR MONTH:   3.27    1 = FOG OR MIST
DPTR FM NORMAL:   7.7   DPTR FM NORMAL:    0.40    2 = FOG REDUCING VISIBILITY
HIGHEST:    82 ON 16    GRTST 24HR  1.96 ON 10-10      TO 1/4 MILE OR LESS
LOWEST:     38 ON 12, 8                            3 = THUNDER
                        SNOW, ICE PELLETS, HAIL    4 = ICE PELLETS
                        TOTAL MONTH:   0.0 INCH    5 = HAIL
                        GRTST 24HR     0.0         6 = FREEZING RAIN OR DRIZZLE
                        GRTST DEPTH:   0           7 = DUSTSTORM OR SANDSTORM:
                                                       VSBY 1/2 MILE OR LESS
                                                   8 = SMOKE OR HAZE
[NO. OF DAYS WITH]      [WEATHER - DAYS WITH]      9 = BLOWING SNOW
                                                   X = TORNADO
MAX 32 OR BELOW:   0    0.01 INCH OR MORE:   8
MAX 90 OR ABOVE:   0    0.10 INCH OR MORE:   4
MIN 32 OR BELOW:   0    0.50 INCH OR MORE:   2
MIN  0 OR BELOW:   0    1.00 INCH OR MORE:   1

[HDD (BASE 65) ]
TOTAL THIS MO.   103    CLEAR  (SCALE 0-3)   0
DPTR FM NORMAL  -121    PTCLDY (SCALE 4-7)   3
TOTAL FM JUL 1  1115    CLOUDY (SCALE 8-10) 19
DPTR FM NORMAL   -52

[CDD (BASE 65) ]
TOTAL THIS MO.    67
DPTR FM NORMAL    57    [PRESSURE DATA]
TOTAL FM JAN 1    68    HIGHEST SLP M ON M
DPTR FM NORMAL    47    LOWEST  SLP 29.87 ON 10

[REMARKS]
