000
CXUS55 KDVN 221100
CF6BRL
PRELIMINARY LOCAL CLIMATOLOGICAL DATA (WS FORM: F-6)

                                          STATION:   BURLINGTON IA
                                          MONTH:     OCTOBER
                                          YEAR:      2017
                                          LATITUDE:   40 46 N
                                          LONGITUDE:  91  7 W

  TEMPERATURE IN F:       :PCPN:    SNOW:  WIND      :SUNSHINE: SKY     :PK WND
================================================================================
1   2   3   4   5  6A  6B    7    8   9   10  11  12  13   14  15   16   17  18
                                     12Z  AVG MX 2MIN
DY MAX MIN AVG DEP HDD CDD  WTR  SNW DPTH SPD SPD DIR MIN PSBL S-S WX    SPD DR
================================================================================

 1  76  53  65   4   0   0 0.00    M    M  8.9 17 180   M    M   0        25 170
 2  86  65  76  16   0  11 0.00    M    M 13.0 21 180   M    M   1        29 170
 3  82  69  76  16   0  11 0.00    M    M 12.7 20 190   M    M   6        26 190
 4  73  59  66   6   0   1 0.09    M    M  5.8 15  10   M    M   9 1      19 320
 5  69  62  66   7   0   1 0.03    M    M  3.7 10 130   M    M  10 18     13 110
 6  70  68  69  10   0   4 0.50    M    M  9.2 18 180   M    M   7 1      25 190
 7  72  54  63   4   2   0 0.05    M    M 14.3 31 240   M    M   6 1      41 220
 8  80  50  65   7   0   0 0.00    M    M  5.3 16 180   M    M   0 1      21 190
 9  83  51  67   9   0   2 0.00    M    M  6.1 21  20   M    M   1 1      27  20
10  62  52  57   0   8   0 1.83    M    M 13.3 25  30   M    M   8 13     31  30
11  55  50  53  -4  12   0 0.01    M    M  5.9 15 340   M    M  10 1      21 340
12  61  54  58   1   7   0 0.00    M    M  5.5 15 170   M    M  10 12     19 180
13  78  55  67  11   0   2 0.00    M    M  7.2 15 180   M    M   6        18 180
14  72  63  68  12   0   3 1.98    M    M  7.1 23 320   M    M   8 13     34 310
15  65  40  53  -3  12   0 0.01    M    M 10.4 23 330   M    M   7 3      35 290
16  67  39  53  -2  12   0 0.00    M    M  5.6 14 250   M    M   0 1      21 240
17  71  44  58   3   7   0 0.00    M    M  9.9 20 200   M    M   0        25 210
18  73  47  60   5   5   0 0.00    M    M  9.9 21 210   M    M   0        27 200
19  76  46  61   7   4   0 0.00    M    M  5.0 12 180   M    M   0        15 170
20  76  52  64  10   1   0 0.00    M    M  9.7 18 170   M    M   0        24 180
21  80  61  71  17   0   6 0.00    M    M 13.6 23 190   M    M   2        35 170
================================================================================
SM 1527 1134        70  41  4.50    M    182.1          M       91
================================================================================
AV 72.7 54.0                               8.7 FASTST   M    M   4    MAX(MPH)
                                 MISC ---->  # 31 240               # 41  220
================================================================================
NOTES:
# LAST OF SEVERAL OCCURRENCES

COLUMN 17 PEAK WIND IN M.P.H.

PRELIMINARY LOCAL CLIMATOLOGICAL DATA (WS FORM: F-6) , PAGE 2

                                          STATION:  BURLINGTON IA
                                          MONTH:    OCTOBER
                                          YEAR:     2017
                                          LATITUDE:   40 46 N
                                          LONGITUDE:  91  7 W

[TEMPERATURE DATA]      [PRECIPITATION DATA]       SYMBOLS USED IN COLUMN 16

AVERAGE MONTHLY: 63.4   TOTAL FOR MONTH:   4.50    1 = FOG OR MIST
DPTR FM NORMAL:   6.2   DPTR FM NORMAL:    2.33    2 = FOG REDUCING VISIBILITY
HIGHEST:    86 ON  2    GRTST 24HR  1.98 ON 14-14      TO 1/4 MILE OR LESS
LOWEST:     39 ON 16                               3 = THUNDER
                        SNOW, ICE PELLETS, HAIL    4 = ICE PELLETS
                        TOTAL MONTH:    M          5 = HAIL
                        GRTST 24HR    M  ON   M    6 = FREEZING RAIN OR DRIZZLE
                        GRTST DEPTH:  M  ON   M    7 = DUSTSTORM OR SANDSTORM:
                                                       VSBY 1/2 MILE OR LESS
                                                   8 = SMOKE OR HAZE
[NO. OF DAYS WITH]      [WEATHER - DAYS WITH]      9 = BLOWING SNOW
                                                   X = TORNADO
MAX 32 OR BELOW:   0    0.01 INCH OR MORE:   8
MAX 90 OR ABOVE:   0    0.10 INCH OR MORE:   3
MIN 32 OR BELOW:   0    0.50 INCH OR MORE:   3
MIN  0 OR BELOW:   0    1.00 INCH OR MORE:   2

[HDD (BASE 65) ]
TOTAL THIS MO.    70    CLEAR  (SCALE 0-3)  10
DPTR FM NORMAL  -116    PTCLDY (SCALE 4-7)   7
TOTAL FM JUL 1   110    CLOUDY (SCALE 8-10)  4
DPTR FM NORMAL  -147

[CDD (BASE 65) ]
TOTAL THIS MO.    41
DPTR FM NORMAL    22    [PRESSURE DATA]
TOTAL FM JAN 1  1068    HIGHEST SLP M ON M
DPTR FM NORMAL  -133    LOWEST  SLP 29.43 ON  7

[REMARKS]
