000
CXUS55 KDVN 301100
CF6BRL
PRELIMINARY LOCAL CLIMATOLOGICAL DATA (WS FORM: F-6)

                                          STATION:   BURLINGTON IA
                                          MONTH:     SEPTEMBER
                                          YEAR:      2016
                                          LATITUDE:   40 46 N
                                          LONGITUDE:  91  7 W

  TEMPERATURE IN F:       :PCPN:    SNOW:  WIND      :SUNSHINE: SKY     :PK WND
================================================================================
1   2   3   4   5  6A  6B    7    8   9   10  11  12  13   14  15   16   17  18
                                     12Z  AVG MX 2MIN
DY MAX MIN AVG DEP HDD CDD  WTR  SNW DPTH SPD SPD DIR MIN PSBL S-S WX    SPD DR
================================================================================

 1  79  57  68  -5   0   3 0.00    M    M  7.5 16  70   M    M   2        21  40
 2  78  58  68  -4   0   3 0.00    M    M  7.8 14  50   M    M   1        18  60
 3  78  59  69  -3   0   4 0.00    M    M  5.8 10 130   M    M   2        14 110
 4  81  57  69  -3   0   4 0.00    M    M  6.5 15 180   M    M   1        20 180
 5  89  66  78   6   0  13 0.00    M    M  9.7 18 190   M    M   0 8      25 210
 6  92  74  83  12   0  18 0.00    M    M 10.8 20 200   M    M   1 18     27 200
 7  89  71  80   9   0  15 2.69    M    M  8.6 32 330   M    M   3 13     48 300
 8  83  69  76   6   0  11 0.26    M    M  5.5 12 220   M    M   M 13     15 300
 9  77  67  72   2   0   7 0.00    M    M  3.5 13 170   M    M   4 1      15 180
10  73  53  63  -7   2   0 0.20    M    M  7.9 20 320   M    M   4 1      29 320
11  77  50  64  -5   1   0 0.00    M    M  4.6 14 190   M    M   0        19 200
12  81  56  69   0   0   4 0.00    M    M 10.6 18 170   M    M   0        24 180
13  77  63  70   1   0   5    T    M    M  6.3 14 320   M    M   2 18     18 320
14  76  63  70   2   0   5 0.00    M    M  7.0 15  30   M    M   4        18  30
15  85  61  73   5   0   8 0.00    M    M  8.1 15 170   M    M   3        20 180
16  83  66  75   8   0  10 0.08    M    M  9.1 21 190   M    M   5 13     26 180
17  82  58  70   3   0   5 0.00    M    M  5.7 14 260   M    M   3 1      17 260
18  83  53  68   1   0   3 0.00    M    M  4.1 13 180   M    M   0        16 150
19  89  57  73   7   0   8 0.00    M    M  7.3 16 200   M    M   1 18     22 210
20  90  64  77  11   0  12 0.00    M    M  5.2 10 130   M    M   0 1      15 110
21  89  69  79  14   0  14 0.00    M    M  7.7 17 110   M    M   1 1      23 110
22  89  66  78  13   0  13 0.00    M    M  6.1 14 210   M    M   0 18     19 190
23  87  67  77  13   0  12 0.00    M    M  4.4 17  30   M    M   2 18     18  40
24  88  65  77  13   0  12 0.00    M    M  6.0 12 140   M    M   1 1      15 180
25  85  58  72   8   0   7 0.00    M    M  8.6 18 240   M    M   2 18     24 230
26  73  49  61  -2   4   0 0.00    M    M  8.4 18 310   M    M   0 8      27 290
27  75  50  63   0   2   0 0.00    M    M  8.1 18 290   M    M   0 8      27 290
28  63  49  56  -6   9   0 0.00    M    M 11.4 18 360   M    M   7 8      24 350
29  76  51  64   2   1   0 0.00    M    M 12.4 22 350   M    M   3        27 350
================================================================================
SM 2367 1746        19 196  3.23    M    214.7          M       52
================================================================================
AV 81.6 60.2                               7.4 FASTST   M    M   2    MAX(MPH)
                                 MISC ---->  # 32 330               # 48  300
================================================================================
NOTES:
# LAST OF SEVERAL OCCURRENCES

COLUMN 17 PEAK WIND IN M.P.H.

PRELIMINARY LOCAL CLIMATOLOGICAL DATA (WS FORM: F-6) , PAGE 2

                                          STATION:  BURLINGTON IA
                                          MONTH:    SEPTEMBER
                                          YEAR:     2016
                                          LATITUDE:   40 46 N
                                          LONGITUDE:  91  7 W

[TEMPERATURE DATA]      [PRECIPITATION DATA]       SYMBOLS USED IN COLUMN 16

AVERAGE MONTHLY: 70.9   TOTAL FOR MONTH:   3.23    1 = FOG OR MIST
DPTR FM NORMAL:   3.3   DPTR FM NORMAL:   -0.20    2 = FOG REDUCING VISIBILITY
HIGHEST:    92 ON  6    GRTST 24HR  2.69 ON  7- 7      TO 1/4 MILE OR LESS
LOWEST:     49 ON 28,26                            3 = THUNDER
                        SNOW, ICE PELLETS, HAIL    4 = ICE PELLETS
                        TOTAL MONTH:    M          5 = HAIL
                        GRTST 24HR    M  ON   M    6 = FREEZING RAIN OR DRIZZLE
                        GRTST DEPTH:  M  ON   M    7 = DUSTSTORM OR SANDSTORM:
                                                       VSBY 1/2 MILE OR LESS
                                                   8 = SMOKE OR HAZE
[NO. OF DAYS WITH]      [WEATHER - DAYS WITH]      9 = BLOWING SNOW
                                                   X = TORNADO
MAX 32 OR BELOW:   0    0.01 INCH OR MORE:   4
MAX 90 OR ABOVE:   2    0.10 INCH OR MORE:   3
MIN 32 OR BELOW:   0    0.50 INCH OR MORE:   1
MIN  0 OR BELOW:   0    1.00 INCH OR MORE:   1

[HDD (BASE 65) ]
TOTAL THIS MO.    19    CLEAR  (SCALE 0-3)  22
DPTR FM NORMAL   -42    PTCLDY (SCALE 4-7)   6
TOTAL FM JUL 1    25    CLOUDY (SCALE 8-10)  0
DPTR FM NORMAL   -40

[CDD (BASE 65) ]
TOTAL THIS MO.   196
DPTR FM NORMAL    58    [PRESSURE DATA]
TOTAL FM JAN 1  1229    HIGHEST SLP M ON M
DPTR FM NORMAL    48    LOWEST  SLP 29.76 ON 27

[REMARKS]
