000
CXUS55 KDVN 231100
CF6BRL
PRELIMINARY LOCAL CLIMATOLOGICAL DATA (WS FORM: F-6)

                                          STATION:   BURLINGTON IA
                                          MONTH:     MAY
                                          YEAR:      2016
                                          LATITUDE:   40 46 N
                                          LONGITUDE:  91  7 W

  TEMPERATURE IN F:       :PCPN:    SNOW:  WIND      :SUNSHINE: SKY     :PK WND
================================================================================
1   2   3   4   5  6A  6B    7    8   9   10  11  12  13   14  15   16   17  18
                                     12Z  AVG MX 2MIN
DY MAX MIN AVG DEP HDD CDD  WTR  SNW DPTH SPD SPD DIR MIN PSBL S-S WX    SPD DR
================================================================================

 1  51  47  49 -10  16   0 0.02    M    M  7.9 14  40   M    M  10 1      17  40
 2  57  48  53  -6  12   0    T    M    M  6.3 15  40   M    M  10 1      18  30
 3  67  46  57  -3   8   0 0.00    M    M  8.4 16 240   M    M   4        21 250
 4  64  45  55  -5  10   0    T    M    M 12.1 24 360   M    M   3        33 340
 5  67  40  54  -6  11   0 0.00    M    M  6.1 14  20   M    M   0 8      18 340
 6  84  46  65   5   0   0 0.00    M    M  8.1 18 240   M    M   0        23 240
 7  78  55  67   6   0   2 0.04    M    M  9.3 16 340   M    M   4 8      22 240
 8  67  54  61   0   4   0 0.04    M    M  7.8 15 110   M    M   7 1      21 150
 9  68  56  62   1   3   0 0.67    M    M  9.2 16 120   M    M  10 13     21 130
10  75  60  68   6   0   3 0.18    M    M  5.4 12  40   M    M   7 13     15 210
11  77  58  68   6   0   3 0.00    M    M  5.7 17 120   M    M   8 12     23 120
12  68  49  59  -3   6   0 0.00    M    M  9.9 22 300   M    M   5 1      29 290
13  71  43  57  -6   8   0 0.47    M    M  9.5 29 330   M    M   3 1      40 330
14  55  41  48 -15  17   0 0.00    M    M 12.5 22 290   M    M   4        33 310
15  63  39  51 -12  14   0 0.00    M    M  7.1 15 310   M    M   2 8      20 310
16  62  46  54 -10  11   0 0.07    M    M  6.9 16 190   M    M   5        20 210
17  63  45  54 -10  11   0    T    M    M  3.8 16  40   M    M   6 1      21  10
18  68  42  55  -9  10   0 0.00    M    M  4.8 14  60   M    M   0 1      18  50
19  72  44  58  -6   7   0 0.00    M    M  5.2 14 180   M    M   1        18 210
20  67  51  59  -6   6   0 0.00    M    M  4.7 10  40   M    M   5 8      13  40
21  76  46  61  -4   4   0 0.00    M    M  4.3 13 360   M    M   0 8      15 360
22  82  55  69   3   0   4 0.00    M    M  4.7 12 190   M    M   0 8      16 190
================================================================================
SM 1502 1056       158  12  1.49    M    159.7          M       94
================================================================================
AV 68.3 48.0                               7.3 FASTST   M    M   4    MAX(MPH)
                                 MISC ---->  # 29 330               # 40  330
================================================================================
NOTES:
# LAST OF SEVERAL OCCURRENCES

COLUMN 17 PEAK WIND IN M.P.H.

PRELIMINARY LOCAL CLIMATOLOGICAL DATA (WS FORM: F-6) , PAGE 2

                                          STATION:  BURLINGTON IA
                                          MONTH:    MAY
                                          YEAR:     2016
                                          LATITUDE:   40 46 N
                                          LONGITUDE:  91  7 W

[TEMPERATURE DATA]      [PRECIPITATION DATA]       SYMBOLS USED IN COLUMN 16

AVERAGE MONTHLY: 58.1   TOTAL FOR MONTH:   1.49    1 = FOG OR MIST
DPTR FM NORMAL:  -4.0   DPTR FM NORMAL:   -2.02    2 = FOG REDUCING VISIBILITY
HIGHEST:    84 ON  6    GRTST 24HR  0.83 ON  9-10      TO 1/4 MILE OR LESS
LOWEST:     39 ON 15                               3 = THUNDER
                        SNOW, ICE PELLETS, HAIL    4 = ICE PELLETS
                        TOTAL MONTH:    M          5 = HAIL
                        GRTST 24HR    M  ON   M    6 = FREEZING RAIN OR DRIZZLE
                        GRTST DEPTH:  M  ON   M    7 = DUSTSTORM OR SANDSTORM:
                                                       VSBY 1/2 MILE OR LESS
                                                   8 = SMOKE OR HAZE
[NO. OF DAYS WITH]      [WEATHER - DAYS WITH]      9 = BLOWING SNOW
                                                   X = TORNADO
MAX 32 OR BELOW:   0    0.01 INCH OR MORE:   7
MAX 90 OR ABOVE:   0    0.10 INCH OR MORE:   3
MIN 32 OR BELOW:   0    0.50 INCH OR MORE:   1
MIN  0 OR BELOW:   0    1.00 INCH OR MORE:   0

[HDD (BASE 65) ]
TOTAL THIS MO.   158    CLEAR  (SCALE 0-3)   9
DPTR FM NORMAL    52    PTCLDY (SCALE 4-7)   9
TOTAL FM JUL 1  4996    CLOUDY (SCALE 8-10)  4
DPTR FM NORMAL  -572

[CDD (BASE 65) ]
TOTAL THIS MO.    12
DPTR FM NORMAL   -32    [PRESSURE DATA]
TOTAL FM JAN 1    30    HIGHEST SLP M ON M
DPTR FM NORMAL   -34    LOWEST  SLP 29.64 ON  3

[REMARKS]
