000
CXUS55 KDVN 171100
CF6BRL
PRELIMINARY LOCAL CLIMATOLOGICAL DATA (WS FORM: F-6)

                                          STATION:   BURLINGTON IA
                                          MONTH:     DECEMBER
                                          YEAR:      2017
                                          LATITUDE:   40 46 N
                                          LONGITUDE:  91  7 W

  TEMPERATURE IN F:       :PCPN:    SNOW:  WIND      :SUNSHINE: SKY     :PK WND
================================================================================
1   2   3   4   5  6A  6B    7    8   9   10  11  12  13   14  15   16   17  18
                                     12Z  AVG MX 2MIN
DY MAX MIN AVG DEP HDD CDD  WTR  SNW DPTH SPD SPD DIR MIN PSBL S-S WX    SPD DR
================================================================================

 1  54  26  40   6  25   0 0.00    M    M  5.8 15 190   M    M   0 18     17 190
 2  59  32  46  12  19   0 0.00    M    M  3.5  8 200   M    M   0 8      11 170
 3  62  30  46  13  19   0 0.00    M    M  7.9 21 180   M    M   1        28 180
 4  67  39  53  20  12   0    T    M    M 19.9 30 290   M    M   8 3      42 290
 5  39  25  32   0  33   0 0.00    M    0 12.5 28 270   M    M   3        38 280
 6  39  25  32   0  33   0 0.00    M    M 10.4 23 300   M    M   6 8      31 300
 7  28  15  22 -10  43   0    T    M    M 10.6 20 310   M    M   3 8      30 320
 8  38  15  27  -4  38   0 0.00    M    M  9.5 16 280   M    M   2 8      22 280
 9  34  18  26  -5  39   0 0.00    M    M 11.3 28 350   M    M   6 8      34 350
10  44  19  32   2  33   0 0.00    M    M  8.9 21 320   M    M   1 8      26 310
11  48  27  38   8  27   0 0.01    M    M 13.0 29 300   M    M   4 18     40 320
12  32  17  25  -5  40   0 0.00    M    M 10.0 22 330   M    M   2 8      31 310
13  49  26  38   9  27   0 0.01    M    M 17.8 31 300   M    M   6 1      51 290
14  30  20  25  -4  40   0 0.00    M    M  5.1 15  10   M    M   8 8      20 340
15  43  25  34   5  31   0 0.00    M    M 10.2 20 240   M    M   6        24 240
16  53  31  42  14  23   0 0.00    M    M  8.4 18 210   M    M   0 8      23 210
================================================================================
SM  719  390       482   0  0.02    M    164.8          M       56
================================================================================
AV 44.9 24.4                              10.3 FASTST   M    M   4    MAX(MPH)
                                 MISC ---->  # 31 300               # 51  290
================================================================================
NOTES:
# LAST OF SEVERAL OCCURRENCES

COLUMN 17 PEAK WIND IN M.P.H.

PRELIMINARY LOCAL CLIMATOLOGICAL DATA (WS FORM: F-6) , PAGE 2

                                          STATION:  BURLINGTON IA
                                          MONTH:    DECEMBER
                                          YEAR:     2017
                                          LATITUDE:   40 46 N
                                          LONGITUDE:  91  7 W

[TEMPERATURE DATA]      [PRECIPITATION DATA]       SYMBOLS USED IN COLUMN 16

AVERAGE MONTHLY: 34.7   TOTAL FOR MONTH:   0.02    1 = FOG OR MIST
DPTR FM NORMAL:   3.6   DPTR FM NORMAL:   -1.16    2 = FOG REDUCING VISIBILITY
HIGHEST:    67 ON  4    GRTST 24HR  0.01 ON 13-13      TO 1/4 MILE OR LESS
LOWEST:     15 ON  8, 7                            3 = THUNDER
                        SNOW, ICE PELLETS, HAIL    4 = ICE PELLETS
                        TOTAL MONTH:    M          5 = HAIL
                        GRTST 24HR    M  ON   M    6 = FREEZING RAIN OR DRIZZLE
                        GRTST DEPTH:   0           7 = DUSTSTORM OR SANDSTORM:
                                                       VSBY 1/2 MILE OR LESS
                                                   8 = SMOKE OR HAZE
[NO. OF DAYS WITH]      [WEATHER - DAYS WITH]      9 = BLOWING SNOW
                                                   X = TORNADO
MAX 32 OR BELOW:   3    0.01 INCH OR MORE:   2
MAX 90 OR ABOVE:   0    0.10 INCH OR MORE:   0
MIN 32 OR BELOW:  15    0.50 INCH OR MORE:   0
MIN  0 OR BELOW:   0    1.00 INCH OR MORE:   0

[HDD (BASE 65) ]
TOTAL THIS MO.   482    CLEAR  (SCALE 0-3)   9
DPTR FM NORMAL   -60    PTCLDY (SCALE 4-7)   6
TOTAL FM JUL 1  1533    CLOUDY (SCALE 8-10)  1
DPTR FM NORMAL   -82

[CDD (BASE 65) ]
TOTAL THIS MO.     0
DPTR FM NORMAL     0    [PRESSURE DATA]
TOTAL FM JAN 1  1068    HIGHEST SLP M ON M
DPTR FM NORMAL  -139    LOWEST  SLP 29.36 ON 13

[REMARKS]
