000
CXUS53 KGRR 281017
CF6BTL
PRELIMINARY LOCAL CLIMATOLOGICAL DATA (WS FORM: F-6)

                                          STATION:   BATTLE CREEK MI
                                          MONTH:     DECEMBER
                                          YEAR:      2014
                                          LATITUDE:   42 17 N
                                          LONGITUDE:  85 14 W

  TEMPERATURE IN F:       :PCPN:    SNOW:  WIND      :SUNSHINE: SKY     :PK WND
================================================================================
1   2   3   4   5  6A  6B    7    8   9   10  11  12  13   14  15   16   17  18
                                     12Z  AVG MX 2MIN
DY MAX MIN AVG DEP HDD CDD  WTR  SNW DPTH SPD SPD DIR MIN PSBL S-S WX    SPD DR
================================================================================

 1  36  19  28  -4  37   0 0.00    M    M 11.4 21 320   M    M   3        26 310
 2  37  18  28  -4  37   0 0.00    M    M  9.1 17 140   M    M   5 18     21 130
 3  38  24  31  -1  34   0    T    M    M 13.1 28 280   M    M   6 1      35 290
 4  32  24  28  -3  37   0 0.00    M    M  5.4 12 140   M    M   5        14 140
 5  39  30  35   4  30   0 0.00    M    M  3.3  9 120   M    M   7 18     12 150
 6  42  27  35   5  30   0 0.00    M    M  8.4 18  20   M    M   4 8      24  40
 7  37  21  29  -1  36   0 0.00    M    M  7.6 15 130   M    M   0        20 130
 8  40  30  35   5  30   0 0.09    M    M  8.7 15 180   M    M   6 1      21 150
 9  38  33  36   7  29   0 0.02    M    M  7.1 15 350   M    M  10 12     20 350
10  33  22  28  -1  37   0 0.00    M    M  8.2 14  20   M    M   6        17 360
11  38  22  30   2  35   0 0.00    M    M 11.3 18 280   M    M   1 18     24 300
12  35  26  31   3  34   0 0.00    M    M 10.9 17 280   M    M   9 128    20 280
13  46  35  41  13  24   0 0.00    M    M 10.9 16 270   M    M  10 18     22 270
14  54  46  50  22  15   0 0.00    M    M  8.7 16 280   M    M  10 18     23 280
15  54  44  49  22  16   0 0.02    M    M  9.5 16 170   M    M   9 18     20 160
16  46  35  41  14  24   0 0.02    M    M 10.5 23 290   M    M  10 12     30 280
17  35  29  32   5  33   0    T    M    M 14.8 28 290   M    M  10 1      34 280
18  32  28  30   4  35   0    T    M    M  8.4 14 270   M    M  10 168    17 260
19  31  20  26   0  39   0 0.00    M    M  2.5  9 310   M    M   7 1      11 310
20  33  19  26   0  39   0 0.00    M    M  1.6  6 200   M    M   7 18      8 170
21  35  29  32   6  33   0 0.00    M    M  7.2 14 170   M    M   7 18     17 170
22  39  27  33   7  32   0 0.04    M    M  8.4 15 110   M    M   6 18     20 110
23  53  37  45  19  20   0 0.07    M    M  8.7 22 220   M    M   8 18     28 220
24  44  34  39  14  26   0 0.55    M    M  9.2 17 360   M    M  10 1      22  10
25  38  34  36  11  29   0 0.02    M    M 13.0 24 240   M    M   7 1      31 250
26  49  34  42  17  23   0 0.00    M    M 10.4 17 220   M    M   2        24 210
27  49  36  43  18  22   0 0.02    M    M 14.1 31 270   M    M  10 1      41 280
================================================================================
SM 1083  783       816   0  0.85    M    242.4          M      185
================================================================================
AV 40.1 29.0                               9.0 FASTST   M    M   7    MAX(MPH)
                                 MISC ---->  # 31 270               # 41  280
================================================================================
NOTES:
# LAST OF SEVERAL OCCURRENCES

COLUMN 17 PEAK WIND IN M.P.H.

PRELIMINARY LOCAL CLIMATOLOGICAL DATA (WS FORM: F-6) , PAGE 2

                                          STATION:  BATTLE CREEK MI
                                          MONTH:    DECEMBER
                                          YEAR:     2014
                                          LATITUDE:   42 17 N
                                          LONGITUDE:  85 14 W

[TEMPERATURE DATA]      [PRECIPITATION DATA]       SYMBOLS USED IN COLUMN 16

AVERAGE MONTHLY: 34.6   TOTAL FOR MONTH:   0.85    1 = FOG OR MIST
DPTR FM NORMAL:   6.6   DPTR FM NORMAL:   -0.90    2 = FOG REDUCING VISIBILITY
HIGHEST:    54 ON 15,14 GRTST 24HR  0.57 ON 24-25      TO 1/4 MILE OR LESS
LOWEST:     18 ON  2                               3 = THUNDER
                        SNOW, ICE PELLETS, HAIL    4 = ICE PELLETS
                        TOTAL MONTH:    M          5 = HAIL
                        GRTST 24HR    M  ON   M    6 = FREEZING RAIN OR DRIZZLE
                        GRTST DEPTH:  M  ON   M    7 = DUSTSTORM OR SANDSTORM:
                                                       VSBY 1/2 MILE OR LESS
                                                   8 = SMOKE OR HAZE
[NO. OF DAYS WITH]      [WEATHER - DAYS WITH]      9 = BLOWING SNOW
                                                   X = TORNADO
MAX 32 OR BELOW:   3    0.01 INCH OR MORE:   9
MAX 90 OR ABOVE:   0    0.10 INCH OR MORE:   1
MIN 32 OR BELOW:  17    0.50 INCH OR MORE:   1
MIN  0 OR BELOW:   0    1.00 INCH OR MORE:   0

[HDD (BASE 65) ]
TOTAL THIS MO.   816    CLEAR  (SCALE 0-3)   4
DPTR FM NORMAL  -183    PTCLDY (SCALE 4-7)  12
TOTAL FM JUL 1  2319    CLOUDY (SCALE 8-10) 11
DPTR FM NORMAL  -118

[CDD (BASE 65) ]
TOTAL THIS MO.     0
DPTR FM NORMAL     0    [PRESSURE DATA]
TOTAL FM JAN 1   593    HIGHEST SLP M ON M
DPTR FM NORMAL    15    LOWEST  SLP 29.39 ON 24

[REMARKS]
