000
CXUS53 KGRR 291017
CF6BTL
PRELIMINARY LOCAL CLIMATOLOGICAL DATA (WS FORM: F-6)

                                          STATION:   BATTLE CREEK MI
                                          MONTH:     JULY
                                          YEAR:      2015
                                          LATITUDE:   42 17 N
                                          LONGITUDE:  85 14 W

  TEMPERATURE IN F:       :PCPN:    SNOW:  WIND      :SUNSHINE: SKY     :PK WND
================================================================================
1   2   3   4   5  6A  6B    7    8   9   10  11  12  13   14  15   16   17  18
                                     12Z  AVG MX 2MIN
DY MAX MIN AVG DEP HDD CDD  WTR  SNW DPTH SPD SPD DIR MIN PSBL S-S WX    SPD DR
================================================================================

 1  72  56  64  -7   1   0 0.00    M    M  7.6 13 330   M    M   5 1      18 330
 2  75  53  64  -7   1   0 0.00    M    M  6.8 14  50   M    M   4 1      19  50
 3  77  54  66  -5   0   1 0.00    M    M  3.2  9 240   M    M   0 8      12  50
 4  80  54  67  -4   0   2 0.00    M    M  2.9  8 280   M    M   0 18     11 240
 5  83  59  71   0   0   6 0.00    M    M  4.0 10 210   M    M   0 18     12 210
 6  85  60  73   2   0   8 0.00    M    M  9.2 17 210   M    M   1 18     22 200
 7  77  57  67  -4   0   2 1.15    M    M  8.2 21 260   M    M   6 1      24 260
 8  66  53  60 -11   5   0    T    M    M  5.5 10  90   M    M   2        13 110
 9  73  59  66  -5   0   1 0.27    M    M  6.3 12  40   M    M   8 18     16  50
10  80  56  68  -3   0   3 0.00    M    M  1.6  7 350   M    M   3        11 270
11  78  58  68  -3   0   3 0.00    M    M  4.1 12 230   M    M   1 1      15 170
12  82  68  75   4   0  10    T    M    M  5.3 10 140   M    M   7        15 120
13  84  65  75   4   0  10 0.90    M    M  9.6 25  10   M    M   5 123    32 170
14  79  66  73   2   0   8 0.59    M    M 11.6 29  40   M    M   8 138    32  40
15  77  60  69  -2   0   4 0.01    M    M  7.8 17  40   M    M   1 1      24  40
16  74  57  66  -5   0   1 0.05    M    M  5.9 16 160   M    M   2        19 140
17  89  64  77   6   0  12 0.71    M    M  9.7 21 160   M    M   7 138    25 150
18  86  69  78   7   0  13 0.53    M    M  9.1 30 270   M    M   2 13     36 270
19  85  64  75   4   0  10 0.00    M    M  9.8 20 290   M    M   2        25 280
20  84  60  72   1   0   7    T    M    M  6.5 15 240   M    M   1        23 260
21  79  60  70  -1   0   5 0.00    M    M  9.3 22 270   M    M   1        27 280
22  80  57  69  -2   0   4 0.00    M    M  4.7 15 320   M    M   1        20 300
23  84  61  73   2   0   8 0.00    M    M  4.6 14 300   M    M   4        17 300
24  86  61  74   3   0   9 0.00    M    M  4.6 15 230   M    M   0        18 210
25  86  66  76   5   0  11 0.00    M    M  9.2 15 260   M    M   3        19 250
26  85  64  75   4   0  10    T    M    M  3.2 10 110   M    M   0        17 150
27  88  64  76   5   0  11 0.00    M    M  3.2 13 140   M    M   0        17 140
28  89  64  77   7   0  12 0.00    M    M  4.3 13 170   M    M   0        15 140
================================================================================
SM 2263 1689         7 171  4.21    M    177.8          M       74
================================================================================
AV 80.8 60.3                               6.3 FASTST   M    M   3    MAX(MPH)
                                 MISC ---->  # 30 270               # 36  270
================================================================================
NOTES:
# LAST OF SEVERAL OCCURRENCES

COLUMN 17 PEAK WIND IN M.P.H.

PRELIMINARY LOCAL CLIMATOLOGICAL DATA (WS FORM: F-6) , PAGE 2

                                          STATION:  BATTLE CREEK MI
                                          MONTH:    JULY
                                          YEAR:     2015
                                          LATITUDE:   42 17 N
                                          LONGITUDE:  85 14 W

[TEMPERATURE DATA]      [PRECIPITATION DATA]       SYMBOLS USED IN COLUMN 16

AVERAGE MONTHLY: 70.6   TOTAL FOR MONTH:   4.21    1 = FOG OR MIST
DPTR FM NORMAL:  -0.4   DPTR FM NORMAL:    1.18    2 = FOG REDUCING VISIBILITY
HIGHEST:    89 ON 28,17 GRTST 24HR  1.49 ON 13-14      TO 1/4 MILE OR LESS
LOWEST:     53 ON  8, 2                            3 = THUNDER
                        SNOW, ICE PELLETS, HAIL    4 = ICE PELLETS
                        TOTAL MONTH:    M          5 = HAIL
                        GRTST 24HR    M  ON   M    6 = FREEZING RAIN OR DRIZZLE
                        GRTST DEPTH:  M  ON   M    7 = DUSTSTORM OR SANDSTORM:
                                                       VSBY 1/2 MILE OR LESS
                                                   8 = SMOKE OR HAZE
[NO. OF DAYS WITH]      [WEATHER - DAYS WITH]      9 = BLOWING SNOW
                                                   X = TORNADO
MAX 32 OR BELOW:   0    0.01 INCH OR MORE:   8
MAX 90 OR ABOVE:   0    0.10 INCH OR MORE:   6
MIN 32 OR BELOW:   0    0.50 INCH OR MORE:   5
MIN  0 OR BELOW:   0    1.00 INCH OR MORE:   1

[HDD (BASE 65) ]
TOTAL THIS MO.     7    CLEAR  (SCALE 0-3)  18
DPTR FM NORMAL     1    PTCLDY (SCALE 4-7)  10
TOTAL FM JUL 1     7    CLOUDY (SCALE 8-10)  0
DPTR FM NORMAL     1

[CDD (BASE 65) ]
TOTAL THIS MO.   171
DPTR FM NORMAL    -9    [PRESSURE DATA]
TOTAL FM JAN 1   384    HIGHEST SLP M ON M
DPTR FM NORMAL    40    LOWEST  SLP 29.47 ON M

[REMARKS]
