000
CXUS55 KLIX 181000
CF6BTR
PRELIMINARY LOCAL CLIMATOLOGICAL DATA (WS FORM: F-6)

                                          STATION:   BATON ROUGE  ASOS
                                          MONTH:     OCTOBER
                                          YEAR:      2017
                                          LATITUDE:   30 31 N
                                          LONGITUDE:  91  9 W

  TEMPERATURE IN F:       :PCPN:    SNOW:  WIND      :SUNSHINE: SKY     :PK WND
================================================================================
1   2   3   4   5  6A  6B    7    8   9   10  11  12  13   14  15   16   17  18
                                     12Z  AVG MX 2MIN
DY MAX MIN AVG DEP HDD CDD  WTR  SNW DPTH SPD SPD DIR MIN PSBL S-S WX    SPD DR
================================================================================

 1  87  69  78   4   0  13    T  0.0    0  7.3 16 120   M    M   3        19 120
 2  81  68  75   1   0  10 0.06  0.0    0 11.4 20  90   M    M   9 1      24  80
 3  87  70  79   6   0  14 0.01  0.0    0 10.2 21 100   M    M   5 1      27 110
 4  87  67  77   4   0  12 0.00  0.0    0  7.9 15  50   M    M   1 1      19  90
 5  87  64  76   3   0  11 0.00  0.0    0  6.0 14  80   M    M   1 1      22  40
 6  90  63  77   5   0  12    T  0.0    0  8.1 17  60   M    M   3 1      23 110
 7  86  72  79   7   0  14 0.27  0.0    0  7.3 20 150   M    M   5 13     24 160
 8  90  72  81   9   0  16 0.00  0.0    0  4.5  9 270   M    M   5 18     12 300
 9  88  74  81  10   0  16 0.01  0.0    0  3.9 13 110   M    M   5 13     15  90
10  89  75  82  11   0  17 1.86  0.0    0  3.2 12 240   M    M   6 138    13 240
11  88  70  79   8   0  14 0.00  0.0    0  4.7  9 360   M    M   1        13 350
12  89  67  78   8   0  13 0.00  0.0    0  4.4  9  20   M    M   1 8      14  40
13  90  65  78   8   0  13 0.00  0.0    0  3.5  9  20   M    M   0 18     14  50
14  91  69  80  10   0  15 0.00  0.0    0  5.8 14  80   M    M   2 1      17 110
15  89  69  79   9   0  14 0.16  0.0    0  5.9 17 350   M    M   5 1      23 350
16  75  54  65  -4   0   0 0.18  0.0    0  9.8 21  10   M    M   3 13     28  10
17  78  48  63  -6   2   0 0.00  0.0    0  5.9 14  30   M    M   0        16  50
================================================================================
SM 1472 1136         2 204  2.55     0.0 109.8          M       55
================================================================================
AV 86.6 66.8                               6.5 FASTST   M    M   3    MAX(MPH)
                                 MISC ---->  # 21 100               # 28   10
================================================================================
NOTES:
# LAST OF SEVERAL OCCURRENCES

COLUMN 17 PEAK WIND IN M.P.H.

PRELIMINARY LOCAL CLIMATOLOGICAL DATA (WS FORM: F-6) , PAGE 2

                                          STATION:  BATON ROUGE  ASOS
                                          MONTH:    OCTOBER
                                          YEAR:     2017
                                          LATITUDE:   30 31 N
                                          LONGITUDE:  91  9 W

[TEMPERATURE DATA]      [PRECIPITATION DATA]       SYMBOLS USED IN COLUMN 16

AVERAGE MONTHLY: 76.7   TOTAL FOR MONTH:   2.55    1 = FOG OR MIST
DPTR FM NORMAL:   5.3   DPTR FM NORMAL:    0.07    2 = FOG REDUCING VISIBILITY
HIGHEST:    91 ON 14    GRTST 24HR  1.86 ON 10-10      TO 1/4 MILE OR LESS
LOWEST:     48 ON 17                               3 = THUNDER
                        SNOW, ICE PELLETS, HAIL    4 = ICE PELLETS
                        TOTAL MONTH:   0.0 INCH    5 = HAIL
                        GRTST 24HR     0.0         6 = FREEZING RAIN OR DRIZZLE
                        GRTST DEPTH:   0           7 = DUSTSTORM OR SANDSTORM:
                                                       VSBY 1/2 MILE OR LESS
                                                   8 = SMOKE OR HAZE
[NO. OF DAYS WITH]      [WEATHER - DAYS WITH]      9 = BLOWING SNOW
                                                   X = TORNADO
MAX 32 OR BELOW:   0    0.01 INCH OR MORE:   7
MAX 90 OR ABOVE:   4    0.10 INCH OR MORE:   4
MIN 32 OR BELOW:   0    0.50 INCH OR MORE:   1
MIN  0 OR BELOW:   0    1.00 INCH OR MORE:   1

[HDD (BASE 65) ]
TOTAL THIS MO.     2    CLEAR  (SCALE 0-3)   8
DPTR FM NORMAL   -10    PTCLDY (SCALE 4-7)   8
TOTAL FM JUL 1     2    CLOUDY (SCALE 8-10)  1
DPTR FM NORMAL   -12

[CDD (BASE 65) ]
TOTAL THIS MO.   204
DPTR FM NORMAL    83    [PRESSURE DATA]
TOTAL FM JAN 1  2865    HIGHEST SLP M ON M
DPTR FM NORMAL   173    LOWEST  SLP 29.63 ON M

[REMARKS]
