000
CXAK56 PAFG 042213
CF6BTT
PRELIMINARY LOCAL CLIMATOLOGICAL DATA (WS FORM: F-6)

                                          STATION:   BETTLES AK
                                          MONTH:     FEBRUARY
                                          YEAR:      2016
                                          LATITUDE:   66 55 N
                                          LONGITUDE: 151 31 W

  TEMPERATURE IN F:       :PCPN:    SNOW:  WIND      :SUNSHINE: SKY     :PK WND
================================================================================
1   2   3   4   5  6A  6B    7    8   9   10  11  12  13   14  15   16   17  18
                                     12Z  AVG MX 2MIN
DY MAX MIN AVG DEP HDD CDD  WTR  SNW DPTH SPD SPD DIR MIN PSBL S-S WX    SPD DR
================================================================================

 1  12  -3   5  14  60   0 0.00  0.0   24  5.8  9 320   M    M   1        13 350
 2   4 -11  -3   5  68   0 0.00  0.0   24  6.1 10 350   M    M   0        12 330
 3  18 -10   4  12  61   0 0.00  0.0   24  6.8 20  50   M    M   0        30  50
 4  21 -10   6  14  59   0 0.00  0.0   24  9.7 20  50   M    M   6        30  70
 5  20  -8   6  14  59   0 0.00  0.0   24  5.3 13  50   M    M   4        21  60
 6  10  -9   1   9  64   0    T  0.2   24  4.7  8 360   M    M   9 1      12  10
 7  11 -14  -1   6  66   0 0.00  0.0   24  2.7  8  10   M    M   3        11 350
 8   6 -13  -3   4  68   0 0.00  0.0   24  3.9  8 320   M    M   1         9 320
 9   6 -16  -5   2  70   0 0.00  0.0   24  4.0  8 340   M    M   0        10 330
10   6 -16  -5   1  70   0    T    T   24  3.7  8 320   M    M   2        13 350
11  11 -10   1   7  64   0 0.19  3.3   27  2.5  6 340   M    M   9 1       7 330
12  17  -8   5  11  60   0 0.05  1.0   28  2.6  7  30   M    M   7 1       9 330
13  20  -2   9  14  56   0    T    T   27  1.6  8 350   M    M   9 1       9 350
14  21 -10   6  11  59   0 0.00  0.0   27  1.8  7  30   M    M   7 1       9  20
15  15  -3   6  11  59   0 0.00  0.0   26  1.3  6 330   M    M   8 1       7  30
16  14 -15   0   4  65   0 0.00  0.0   26  1.8  7  30   M    M   7         9  30
17  15 -22  -3   1  68   0 0.00  0.0   26  3.3 13  40   M    M   2        19  40
18   1 -18  -8  -4  73   0 0.00  0.0   26  4.0  8 330   M    M   4        10 350
19   8 -13  -2   2  67   0 0.00  0.0   26  5.1  8 330   M    M   8         M  M
20  18 -11   4   7  61   0 0.00  0.0   26  2.6 13  40   M    M   5        19  60
21  30   1  16  19  49   0 0.00  0.0   26  7.7 13  10   M    M   7        24  10
22  31   6  19  22  46   0 0.00  0.0   25  1.8  8  30   M    M   7         M  M
23  30  11  21  24  44   0    T    T   25  5.4 13  20   M    M   5        17  20
24  31  18  25  27  40   0 0.00  0.0   24  9.7 16  40   M    M   8        26  40
25  36  17  27  29  38   0 0.00  0.0   24  5.8 16  20   M    M   8        22  20
26  35   9  22  24  43   0 0.00  0.0   24  5.8 14  50   M    M   3        22  40
27  32   5  19  21  46   0 0.00  0.0   24  3.2  9 330   M    M   2        12 330
28  35   0  18  19  47   0 0.00  0.0   24  6.7 17  50   M    M   4        26  50
29  35   5  20  21  45   0 0.00  0.0   24  1.4  7 120   M    M   6         9 120
================================================================================
SM  549 -150      1675   0  0.24     4.5 126.8          M      142
================================================================================
AV 18.9 -5.2                               4.4 FASTST   M    M   5    MAX(MPH)
                                 MISC ---->  # 20  50               # 30   50
================================================================================
NOTES:
# LAST OF SEVERAL OCCURRENCES

COLUMN 17 PEAK WIND IN M.P.H.

PRELIMINARY LOCAL CLIMATOLOGICAL DATA (WS FORM: F-6) , PAGE 2

                                          STATION:  BETTLES AK
                                          MONTH:    FEBRUARY
                                          YEAR:     2016
                                          LATITUDE:   66 55 N
                                          LONGITUDE: 151 31 W

[TEMPERATURE DATA]      [PRECIPITATION DATA]       SYMBOLS USED IN COLUMN 16

AVERAGE MONTHLY:  6.9   TOTAL FOR MONTH:   0.24    1 = FOG OR MIST
DPTR FM NORMAL:  11.9   DPTR FM NORMAL:   -0.61    2 = FOG REDUCING VISIBILITY
HIGHEST:    36 ON 25    GRTST 24HR  0.19 ON 11-11      TO 1/4 MILE OR LESS
LOWEST:    -22 ON 17                               3 = THUNDER
                        SNOW, ICE PELLETS, HAIL    4 = ICE PELLETS
                        TOTAL MONTH:   4.5 INCHES  5 = HAIL
                        GRTST 24HR   3.3 ON   M    6 = FREEZING RAIN OR DRIZZLE
                        GRTST DEPTH:  28 ON 12     7 = DUSTSTORM OR SANDSTORM:
                                                       VSBY 1/2 MILE OR LESS
                                                   8 = SMOKE OR HAZE
[NO. OF DAYS WITH]      [WEATHER - DAYS WITH]      9 = BLOWING SNOW
                                                   X = TORNADO
MAX 32 OR BELOW:  25    0.01 INCH OR MORE:   2
MAX 90 OR ABOVE:   0    0.10 INCH OR MORE:   1
MIN 32 OR BELOW:  29    0.50 INCH OR MORE:   0
MIN  0 OR BELOW:  21    1.00 INCH OR MORE:   0

[HDD (BASE 65) ]
TOTAL THIS MO.  1675    CLEAR  (SCALE 0-3)   9
DPTR FM NORMAL  -285    PTCLDY (SCALE 4-7)  16
TOTAL FM JUL 1  9939    CLOUDY (SCALE 8-10)  4
DPTR FM NORMAL -1322

[CDD (BASE 65) ]
TOTAL THIS MO.     0
DPTR FM NORMAL     0    [PRESSURE DATA]
TOTAL FM JAN 1     0    HIGHEST SLP M ON M
DPTR FM NORMAL     0    LOWEST  SLP 29.37 ON M

[REMARKS]
#FINAL-02-16#
