000
CXAK56 PAFG 261341
CF6BTT
PRELIMINARY LOCAL CLIMATOLOGICAL DATA (WS FORM: F-6)

                                          STATION:   BETTLES AK
                                          MONTH:     FEBRUARY
                                          YEAR:      2017
                                          LATITUDE:   66 55 N
                                          LONGITUDE: 151 31 W

  TEMPERATURE IN F:       :PCPN:    SNOW:  WIND      :SUNSHINE: SKY     :PK WND
================================================================================
1   2   3   4   5  6A  6B    7    8   9   10  11  12  13   14  15   16   17  18
                                     12Z  AVG MX 2MIN
DY MAX MIN AVG DEP HDD CDD  WTR  SNW DPTH SPD SPD DIR MIN PSBL S-S WX    SPD DR
================================================================================

 1  21   3  12  21  53   0    T    T   21  2.9  9 140   M    M   8 12     11 140
 2   8  -5   2  10  63   0    T    T   21  3.6  7 330   M    M   8 1       9 320
 3  -2 -15  -8   0  73   0 0.00  0.0   21  1.4  6  30   M    M   1         7  30
 4  -3 -18 -10  -2  75   0 0.00  0.0   20  0.1  5 120   M    M   1         5 360
 5  -4 -18 -11  -3  76   0 0.00  0.0   20  0.8  7 360   M    M   2         8 360
 6  11 -11   0   8  65   0 0.00  0.0   19  6.5 13 350   M    M   1        16 350
 7   2 -21  -9  -2  74   0 0.00  0.0   19  3.6  8 320   M    M   1        11 330
 8   0 -31 -15  -8  80   0 0.04  0.5   19  1.3  7 150   M    M   5 1       8 140
 9  -5 -32 -18 -11  83   0 0.01  0.1   19  3.7 14  20   M    M   8 1      21  20
10 -13 -33 -23 -17  88   0 0.00  0.0   19  6.4 15 360   M    M   2        20  20
11 -22 -42 -32 -26  97   0 0.00  0.0   19  2.4  8  90   M    M   2 1      10  90
12 -20 -46 -33 -27  98   0 0.00  0.0   19  4.2 14 350   M    M   1 1      19 340
13   4 -24 -10  -5  75   0 0.00  0.0   19  6.2 12  10   M    M   4        17 360
14  18   2  10  15  55   0 0.27  2.5    M  7.1 15  20   M    M   9 1      20 350
15  15   8  12  17  53   0 0.00  0.0   22  9.8 17  10   M    M  10 18     27  10
16   8   2   5   9  60   0 0.09  2.1   22  6.2 12  10   M    M  10 1      16  20
17   6  -4   1   5  64   0    T  0.1   22  7.3 15  10   M    M   8 1      21  10
18   7  -3   2   6  63   0 0.02  1.2   23  3.6  8 360   M    M   9 1      11 330
19   5 -11  -3   1  68   0 0.06  1.8   25  4.9 10 160   M    M   9 1      15 150
20 -11 -17 -14 -11  79   0 0.04  1.1   25  6.0  9 150   M    M  10 1      12 160
21 -13 -38 -25 -22  90   0    T  0.1   24  2.4 10 360   M    M   4 1      14 360
22  -6 -30 -18 -15  83   0 0.01  0.2   24  4.4  9 330   M    M   8 1      14 360
23  10 -30 -10  -7  75   0 0.36  4.4   27  7.4 13  40   M    M   9 1      18 360
24  30   9  20  22  45   0 0.10  1.9   29  3.6  9 220   M    M  10 1      15 220
25  30  27  29  31  36   0 0.00  0.0   29  8.1 14 170   M    M   8 19     21 170
================================================================================
SM   76 -378      1771   0  1.00    16.0 113.9          M      148
================================================================================
AV  3.0-15.1                               4.6 FASTST   M    M   6    MAX(MPH)
                                 MISC ---->  # 17  10               # 27   10
================================================================================
NOTES:
# LAST OF SEVERAL OCCURRENCES

COLUMN 17 PEAK WIND IN M.P.H.

PRELIMINARY LOCAL CLIMATOLOGICAL DATA (WS FORM: F-6) , PAGE 2

                                          STATION:  BETTLES AK
                                          MONTH:    FEBRUARY
                                          YEAR:     2017
                                          LATITUDE:   66 55 N
                                          LONGITUDE: 151 31 W

[TEMPERATURE DATA]      [PRECIPITATION DATA]       SYMBOLS USED IN COLUMN 16

AVERAGE MONTHLY: -6.0   TOTAL FOR MONTH:   1.00    1 = FOG OR MIST
DPTR FM NORMAL:  -0.6   DPTR FM NORMAL:    0.24    2 = FOG REDUCING VISIBILITY
HIGHEST:    30 ON 25,24 GRTST 24HR  0.36 ON 23-23      TO 1/4 MILE OR LESS
LOWEST:    -46 ON 12                               3 = THUNDER
                        SNOW, ICE PELLETS, HAIL    4 = ICE PELLETS
                        TOTAL MONTH:  16.0 INCHES  5 = HAIL
                        GRTST 24HR   4.4 ON   M    6 = FREEZING RAIN OR DRIZZLE
                        GRTST DEPTH:  29 ON 25,24  7 = DUSTSTORM OR SANDSTORM:
                                                       VSBY 1/2 MILE OR LESS
                                                   8 = SMOKE OR HAZE
[NO. OF DAYS WITH]      [WEATHER - DAYS WITH]      9 = BLOWING SNOW
                                                   X = TORNADO
MAX 32 OR BELOW:  25    0.01 INCH OR MORE:  10
MAX 90 OR ABOVE:   0    0.10 INCH OR MORE:   3
MIN 32 OR BELOW:  25    0.50 INCH OR MORE:   0
MIN  0 OR BELOW:  19    1.00 INCH OR MORE:   0

[HDD (BASE 65) ]
TOTAL THIS MO.  1771    CLEAR  (SCALE 0-3)   8
DPTR FM NORMAL    10    PTCLDY (SCALE 4-7)   7
TOTAL FM JUL 1 10754    CLOUDY (SCALE 8-10) 10
DPTR FM NORMAL  -242

[CDD (BASE 65) ]
TOTAL THIS MO.     0
DPTR FM NORMAL     0    [PRESSURE DATA]
TOTAL FM JAN 1     0    HIGHEST SLP M ON M
DPTR FM NORMAL     0    LOWEST  SLP 28.89 ON 14

[REMARKS]
