000
CXUS51 KBUF 281205
CF6BUF
PRELIMINARY LOCAL CLIMATOLOGICAL DATA (WS FORM: F-6)

                                          STATION:   BUFFALO NY
                                          MONTH:     MARCH
                                          YEAR:      2017
                                          LATITUDE:   42 55 N
                                          LONGITUDE:  78 44 W

  TEMPERATURE IN F:       :PCPN:    SNOW:  WIND      :SUNSHINE: SKY     :PK WND
================================================================================
1   2   3   4   5  6A  6B    7    8   9   10  11  12  13   14  15   16   17  18
                                     12Z  AVG MX 2MIN
DY MAX MIN AVG DEP HDD CDD  WTR  SNW DPTH SPD SPD DIR MIN PSBL S-S WX    SPD DR
================================================================================

 1  60  36  48  19  17   0 0.32    T    0 20.8 38 230   M    M   8 13     50 250
 2  36  23  30   1  35   0    T  0.1    T 18.3 36 260   M    M   8        46 280
 3  27  18  23  -7  42   0    T  0.4    0 13.1 29 320   M    M   7        38 320
 4  20  11  16 -14  49   0 0.02  0.7    1  9.7 18 350   M    M   5 19     23 320
 5  35   7  21  -9  44   0 0.00  0.0    0  7.6 17 110   M    M   4        21 110
 6  58  26  42  12  23   0    T  0.0    0 11.2 23 200   M    M   9        29 210
 7  58  42  50  19  15   0 0.60  0.0    0 15.8 29 200   M    M   9 1      37 200
 8  49  37  43  12  22   0    T  0.0    0 21.4 45 240   M    M   5        66 230
 9  39  32  36   4  29   0 0.00  0.0    0 13.8 31 260   M    M   6        38 270
10  33  14  24  -8  41   0 0.02  0.6    0 15.3 30 300   M    M   9 89     38 310
11  20  13  17 -15  48   0 0.07  3.2    1 13.2 24 270   M    M  10 189    32 280
12  22  12  17 -15  48   0 0.04  0.9    2  8.0 18 250   M    M   8 18     23 280
13  20  13  17 -16  48   0 0.10  1.5    1  9.2 20  60   M    M   9        22  50
14  20  16  18 -15  47   0 0.64 13.2    5 14.6 22 350   M    M  10 19     30  30
15  27  14  21 -13  44   0 0.27  4.9   10 17.2 29 310   M    M   9 19     41 290
16  33  18  26  -8  39   0 0.00  0.0   12 13.9 24 270   M    M   3        32 260
17  40  19  30  -4  35   0 0.00  0.0    8  6.7 15 250   M    M   5 1      17 260
18  39  28  34   0  31   0 0.15  1.3    6  5.9 10 100   M    M  10 18     12 120
19  41  31  36   1  29   0    T  0.0    5  6.0 10  30   M    M   8 18     14  10
20  40  28  34  -1  31   0 0.00  0.0    3  6.6 15 220   M    M   9 18     20 240
21  45  32  39   3  26   0    T    T    2 13.3 26 310   M    M   5 8      35 310
22  32  19  26 -10  39   0    T    T    T 13.3 26 320   M    M   3        33 340
23  40  16  28  -8  37   0 0.00  0.0    0  4.6 13 120   M    M   3        16 120
24  62  37  50  13  15   0 0.20  0.0    0 11.1 29 260   M    M  10 13     38 260
25  43  34  39   2  26   0 0.73  0.0    0 13.3 21  70   M    M  10 1      26  70
26  60  35  48  10  17   0 0.10  0.0    0 11.6 20 170   M    M  10 1      22 170
27  53  45  49  11  16   0    T  0.0    0 10.6 17 220   M    M   9 12     24 230
================================================================================
SM 1052  656       893   0  3.26    26.8 326.1          M      201
================================================================================
AV 39.0 24.3                              12.1 FASTST   M    M   7    MAX(MPH)
                                 MISC ---->  # 45 240               # 66  230
================================================================================
NOTES:
# LAST OF SEVERAL OCCURRENCES

COLUMN 17 PEAK WIND IN M.P.H.

PRELIMINARY LOCAL CLIMATOLOGICAL DATA (WS FORM: F-6) , PAGE 2

                                          STATION:  BUFFALO NY
                                          MONTH:    MARCH
                                          YEAR:     2017
                                          LATITUDE:   42 55 N
                                          LONGITUDE:  78 44 W

[TEMPERATURE DATA]      [PRECIPITATION DATA]       SYMBOLS USED IN COLUMN 16

AVERAGE MONTHLY: 31.6   TOTAL FOR MONTH:   3.26    1 = FOG OR MIST
DPTR FM NORMAL:  -1.6   DPTR FM NORMAL:    0.78    2 = FOG REDUCING VISIBILITY
HIGHEST:    62 ON 24    GRTST 24HR  0.73 ON 25-25      TO 1/4 MILE OR LESS
LOWEST:      7 ON  5                               3 = THUNDER
                        SNOW, ICE PELLETS, HAIL    4 = ICE PELLETS
                        TOTAL MONTH:  26.8 INCHES  5 = HAIL
                        GRTST 24HR  13.2 ON   M    6 = FREEZING RAIN OR DRIZZLE
                        GRTST DEPTH:  12 ON 16     7 = DUSTSTORM OR SANDSTORM:
                                                       VSBY 1/2 MILE OR LESS
                                                   8 = SMOKE OR HAZE
[NO. OF DAYS WITH]      [WEATHER - DAYS WITH]      9 = BLOWING SNOW
                                                   X = TORNADO
MAX 32 OR BELOW:   8    0.01 INCH OR MORE:  13
MAX 90 OR ABOVE:   0    0.10 INCH OR MORE:   9
MIN 32 OR BELOW:  20    0.50 INCH OR MORE:   3
MIN  0 OR BELOW:   0    1.00 INCH OR MORE:   0

[HDD (BASE 65) ]
TOTAL THIS MO.   893    CLEAR  (SCALE 0-3)   2
DPTR FM NORMAL    36    PTCLDY (SCALE 4-7)   9
TOTAL FM JUL 1  4785    CLOUDY (SCALE 8-10) 16
DPTR FM NORMAL  -816

[CDD (BASE 65) ]
TOTAL THIS MO.     0
DPTR FM NORMAL     0    [PRESSURE DATA]
TOTAL FM JAN 1     0    HIGHEST SLP M ON M
DPTR FM NORMAL     0    LOWEST  SLP 29.29 ON  1

[REMARKS]
