000
CXUS51 KBUF 011553
CF6BUF
PRELIMINARY LOCAL CLIMATOLOGICAL DATA (WS FORM: F-6)

                                          STATION:   BUFFALO NY
                                          MONTH:     APRIL
                                          YEAR:      2016
                                          LATITUDE:   42 55 N
                                          LONGITUDE:  78 44 W

  TEMPERATURE IN F:       :PCPN:    SNOW:  WIND      :SUNSHINE: SKY     :PK WND
================================================================================
1   2   3   4   5  6A  6B    7    8   9   10  11  12  13   14  15   16   17  18
                                     12Z  AVG MX 2MIN
DY MAX MIN AVG DEP HDD CDD  WTR  SNW DPTH SPD SPD DIR MIN PSBL S-S WX    SPD DR
================================================================================

 1  60  39  50  10  15   0 0.08  0.0    0 13.5 25 250   M    M   8 1      32 230
 2  42  28  35  -5  30   0 0.13  1.2    0 14.2 26 250   M    M   8 18     38 270
 3  30  22  26 -15  39   0 0.26  2.3    1 14.2 28 290   M    M   8 18     36 280
 4  27  22  25 -16  40   0 0.06  0.6    2 12.9 26  50   M    M   8 16     32  50
 5  33  17  25 -17  40   0 0.00  0.0    2  6.9 14 330   M    M   2        17 320
 6  50  24  37  -5  28   0 0.17    T    T 11.9 24 190   M    M   8        34 180
 7  51  33  42   0  23   0 0.02  0.0    0 17.7 33 220   M    M  10 1      44 230
 8  37  26  32 -11  33   0 0.01  0.2    T 15.3 25 230   M    M   9 1      33 220
 9  34  24  29 -14  36   0    T    T    0 11.5 21  30   M    M   7        27  20
10  37  22  30 -14  35   0 0.24  2.8    0  6.6 20 170   M    M   9 14     25 160
11  53  37  45   1  20   0 0.39  0.0    0 15.6 24 330   M    M  10 1      32 250
12  43  32  38  -6  27   0    T  0.0    0 11.0 21 240   M    M   6        26 270
13  48  27  38  -7  27   0 0.00  0.0    0  5.7 16  30   M    M   4        19  50
14  54  29  42  -3  23   0 0.00  0.0    0 10.2 17  50   M    M   1        22  70
15  66  36  51   5  14   0 0.00  0.0    0  7.4 18  60   M    M   2        22  20
16  72  41  57  11   8   0 0.00  0.0    0  6.0 17  30   M    M   1        20  20
17  74  42  58  11   7   0 0.00  0.0    0  4.5 14 350   M    M   2        18 340
18  69  44  57  10   8   0 0.00  0.0    0  8.0 17 230   M    M   5        21 230
19  59  44  52   5  13   0 0.00  0.0    0  9.0 17 340   M    M   7        21  20
20  67  38  53   5  12   0 0.00  0.0    0  6.1 15  40   M    M   3        20  20
21  71  47  59  11   6   0    T  0.0    0  9.5 22 210   M    M   8        34 200
22  66  48  57   8   8   0    T  0.0    0 12.1 21 220   M    M   8        28 250
23  54  39  47  -2  18   0    T  0.0    0  8.7 17  20   M    M   5        22  20
24  59  36  48  -1  17   0 0.00  0.0    0  5.1 12 360   M    M   6        16 340
25  56  40  48  -2  17   0 0.15  0.0    0 12.3 22  60   M    M   9 1      27  50
26  42  33  38 -12  27   0 0.39  0.0    0  9.2 21  60   M    M   9 1      26  40
27  55  30  43  -7  22   0 0.00  0.0    0  5.2 15  20   M    M   3 1      22  50
28  51  35  43  -8  22   0 0.00  0.0    0 11.5 21  60   M    M   9        25 100
29  49  40  45  -6  20   0    T  0.0    0  8.6 17  50   M    M   9        20  50
30  61  43  52   0  13   0    T  0.0    0  8.2 16 100   M    M   9        22 100
================================================================================
SM 1570 1018       648   0  1.90     7.1 298.6          M      193
================================================================================
AV 52.3 33.9                              10.0 FASTST   M    M   6    MAX(MPH)
                                 MISC ---->  # 33 220               # 44  230
================================================================================
NOTES:
# LAST OF SEVERAL OCCURRENCES

COLUMN 17 PEAK WIND IN M.P.H.

PRELIMINARY LOCAL CLIMATOLOGICAL DATA (WS FORM: F-6) , PAGE 2

                                          STATION:  BUFFALO NY
                                          MONTH:    APRIL
                                          YEAR:     2016
                                          LATITUDE:   42 55 N
                                          LONGITUDE:  78 44 W

[TEMPERATURE DATA]      [PRECIPITATION DATA]       SYMBOLS USED IN COLUMN 16

AVERAGE MONTHLY: 43.1   TOTAL FOR MONTH:   1.90    1 = FOG OR MIST
DPTR FM NORMAL:  -2.8   DPTR FM NORMAL:   -1.11    2 = FOG REDUCING VISIBILITY
HIGHEST:    74 ON 17    GRTST 24HR  0.63 ON 10-11      TO 1/4 MILE OR LESS
LOWEST:     17 ON  5                               3 = THUNDER
                        SNOW, ICE PELLETS, HAIL    4 = ICE PELLETS
                        TOTAL MONTH:   7.1 INCHES  5 = HAIL
                        GRTST 24HR   2.8 ON   M    6 = FREEZING RAIN OR DRIZZLE
                        GRTST DEPTH:   2 ON  5, 4  7 = DUSTSTORM OR SANDSTORM:
                                                       VSBY 1/2 MILE OR LESS
                                                   8 = SMOKE OR HAZE
[NO. OF DAYS WITH]      [WEATHER - DAYS WITH]      9 = BLOWING SNOW
                                                   X = TORNADO
MAX 32 OR BELOW:   2    0.01 INCH OR MORE:  11
MAX 90 OR ABOVE:   0    0.10 INCH OR MORE:   7
MIN 32 OR BELOW:  12    0.50 INCH OR MORE:   0
MIN  0 OR BELOW:   0    1.00 INCH OR MORE:   0

[HDD (BASE 65) ]
TOTAL THIS MO.   648    CLEAR  (SCALE 0-3)   6
DPTR FM NORMAL    72    PTCLDY (SCALE 4-7)  11
TOTAL FM JUL 1  5358    CLOUDY (SCALE 8-10) 13
DPTR FM NORMAL  -923

[CDD (BASE 65) ]
TOTAL THIS MO.     0
DPTR FM NORMAL    -3    [PRESSURE DATA]
TOTAL FM JAN 1     0    HIGHEST SLP 30.50 ON 13
DPTR FM NORMAL    -3    LOWEST  SLP 29.34 ON  7

[REMARKS]
#FINAL-04-16#
