000
CXUS53 KLMK 260800
CF6BWG
PRELIMINARY LOCAL CLIMATOLOGICAL DATA (WS FORM: F-6)

                                          STATION:   BOWLING GREEN KY
                                          MONTH:     MAY
                                          YEAR:      2015
                                          LATITUDE:   36 58 N
                                          LONGITUDE:  86 26 W

  TEMPERATURE IN F:       :PCPN:    SNOW:  WIND      :SUNSHINE: SKY     :PK WND
================================================================================
1   2   3   4   5  6A  6B    7    8   9   10  11  12  13   14  15   16   17  18
                                     12Z  AVG MX 2MIN
DY MAX MIN AVG DEP HDD CDD  WTR  SNW DPTH SPD SPD DIR MIN PSBL S-S WX    SPD DR
================================================================================

 1  71  40  56  -6   9   0 0.00  0.0    0  3.8 12  10   M    M   1        17  10
 2  75  45  60  -2   5   0 0.00  0.0    0  1.3  9 270   M    M   0 1      14 210
 3  79  46  63   0   2   0 0.00  0.0    0  4.2 16 180   M    M   0 12     20 190
 4  83  53  68   5   0   3 0.00  0.0    0  4.8 15 200   M    M   2        19 220
 5  85  53  69   6   0   4 0.00  0.0    0  3.0 12 140   M    M   0 1      16 230
 6  86  58  72   8   0   7 0.00  0.0    0  2.0 12 120   M    M   4 1      15 260
 7  86  58  72   8   0   7 0.00  0.0    0  3.7 14 180   M    M   0 18     20 230
 8  88  54  71   7   0   6 0.00  0.0    0  5.1 17 190   M    M   1 1      23 180
 9  87  66  77  13   0  12 0.00  0.0    0  5.9 21 220   M    M   4        25 220
10  90  63  77  12   0  12 0.00  0.0    0  5.3 16 200   M    M   2        22 210
11  86  66  76  11   0  11 0.08  0.0    0  9.5 25 220   M    M   2        32 180
12  75  57  66   1   0   1 0.00  0.0    0  7.3 17 260   M    M   0        23 270
13  77  47  62  -4   3   0 0.00  0.0    0  4.6 16  40   M    M   0        21  70
14  79  50  65  -1   0   0 0.00  0.0    0  3.4  9  70   M    M   2        12  70
15  87  61  74   8   0   9    T  0.0    0  8.8 21 180   M    M   2        29 190
16  77  68  73   7   0   8 1.46  0.0    0  6.1 16 190   M    M   8 18     20 190
17  84  66  75   8   0  10 0.46  0.0    0  9.5 26 230   M    M   5 13     37 220
18  80  64  72   5   0   7 0.09  0.0    0  4.0 13 220   M    M   5 1      18 220
19  78  56  67   0   0   2 0.00  0.0    0  4.6 12  20   M    M   3 12     16  30
20  76  52  64  -4   1   0 0.11  0.0    0  6.1 16  60   M    M   4 1      19  50
21  60  46  53 -15  12   0 0.00  0.0    0  6.3 13 310   M    M   8 18     18 290
22  75  42  59  -9   6   0 0.00  0.0    0  1.8  9  30   M    M   0 12     11  40
23  80  51  66  -2   0   1 0.00  0.0    0  3.2 12 200   M    M   1        18 180
24  86  57  72   3   0   7 0.00  0.0    0  9.0 20 170   M    M   2        28 180
25  75  63  69   0   0   4 0.35  0.0    0  7.4 18 180   M    M   7 18     27 170
================================================================================
SM 2005 1382        38 111  2.55     0.0 130.7          M       63
================================================================================
AV 80.2 55.3                               5.2 FASTST   M    M   3    MAX(MPH)
                                 MISC ---->  # 26 230               # 37  220
================================================================================
NOTES:
# LAST OF SEVERAL OCCURRENCES

COLUMN 17 PEAK WIND IN M.P.H.

PRELIMINARY LOCAL CLIMATOLOGICAL DATA (WS FORM: F-6) , PAGE 2

                                          STATION:  BOWLING GREEN KY
                                          MONTH:    MAY
                                          YEAR:     2015
                                          LATITUDE:   36 58 N
                                          LONGITUDE:  86 26 W

[TEMPERATURE DATA]      [PRECIPITATION DATA]       SYMBOLS USED IN COLUMN 16

AVERAGE MONTHLY: 67.7   TOTAL FOR MONTH:   2.55    1 = FOG OR MIST
DPTR FM NORMAL:   2.2   DPTR FM NORMAL:   -2.01    2 = FOG REDUCING VISIBILITY
HIGHEST:    90 ON 10    GRTST 24HR  1.47 ON 16-17      TO 1/4 MILE OR LESS
LOWEST:     40 ON  1                               3 = THUNDER
                        SNOW, ICE PELLETS, HAIL    4 = ICE PELLETS
                        TOTAL MONTH:   0.0 INCH    5 = HAIL
                        GRTST 24HR     0.0         6 = FREEZING RAIN OR DRIZZLE
                        GRTST DEPTH:   0           7 = DUSTSTORM OR SANDSTORM:
                                                       VSBY 1/2 MILE OR LESS
                                                   8 = SMOKE OR HAZE
[NO. OF DAYS WITH]      [WEATHER - DAYS WITH]      9 = BLOWING SNOW
                                                   X = TORNADO
MAX 32 OR BELOW:   0    0.01 INCH OR MORE:   6
MAX 90 OR ABOVE:   1    0.10 INCH OR MORE:   4
MIN 32 OR BELOW:   0    0.50 INCH OR MORE:   1
MIN  0 OR BELOW:   0    1.00 INCH OR MORE:   1

[HDD (BASE 65) ]
TOTAL THIS MO.    38    CLEAR  (SCALE 0-3)  17
DPTR FM NORMAL   -30    PTCLDY (SCALE 4-7)   8
TOTAL FM JUL 1  4285    CLOUDY (SCALE 8-10)  0
DPTR FM NORMAL   248

[CDD (BASE 65) ]
TOTAL THIS MO.   111
DPTR FM NORMAL    29    [PRESSURE DATA]
TOTAL FM JAN 1   146    HIGHEST SLP M ON M
DPTR FM NORMAL    28    LOWEST  SLP 29.91 ON 11

[REMARKS]
