000
CXUS51 KLWX 010620
CF6BWI
PRELIMINARY LOCAL CLIMATOLOGICAL DATA (WS FORM: F-6)

                                          STATION:   BALTIMORE MD
                                          MONTH:     SEPTEMBER
                                          YEAR:      2014
                                          LATITUDE:   39 10 N
                                          LONGITUDE:  76 40 W

  TEMPERATURE IN F:       :PCPN:    SNOW:  WIND      :SUNSHINE: SKY     :PK WND
================================================================================
1   2   3   4   5  6A  6B    7    8   9   10  11  12  13   14  15   16   17  18
                                     12Z  AVG MX 2MIN
DY MAX MIN AVG DEP HDD CDD  WTR  SNW DPTH SPD SPD DIR MIN PSBL S-S WX    SPD DR
================================================================================

 1  89  73  81   8   0  16 0.08  0.0    0  2.8 14 250   M    M   7 13     18 250
 2  92  72  82  10   0  17 0.06  0.0    0  4.1 24 250   M    M   5 13     31 250
 3  84  67  76   4   0  11 0.00  0.0    0  0.9  8 200   M    M   7 1      14  20
 4  86  65  76   4   0  11 0.00  0.0    0  3.7 13 130   M    M   5 1      21 120
 5  91  71  81   9   0  16 0.00  0.0    0  3.4  9 140   M    M   5 18     16 150
 6  93  71  82  11   0  17 0.65  0.0    0  5.1 44 300   M    M   5 1358   58 310
 7  81  65  73   2   0   8 0.00  0.0    0  5.7 14  20   M    M   7        24 330
 8  74  63  69  -2   0   4    T  0.0    0 10.0 23  90   M    M   8        29  70
 9  77  66  72   2   0   7    T  0.0    0 10.4 17  50   M    M   9        21  50
10  79  67  73   3   0   8 0.00  0.0    0  4.5 10  60   M    M   8        14  70
11  89  68  79   9   0  14    T  0.0    0  6.2 15 220   M    M   7        22 210
12  77  63  70   1   0   5 0.00  0.0    0  5.8 13  30   M    M   7        22  20
13  68  55  62  -7   3   0 0.15  0.0    0  4.7 15 310   M    M   7 18     22 320
14  70  49  60  -9   5   0 0.00  0.0    0  3.1 12  30   M    M   4        21  10
15  72  51  62  -6   3   0 0.00  0.0    0  2.4 10  90   M    M   7        15  10
16  76  53  65  -3   0   0 0.00  0.0    0  4.7 15 330   M    M   5        21 330
17  74  51  63  -4   2   0 0.00  0.0    0  2.0  9  80   M    M   3 1      14 120
18  72  52  62  -5   3   0 0.01  0.0    0  2.7 14  60   M    M   6 18     20  50
19  75  51  63  -4   2   0 0.00  0.0    0  8.0 16  60   M    M   5 1      20  90
20  80  60  70   4   0   5 0.00  0.0    0  3.5 13 110   M    M   5 18     17 110
21  84  55  70   4   0   5 0.00  0.0    0  3.9 20 300   M    M   6 128    28 290
22  73  52  63  -2   2   0 0.00  0.0    0 11.2 23 310   M    M   5        32 310
23  72  44  58  -7   7   0 0.00  0.0    0  3.3 12  50   M    M   5 18     22  10
24  71  47  59  -5   6   0 0.03  0.0    0 10.1 22  60   M    M   9 1      26  70
25  65  59  62  -2   3   0 1.33  0.0    0  8.3 18  30   M    M  10 1      26  30
26  76  52  64   0   1   0 0.00  0.0    0  4.1 13  50   M    M   4 1      23 360
27  81  52  67   4   0   2 0.00  0.0    0  2.0 10  70   M    M   2        15  50
28  81  54  68   5   0   3 0.00  0.0    0  1.2  9 110   M    M   7        13  30
29  70  59  65   3   0   0 0.01  0.0    0  0.5  6 170   M    M   9 18      8 290
30  77  64  71   9   0   6 0.89  0.0    0  3.5 14  80   M    M   8 13     15 100
================================================================================
SM 2349 1771        37 155  3.21     0.0 141.8          M      187
================================================================================
AV 78.3 59.0                               4.7 FASTST   M    M   6    MAX(MPH)
                                 MISC ---->  # 44 300               # 58  310
================================================================================
NOTES:
# LAST OF SEVERAL OCCURRENCES

COLUMN 17 PEAK WIND IN M.P.H.

PRELIMINARY LOCAL CLIMATOLOGICAL DATA (WS FORM: F-6) , PAGE 2

                                          STATION:  BALTIMORE MD
                                          MONTH:    SEPTEMBER
                                          YEAR:     2014
                                          LATITUDE:   39 10 N
                                          LONGITUDE:  76 40 W

[TEMPERATURE DATA]      [PRECIPITATION DATA]       SYMBOLS USED IN COLUMN 16

AVERAGE MONTHLY: 68.7   TOTAL FOR MONTH:   3.21    1 = FOG OR MIST
DPTR FM NORMAL:   0.9   DPTR FM NORMAL:   -0.82    2 = FOG REDUCING VISIBILITY
HIGHEST:    93 ON  6    GRTST 24HR  1.36 ON 24-25      TO 1/4 MILE OR LESS
LOWEST:     44 ON 23                               3 = THUNDER
                        SNOW, ICE PELLETS, HAIL    4 = ICE PELLETS
                        TOTAL MONTH:   0.0 INCH    5 = HAIL
                        GRTST 24HR     0.0         6 = FREEZING RAIN OR DRIZZLE
                        GRTST DEPTH:   0           7 = DUSTSTORM OR SANDSTORM:
                                                       VSBY 1/2 MILE OR LESS
                                                   8 = SMOKE OR HAZE
[NO. OF DAYS WITH]      [WEATHER - DAYS WITH]      9 = BLOWING SNOW
                                                   X = TORNADO
MAX 32 OR BELOW:   0    0.01 INCH OR MORE:   9
MAX 90 OR ABOVE:   3    0.10 INCH OR MORE:   4
MIN 32 OR BELOW:   0    0.50 INCH OR MORE:   3
MIN  0 OR BELOW:   0    1.00 INCH OR MORE:   1

[HDD (BASE 65) ]
TOTAL THIS MO.    37    CLEAR  (SCALE 0-3)   2
DPTR FM NORMAL   -15    PTCLDY (SCALE 4-7)  23
TOTAL FM JUL 1    37    CLOUDY (SCALE 8-10)  5
DPTR FM NORMAL   -16

[CDD (BASE 65) ]
TOTAL THIS MO.   155
DPTR FM NORMAL    20    [PRESSURE DATA]
TOTAL FM JAN 1  1072    HIGHEST SLP M ON M
DPTR FM NORMAL   -73    LOWEST  SLP 29.65 ON 21

[REMARKS]
#FINAL-09-14#
