000
CXUS51 KLWX 010620
CF6BWI
PRELIMINARY LOCAL CLIMATOLOGICAL DATA (WS FORM: F-6)

                                          STATION:   BALTIMORE MD
                                          MONTH:     JANUARY
                                          YEAR:      2015
                                          LATITUDE:   39 10 N
                                          LONGITUDE:  76 40 W

  TEMPERATURE IN F:       :PCPN:    SNOW:  WIND      :SUNSHINE: SKY     :PK WND
================================================================================
1   2   3   4   5  6A  6B    7    8   9   10  11  12  13   14  15   16   17  18
                                     12Z  AVG MX 2MIN
DY MAX MIN AVG DEP HDD CDD  WTR  SNW DPTH SPD SPD DIR MIN PSBL S-S WX    SPD DR
================================================================================

 1  43  17  30  -3  35   0 0.00  0.0    0  4.4 18 220   M    M   3        24 220
 2  46  26  36   3  29   0 0.00  0.0    0  4.4 15 290   M    M   7        20 280
 3  39  26  33   0  32   0 0.58  0.0    0  3.3  9  50   M    M  10 1      12  70
 4  62  39  51  18  14   0 0.21  0.0    0  8.5 33 280   M    M  10 1      47 270
 5  47  24  36   3  29   0 0.00  0.0    0 15.2 30 270   M    M   6        39 260
 6  28  14  21 -12  44   0 0.22  2.3    1  2.8  9 320   M    M   8 12     13 310
 7  24  11  18 -15  47   0    T    T    1 11.6 28 280   M    M   6 8      37 280
 8  22   6  14 -19  51   0 0.00  0.0    1  9.3 18 270   M    M   4        25 270
 9  37  22  30  -3  35   0    T    T    1 10.6 23 280   M    M   5        31 270
10  25  10  18 -15  47   0 0.00  0.0    0  7.1 20 290   M    M   0        28 290
11  40   9  25  -8  40   0    T  0.0    0  2.2 12 180   M    M   7        17 170
12  40  32  36   3  29   0 0.70  0.0    0  1.1 10 360   M    M   9 1      17  10
13  39  24  32  -1  33   0 0.00  0.0    0  9.9 18 360   M    M   7        26 360
14  31  23  27  -6  38   0    T    T    T  5.4 12  50   M    M  10        24 360
15  40  26  33   0  32   0 0.00  0.0    0  4.6 14 270   M    M   6 8      18 260
16  44  26  35   2  30   0 0.00  0.0    0 10.5 28 280   M    M   2 1      35 280
17  34  22  28  -5  37   0 0.00  0.0    0  5.2 13  60   M    M   4        18  50
18  41  26  34   1  31   0 0.75  0.0    0  3.8 18 110   M    M   7 1      22 110
19  46  27  37   4  28   0    T  0.0    0  6.2 21 270   M    M   6        25 270
20  46  25  36   3  29   0 0.00  0.0    0  0.7  7  20   M    M   6        15  10
21  34  26  30  -3  35   0 0.16  2.6    0  3.0 14  70   M    M   9 18     20  30
22  46  30  38   5  27   0    T  0.0    M  6.1 24 280   M    M   8 18     29 270
23  41  24  33   0  32   0 0.44    T    0  2.3 10  50   M    M   8 148    18  30
24  40  33  37   4  28   0 0.62  0.0    0  8.9 20 280   M    M   8 1      26 270
25  49  34  42   9  23   0 0.00  0.0    0  7.6 20 270   M    M   9        24 280
26  40  26  33   0  32   0 0.13  1.0    T 11.5 20  60   M    M  10 14     25  50
27  36  26  31  -2  34   0 0.01    T    1 11.3 21 300   M    M   8 1      30 310
28  36  19  28  -5  37   0 0.00  0.0    1  9.2 20 320   M    M   1        26 330
29  35  17  26  -7  39   0 0.07    T    0  3.5 10 140   M    M   7 146    16 160
30  42  20  31  -2  34   0    T  0.0    0 13.8 30 290   M    M   5        41 310
31  31  16  24  -9  41   0 0.00  0.0    0 10.2 24 310   M    M   0        30 290
================================================================================
SM 1204  706      1052   0  3.89     5.9 214.2          M      196
================================================================================
AV 38.8 22.8                               6.9 FASTST   M    M   6    MAX(MPH)
                                 MISC ---->  # 33 280               # 47  270
================================================================================
NOTES:
# LAST OF SEVERAL OCCURRENCES

COLUMN 17 PEAK WIND IN M.P.H.

PRELIMINARY LOCAL CLIMATOLOGICAL DATA (WS FORM: F-6) , PAGE 2

                                          STATION:  BALTIMORE MD
                                          MONTH:    JANUARY
                                          YEAR:     2015
                                          LATITUDE:   39 10 N
                                          LONGITUDE:  76 40 W

[TEMPERATURE DATA]      [PRECIPITATION DATA]       SYMBOLS USED IN COLUMN 16

AVERAGE MONTHLY: 30.8   TOTAL FOR MONTH:   3.89    1 = FOG OR MIST
DPTR FM NORMAL:  -2.1   DPTR FM NORMAL:    0.84    2 = FOG REDUCING VISIBILITY
HIGHEST:    62 ON  4    GRTST 24HR  1.06 ON 23-24      TO 1/4 MILE OR LESS
LOWEST:      6 ON  8                               3 = THUNDER
                        SNOW, ICE PELLETS, HAIL    4 = ICE PELLETS
                        TOTAL MONTH:   5.9 INCHES  5 = HAIL
                        GRTST 24HR   2.6 ON   M    6 = FREEZING RAIN OR DRIZZLE
                        GRTST DEPTH:   1 ON 28,27  7 = DUSTSTORM OR SANDSTORM:
                                                       VSBY 1/2 MILE OR LESS
                                                   8 = SMOKE OR HAZE
[NO. OF DAYS WITH]      [WEATHER - DAYS WITH]      9 = BLOWING SNOW
                                                   X = TORNADO
MAX 32 OR BELOW:   6    0.01 INCH OR MORE:  11
MAX 90 OR ABOVE:   0    0.10 INCH OR MORE:   9
MIN 32 OR BELOW:  28    0.50 INCH OR MORE:   4
MIN  0 OR BELOW:   0    1.00 INCH OR MORE:   0

[HDD (BASE 65) ]
TOTAL THIS MO.  1052    CLEAR  (SCALE 0-3)   4
DPTR FM NORMAL    57    PTCLDY (SCALE 4-7)  19
TOTAL FM JUL 1  2713    CLOUDY (SCALE 8-10)  8
DPTR FM NORMAL   -63

[CDD (BASE 65) ]
TOTAL THIS MO.     0
DPTR FM NORMAL     0    [PRESSURE DATA]
TOTAL FM JAN 1     0    HIGHEST SLP M ON M
DPTR FM NORMAL     0    LOWEST  SLP 29.46 ON 24

[REMARKS]
#FINAL-01-15#
