000
CXUS51 KLWX 280620
CF6BWI
PRELIMINARY LOCAL CLIMATOLOGICAL DATA (WS FORM: F-6)

                                          STATION:   BALTIMORE MD
                                          MONTH:     MAY
                                          YEAR:      2015
                                          LATITUDE:   39 10 N
                                          LONGITUDE:  76 40 W

  TEMPERATURE IN F:       :PCPN:    SNOW:  WIND      :SUNSHINE: SKY     :PK WND
================================================================================
1   2   3   4   5  6A  6B    7    8   9   10  11  12  13   14  15   16   17  18
                                     12Z  AVG MX 2MIN
DY MAX MIN AVG DEP HDD CDD  WTR  SNW DPTH SPD SPD DIR MIN PSBL S-S WX    SPD DR
================================================================================

 1  57  48  53  -5  12   0    T  0.0    0  6.4 20  60   M    M   9        23  60
 2  75  43  59   0   6   0 0.00  0.0    0  3.2 12  70   M    M   5        16 350
 3  81  46  64   5   1   0 0.00  0.0    0  4.1 16 300   M    M   4        25 330
 4  84  50  67   8   0   2 0.00  0.0    0  5.5 17 220   M    M   3        24 230
 5  85  61  73  13   0   8 0.01  0.0    0  4.7 15 240   M    M   5        22 230
 6  80  60  70  10   0   5 0.00  0.0    0  6.6 15 110   M    M   5 18     20 110
 7  80  57  69   9   0   4 0.00  0.0    0  5.3 12  90   M    M   4        17 110
 8  83  56  70   9   0   5 0.00  0.0    0  2.1 13 110   M    M   5 1      16  50
 9  81  58  70   9   0   5 0.01  0.0    0  3.5 13 120   M    M   6 18     18 100
10  84  63  74  13   0   9    T  0.0    0  3.8 13 130   M    M   6 1      17 130
11  82  64  73  12   0   8    T  0.0    0  4.2 16 120   M    M   8 1      24 120
12  89  63  76  14   0  11    T  0.0    0  8.8 26 310   M    M   7 1      37 310
13  69  54  62   0   3   0 0.00  0.0    0 11.1 22 280   M    M   6        32 310
14  72  47  60  -2   5   0 0.00  0.0    0  4.6 14 360   M    M   6        21  20
15  76  53  65   2   0   0 0.00  0.0    0  5.7 15 120   M    M   7        20 130
16  88  56  72   9   0   7 0.17  0.0    0  4.1 25 270   M    M   8 13     33 270
17  87  67  77  14   0  12    T  0.0    0  3.9 13 260   M    M   8 1      18 340
18  88  66  77  13   0  12 1.54  0.0    0  4.2 21 220   M    M   7 138    28 230
19  86  67  77  13   0  12 0.15  0.0    0  5.8 16 320   M    M   6 13     22 290
20  72  57  65   1   0   0 0.00  0.0    0  9.8 20 310   M    M   5        28 310
21  58  49  54 -10  11   0 0.20  0.0    0  5.3 12  90   M    M   9 1      17 340
22  75  47  61  -4   4   0 0.00  0.0    0  9.7 25 270   M    M   3        33 280
23  72  46  59  -6   6   0 0.00  0.0    0  4.1 10 270   M    M   3        18 360
24  82  47  65   0   0   0 0.00  0.0    0  3.3 12 130   M    M   4        16 160
25  84  58  71   5   0   6 0.00  0.0    0  6.3 17 230   M    M   4        25 210
26  87  62  75   9   0  10 0.00  0.0    0  5.2 14 240   M    M   6        20 220
27  88  69  79  13   0  14    T  0.0    0  4.9 23 270   M    M   7        32 270
================================================================================
SM 2145 1514        48 130  2.08     0.0 146.2          M      156
================================================================================
AV 79.4 56.1                               5.4 FASTST   M    M   6    MAX(MPH)
                                 MISC ---->  # 26 310               # 37  310
================================================================================
NOTES:
# LAST OF SEVERAL OCCURRENCES

COLUMN 17 PEAK WIND IN M.P.H.

PRELIMINARY LOCAL CLIMATOLOGICAL DATA (WS FORM: F-6) , PAGE 2

                                          STATION:  BALTIMORE MD
                                          MONTH:    MAY
                                          YEAR:     2015
                                          LATITUDE:   39 10 N
                                          LONGITUDE:  76 40 W

[TEMPERATURE DATA]      [PRECIPITATION DATA]       SYMBOLS USED IN COLUMN 16

AVERAGE MONTHLY: 67.8   TOTAL FOR MONTH:   2.08    1 = FOG OR MIST
DPTR FM NORMAL:   5.4   DPTR FM NORMAL:   -1.38    2 = FOG REDUCING VISIBILITY
HIGHEST:    89 ON 12    GRTST 24HR  1.69 ON 18-19      TO 1/4 MILE OR LESS
LOWEST:     43 ON  2                               3 = THUNDER
                        SNOW, ICE PELLETS, HAIL    4 = ICE PELLETS
                        TOTAL MONTH:   0.0 INCH    5 = HAIL
                        GRTST 24HR     0.0         6 = FREEZING RAIN OR DRIZZLE
                        GRTST DEPTH:   0           7 = DUSTSTORM OR SANDSTORM:
                                                       VSBY 1/2 MILE OR LESS
                                                   8 = SMOKE OR HAZE
[NO. OF DAYS WITH]      [WEATHER - DAYS WITH]      9 = BLOWING SNOW
                                                   X = TORNADO
MAX 32 OR BELOW:   0    0.01 INCH OR MORE:   6
MAX 90 OR ABOVE:   0    0.10 INCH OR MORE:   4
MIN 32 OR BELOW:   0    0.50 INCH OR MORE:   1
MIN  0 OR BELOW:   0    1.00 INCH OR MORE:   1

[HDD (BASE 65) ]
TOTAL THIS MO.    48    CLEAR  (SCALE 0-3)   3
DPTR FM NORMAL   -78    PTCLDY (SCALE 4-7)  22
TOTAL FM JUL 1  4950    CLOUDY (SCALE 8-10)  2
DPTR FM NORMAL   209

[CDD (BASE 65) ]
TOTAL THIS MO.   130
DPTR FM NORMAL    76    [PRESSURE DATA]
TOTAL FM JAN 1   135    HIGHEST SLP M ON M
DPTR FM NORMAL    67    LOWEST  SLP 29.83 ON M

[REMARKS]
