000
CXUS55 KRIW 190901
CF6BYG
PRELIMINARY LOCAL CLIMATOLOGICAL DATA (WS FORM: F-6)

                                          STATION:   BUFFALO WY
                                          MONTH:     APRIL
                                          YEAR:      2014
                                          LATITUDE:   44 22 N
                                          LONGITUDE: 106 43 W

  TEMPERATURE IN F:       :PCPN:    SNOW:  WIND      :SUNSHINE: SKY     :PK WND
================================================================================
1   2   3   4   5  6A  6B    7    8   9   10  11  12  13   14  15   16   17  18
                                     12Z  AVG MX 2MIN
DY MAX MIN AVG DEP HDD CDD  WTR  SNW DPTH SPD SPD DIR MIN PSBL S-S WX    SPD DR
================================================================================

 1  43  23  33  -6  32   0 0.00  0.0    M  7.8 18 170   M    M   5 1      23 170
 2  33  24  29 -10  36   0    T    M    M  8.1 21 350   M    M   9 12     25 340
 3  43  22  33  -6  32   0 0.00  0.0    M 11.9 32 350   M    M   1        39 340
 4  55  26  41   1  24   0 0.00  0.0    M  6.7 20 350   M    M   1        27 340
 5  51  31  41   1  24   0    T  0.0    M  8.1 21 330   M    M   4        28 330
 6  49  31  40   0  25   0 0.01    M    M 11.9 35 340   M    M   7        46 350
 7  52  32  42   2  23   0 0.01    M    M 15.0 31 350   M    M   4 1      40 340
 8  65  33  49   8  16   0 0.00  0.0    M  6.1 18 160   M    M   0        21 160
 9  71  39  55  14  10   0 0.11    M    M 13.8 46 330   M    M   3 1      59 340
10  56  34  45   4  20   0 0.16    M    M  4.8 24 300   M    M   5 1      32 300
11  67  37  52  10  13   0 0.00  0.0    M  9.1 26 230   M    M   0        32 220
12  49  24  37  -5  28   0 0.24    M    M 13.4 26 350   M    M   7 1      36 340
13  25  14  20 -22  45   0    T    M    M 21.2 32 340   M    M   7 19     39 330
14  42  14  28 -15  37   0 0.00  0.0    M  8.6 21 310   M    M   0        24 320
15  59  33  46   3  19   0 0.02    M    M 11.1 37 340   M    M   6 1      44 340
16  40  29  35  -8  30   0 0.04    M    M 14.3 30 350   M    M   7 18     39 340
17  60  27  44   0  21   0 0.00  0.0    M  5.0 14 190   M    M   5 12     19  80
18  70  35  53   9  12   0 0.00  0.0    0 13.0 40 330   M    M   2        52 340
================================================================================
SM  930  508       447   0  0.59     0.0 189.9          M       73
================================================================================
AV 51.7 28.2                              10.6 FASTST   M    M   4    MAX(MPH)
                                 MISC ---->  # 46 330               # 59  340
================================================================================
NOTES:
# LAST OF SEVERAL OCCURRENCES

COLUMN 17 PEAK WIND IN M.P.H.

PRELIMINARY LOCAL CLIMATOLOGICAL DATA (WS FORM: F-6) , PAGE 2

                                          STATION:  BUFFALO WY
                                          MONTH:    APRIL
                                          YEAR:     2014
                                          LATITUDE:   44 22 N
                                          LONGITUDE: 106 43 W

[TEMPERATURE DATA]      [PRECIPITATION DATA]       SYMBOLS USED IN COLUMN 16

AVERAGE MONTHLY: 39.9   TOTAL FOR MONTH:   0.59    1 = FOG OR MIST
DPTR FM NORMAL:  -1.3   DPTR FM NORMAL:    0.01    2 = FOG REDUCING VISIBILITY
HIGHEST:    71 ON  9    GRTST 24HR  0.26 ON  9-10      TO 1/4 MILE OR LESS
LOWEST:     14 ON 14,13                            3 = THUNDER
                        SNOW, ICE PELLETS, HAIL    4 = ICE PELLETS
                        TOTAL MONTH:   0.0 INCH    5 = HAIL
                        GRTST 24HR     0.0         6 = FREEZING RAIN OR DRIZZLE
                        GRTST DEPTH:   0           7 = DUSTSTORM OR SANDSTORM:
                                                       VSBY 1/2 MILE OR LESS
                                                   8 = SMOKE OR HAZE
[NO. OF DAYS WITH]      [WEATHER - DAYS WITH]      9 = BLOWING SNOW
                                                   X = TORNADO
MAX 32 OR BELOW:   1    0.01 INCH OR MORE:   7
MAX 90 OR ABOVE:   0    0.10 INCH OR MORE:   3
MIN 32 OR BELOW:  12    0.50 INCH OR MORE:   0
MIN  0 OR BELOW:   0    1.00 INCH OR MORE:   0

[HDD (BASE 65) ]
TOTAL THIS MO.   447    CLEAR  (SCALE 0-3)   6
DPTR FM NORMAL    20    PTCLDY (SCALE 4-7)  11
TOTAL FM JUL 1  6687    CLOUDY (SCALE 8-10)  1
DPTR FM NORMAL    70

[CDD (BASE 65) ]
TOTAL THIS MO.     0
DPTR FM NORMAL     0    [PRESSURE DATA]
TOTAL FM JAN 1     0    HIGHEST SLP M ON M
DPTR FM NORMAL     0    LOWEST  SLP 29.57 ON 12

[REMARKS]
