000
CXUS55 KPIH 171200
CF6BYI

PRELIMINARY LOCAL CLIMATOLOGICAL DATA (WS FORM: F-6)

                                          STATION:   BURLEY ID
                                          MONTH:     OCTOBER
                                          YEAR:      2017
                                          LATITUDE:   42 32 N
                                          LONGITUDE: 113 46 W

  TEMPERATURE IN F:       :PCPN:    SNOW:  WIND      :SUNSHINE: SKY     :PK WND
================================================================================
1   2   3   4   5  6A  6B    7    8   9   10  11  12  13   14  15   16   17  18
                                     12Z  AVG MX 2MIN
DY MAX MIN AVG DEP HDD CDD  WTR  SNW DPTH SPD SPD DIR MIN PSBL S-S WX    SPD DR
================================================================================

 1  54  37  46  -7  19   0    T    M    M 15.1 28 250   M    M   2        36 270
 2  50  32  41 -11  24   0    M    M    M  6.5 16  70   M    M   7 1      19  70
 3  56  28  42 -10  23   0    M    M    M  9.4 22  60   M    M   2 1      29  70
 4  49  33  41 -11  24   0    M    M    M  8.7 23 240   M    M   7        29 240
 5  57  29  43  -8  22   0 0.00    M    M  7.0 16  60   M    M   0        19  50
 6  64  33  49  -2  16   0 0.00    M    M  9.5 18 200   M    M   0 8      26 260
 7  66  44  55   4  10   0 0.00    M    M 12.6 23 250   M    M   0 8      29 290
 8  53  34  44  -6  21   0    T    M    M 14.2 29 260   M    M   3 3      41 280
 9  53  24  39 -11  26   0 0.00    M    M  2.3  8 100   M    M   0 8      12  80
10  64  29  47  -3  18   0 0.00    M    M  7.3 17 200   M    M   0        24 200
11  62  41  52   3  13   0 0.00    M    M 12.3 22 200   M    M   0 8      29 200
12  50  30  40  -9  25   0 0.00    M    M  9.2 20 250   M    M   0        26 250
13  55  24  40  -9  25   0 0.05    M    M  9.5 23 250   M    M   4 1      33 270
14  45  26  36 -12  29   0    T    M    M 10.9 26 270   M    M   3        37 270
15  59  22  41  -7  24   0 0.00    M    M  6.0 15  50   M    M   0        18  50
16  66  24  45  -3  20   0 0.00    M    M  1.3  7 320   M    M   0         9  10
================================================================================
SM  903  490       339   0  0.05    M    141.8          M       28
================================================================================
AV 56.4 30.6                               8.9 FASTST   M    M   2    MAX(MPH)
                                 MISC ---->  # 29 260               # 41  280
================================================================================
NOTES:
# LAST OF SEVERAL OCCURRENCES
PRECIPITATION SUSPECT DURING FREEZING/FROZEN EVENTS

COLUMN 17 PEAK WIND IN M.P.H.

PRELIMINARY LOCAL CLIMATOLOGICAL DATA (WS FORM: F-6) , PAGE 2

                                          STATION:  BURLEY ID
                                          MONTH:    OCTOBER
                                          YEAR:     2017
                                          LATITUDE:   42 32 N
                                          LONGITUDE: 113 46 W

[TEMPERATURE DATA]      [PRECIPITATION DATA]       SYMBOLS USED IN COLUMN 16

AVERAGE MONTHLY: 43.5   TOTAL FOR MONTH:   0.05    1 = FOG OR MIST
DPTR FM NORMAL:  -6.7   DPTR FM NORMAL:   -0.32    2 = FOG REDUCING VISIBILITY
HIGHEST:    66 ON 16, 7 GRTST 24HR  0.05 ON 13-13      TO 1/4 MILE OR LESS
LOWEST:     22 ON 15                               3 = THUNDER
                        SNOW, ICE PELLETS, HAIL    4 = ICE PELLETS
                        TOTAL MONTH:    M          5 = HAIL
                        GRTST 24HR    M  ON   M    6 = FREEZING RAIN OR DRIZZLE
                        GRTST DEPTH:  M  ON   M    7 = DUSTSTORM OR SANDSTORM:
                                                       VSBY 1/2 MILE OR LESS
                                                   8 = SMOKE OR HAZE
[NO. OF DAYS WITH]      [WEATHER - DAYS WITH]      9 = BLOWING SNOW
                                                   X = TORNADO
MAX 32 OR BELOW:   0    0.01 INCH OR MORE:   1
MAX 90 OR ABOVE:   0    0.10 INCH OR MORE:   0
MIN 32 OR BELOW:  10    0.50 INCH OR MORE:   0
MIN  0 OR BELOW:   0    1.00 INCH OR MORE:   0

[HDD (BASE 65) ]
TOTAL THIS MO.   339    CLEAR  (SCALE 0-3)  12
DPTR FM NORMAL   102    PTCLDY (SCALE 4-7)   4
TOTAL FM JUL 1   584    CLOUDY (SCALE 8-10)  0
DPTR FM NORMAL    77

[CDD (BASE 65) ]
TOTAL THIS MO.     0
DPTR FM NORMAL     0    [PRESSURE DATA]
TOTAL FM JAN 1   601    HIGHEST SLP M ON M
DPTR FM NORMAL   236    LOWEST  SLP 29.70 ON  8

[REMARKS]
