000
CXUS56 KTFX 251205
CF6BZN
PRELIMINARY LOCAL CLIMATOLOGICAL DATA (WS FORM: F-6)

                                          STATION:   BOZEMAN/GALLATIN FIELD MT
                                          MONTH:     OCTOBER
                                          YEAR:      2014
                                          LATITUDE:   45 46 N
                                          LONGITUDE: 111  9 W

  TEMPERATURE IN F:       :PCPN:    SNOW:  WIND      :SUNSHINE: SKY     :PK WND
================================================================================
1   2   3   4   5  6A  6B    7    8   9   10  11  12  13   14  15   16   17  18
                                     12Z  AVG MX 2MIN
DY MAX MIN AVG DEP HDD CDD  WTR  SNW DPTH SPD SPD DIR MIN PSBL S-S WX    SPD DR
================================================================================

 1  56  32  44  -7  21   0 0.02  0.0    0  5.0 14 230   M    M   7        17 270
 2  52  29  41 -10  24   0    T  0.0    0  9.5 29 340   M    M   5 8      34 340
 3  61  21  41 -10  24   0 0.00  0.0    0  3.2 10 150   M    M   0        11  50
 4  70  32  51   1  14   0 0.00  0.0    0  6.6 21 260   M    M   5        27 280
 5  71  39  55   5  10   0 0.00  0.0    0  6.8 22 290   M    M   3        25 280
 6  74  34  54   4  11   0 0.00  0.0    0  8.7 25 260   M    M   0        31 260
 7  75  38  57   8   8   0 0.00  0.0    0  5.0 16  60   M    M   4 8      18  70
 8  73  36  55   6  10   0 0.00  0.0    0  4.6 12 160   M    M   1        14 280
 9  65  37  51   3  14   0 0.00  0.0    0  3.5 21 140   M    M   1        25 140
10  67  36  52   4  13   0 0.00  0.0    0  2.3  9 150   M    M   2        10 140
11  65  35  50   2  15   0 0.12  0.0    0  6.8 39 300   M    M   4 13     49 300
12  52  31  42  -5  23   0 0.06  0.0    0  5.7 15 290   M    M   9        19 300
13  61  29  45  -2  20   0 0.00  0.0    0  4.9 13 150   M    M   2        13 150
14  72  34  53   6  12   0 0.00  0.0    0  6.4 18 180   M    M   0        22 180
15  74  36  55   9  10   0 0.01  0.0    0 10.5 38 210   M    M   2        49 200
16  53  29  41  -5  24   0 0.00  0.0    0  3.8 13 110   M    M   2        15 110
17  61  23  42  -4  23   0 0.00  0.0    0  3.1  8 150   M    M   0         9 310
18  69  31  50   5  15   0 0.00  0.0    0  6.0 15 320   M    M   0        17 330
19  70  29  50   5  15   0 0.00  0.0    0  3.0 10 150   M    M   0        12 160
20  77  29  53   9  12   0 0.00  0.0    0  5.2 15 150   M    M   0        16 150
21  66  37  52   8  13   0 0.16  0.0    0  9.9 43 260   M    M   6 13     53 250
22  58  27  43  -1  22   0 0.00  0.0    0  5.4 22 270   M    M   1        26 270
23  66  35  51   8  14   0 0.00  0.0    0  6.8 24 250   M    M   7        32 250
24  57  34  46   3  19   0 0.01  0.0    0  6.1 21 250   M    M   8 1      26 260
================================================================================
SM 1565  773       386   0  0.38     0.0 138.8          M       69
================================================================================
AV 65.2 32.2                               5.8 FASTST   M    M   3    MAX(MPH)
                                 MISC ---->  # 43 260               # 53  250
================================================================================
NOTES:
# LAST OF SEVERAL OCCURRENCES

COLUMN 17 PEAK WIND IN M.P.H.

PRELIMINARY LOCAL CLIMATOLOGICAL DATA (WS FORM: F-6) , PAGE 2

                                          STATION:  BOZEMAN/GALLATIN FIELD MT
                                          MONTH:    OCTOBER
                                          YEAR:     2014
                                          LATITUDE:   45 46 N
                                          LONGITUDE: 111  9 W

[TEMPERATURE DATA]      [PRECIPITATION DATA]       SYMBOLS USED IN COLUMN 16

AVERAGE MONTHLY: 48.7   TOTAL FOR MONTH:   0.38    1 = FOG OR MIST
DPTR FM NORMAL:   1.5   DPTR FM NORMAL:   -0.51    2 = FOG REDUCING VISIBILITY
HIGHEST:    77 ON 20    GRTST 24HR  0.18 ON 11-12      TO 1/4 MILE OR LESS
LOWEST:     21 ON  3                               3 = THUNDER
                        SNOW, ICE PELLETS, HAIL    4 = ICE PELLETS
                        TOTAL MONTH:   0.0 INCH    5 = HAIL
                        GRTST 24HR     0.0         6 = FREEZING RAIN OR DRIZZLE
                        GRTST DEPTH:   0           7 = DUSTSTORM OR SANDSTORM:
                                                       VSBY 1/2 MILE OR LESS
                                                   8 = SMOKE OR HAZE
[NO. OF DAYS WITH]      [WEATHER - DAYS WITH]      9 = BLOWING SNOW
                                                   X = TORNADO
MAX 32 OR BELOW:   0    0.01 INCH OR MORE:   6
MAX 90 OR ABOVE:   0    0.10 INCH OR MORE:   2
MIN 32 OR BELOW:  12    0.50 INCH OR MORE:   0
MIN  0 OR BELOW:   0    1.00 INCH OR MORE:   0

[HDD (BASE 65) ]
TOTAL THIS MO.   386    CLEAR  (SCALE 0-3)  14
DPTR FM NORMAL   -41    PTCLDY (SCALE 4-7)   8
TOTAL FM JUL 1   777    CLOUDY (SCALE 8-10)  2
DPTR FM NORMAL    45

[CDD (BASE 65) ]
TOTAL THIS MO.     0
DPTR FM NORMAL     0    [PRESSURE DATA]
TOTAL FM JAN 1   187    HIGHEST SLP M ON M
DPTR FM NORMAL  -181    LOWEST  SLP 29.52 ON 15

[REMARKS]
