000
CXUS56 KTFX 281205
CF6BZN
PRELIMINARY LOCAL CLIMATOLOGICAL DATA (WS FORM: F-6)

                                          STATION:   BOZEMAN/GALLATIN FIELD MT
                                          MONTH:     MARCH
                                          YEAR:      2017
                                          LATITUDE:   45 46 N
                                          LONGITUDE: 111  9 W

  TEMPERATURE IN F:       :PCPN:    SNOW:  WIND      :SUNSHINE: SKY     :PK WND
================================================================================
1   2   3   4   5  6A  6B    7    8   9   10  11  12  13   14  15   16   17  18
                                     12Z  AVG MX 2MIN
DY MAX MIN AVG DEP HDD CDD  WTR  SNW DPTH SPD SPD DIR MIN PSBL S-S WX    SPD DR
================================================================================

 1  41  15  28  -3  37   0 0.00  0.0    T 11.6 28 260   M    M   8        34 250
 2  48  30  39   7  26   0 0.00  0.0    T 10.2 22 240   M    M   7        31 220
 3  55  34  45  13  20   0 0.00  0.0    0  9.2 25 250   M    M   3        31 250
 4  51  33  42  10  23   0 0.00  0.0    0  8.6 25 170   M    M   7        33 180
 5  52  28  40   7  25   0    T    T    0 11.1 35 230   M    M   4 1      46 230
 6  37  20  29  -4  36   0 0.02  1.0    1  9.3 25 230   M    M   6 1      33 220
 7  39  21  30  -3  35   0 0.00  0.0    0 13.8 29 290   M    M   6        37 290
 8  51  32  42   8  23   0 0.01    T    0  9.8 33 240   M    M  10        44 230
 9  35  22  29  -5  36   0 0.08  0.8    1  6.5 16 340   M    M  10 1      20 340
10  56  21  39   5  26   0 0.00  0.0    T  4.0 16 320   M    M   5        20 320
11  55  26  41   6  24   0 0.00  0.0    0  5.8 23 240   M    M   3        30 250
12  51  29  40   5  25   0 0.02  0.0    0  9.7 39 290   M    M   6 1      49 290
13  62  32  47  11  18   0 0.00  0.0    0  6.5 21 260   M    M   9        25 250
14  62  40  51  15  14   0 0.03  0.0    0  3.4 14 260   M    M   9        17 270
15  70  36  53  17  12   0 0.00  0.0    0  7.5 23 240   M    M   2        29 270
16  56  28  42   5  23   0 0.16  0.0    0 10.0 31 300   M    M   5 1      37 280
17  61  26  44   7  21   0 0.00  0.0    0  3.4 10 160   M    M   3        11 160
18  69  36  53  16  12   0 0.00  0.0    0  9.0 24 230   M    M   2        32 220
19  57  40  49  11  16   0 0.32  0.0    0  7.0 26 220   M    M   9 1      36 240
20  41  35  38   0  27   0 0.13    T    0  4.5 14 340   M    M  10 1      16 340
21  51  33  42   4  23   0 0.00  0.0    0  3.3 14 350   M    M   6 1      16 350
22  60  32  46   7  19   0 0.06  0.0    0  6.1 15 310   M    M   4 1      19 330
23  55  30  43   4  22   0 0.00  0.0    0  5.4 15 310   M    M   5        18 300
24  63  23  43   4  22   0 0.00  0.0    0  7.3 26 230   M    M   1        32 220
25  53  33  43   3  22   0 0.02  0.0    0  5.4 28 300   M    M   7 1      32 300
26  57  29  43   3  22   0 0.00  0.0    0  5.9 22 250   M    M   6        28 250
27  53  33  43   3  22   0    T  0.0    0  6.9 26 310   M    M   8        31 310
================================================================================
SM 1441  797       631   0  0.85     1.8 201.2          M      161
================================================================================
AV 53.4 29.5                               7.5 FASTST   M    M   6    MAX(MPH)
                                 MISC ---->  # 39 290               # 49  290
================================================================================
NOTES:
# LAST OF SEVERAL OCCURRENCES

COLUMN 17 PEAK WIND IN M.P.H.

PRELIMINARY LOCAL CLIMATOLOGICAL DATA (WS FORM: F-6) , PAGE 2

                                          STATION:  BOZEMAN/GALLATIN FIELD MT
                                          MONTH:    MARCH
                                          YEAR:     2017
                                          LATITUDE:   45 46 N
                                          LONGITUDE: 111  9 W

[TEMPERATURE DATA]      [PRECIPITATION DATA]       SYMBOLS USED IN COLUMN 16

AVERAGE MONTHLY: 41.4   TOTAL FOR MONTH:   0.85    1 = FOG OR MIST
DPTR FM NORMAL:   5.6   DPTR FM NORMAL:    0.07    2 = FOG REDUCING VISIBILITY
HIGHEST:    70 ON 15    GRTST 24HR  0.32 ON 19-19      TO 1/4 MILE OR LESS
LOWEST:     15 ON  1                               3 = THUNDER
                        SNOW, ICE PELLETS, HAIL    4 = ICE PELLETS
                        TOTAL MONTH:   1.8 INCHES  5 = HAIL
                        GRTST 24HR   1.0 ON  6- 6  6 = FREEZING RAIN OR DRIZZLE
                        GRTST DEPTH:   1 ON  9, 6  7 = DUSTSTORM OR SANDSTORM:
                                                       VSBY 1/2 MILE OR LESS
                                                   8 = SMOKE OR HAZE
[NO. OF DAYS WITH]      [WEATHER - DAYS WITH]      9 = BLOWING SNOW
                                                   X = TORNADO
MAX 32 OR BELOW:   0    0.01 INCH OR MORE:  10
MAX 90 OR ABOVE:   0    0.10 INCH OR MORE:   3
MIN 32 OR BELOW:  17    0.50 INCH OR MORE:   0
MIN  0 OR BELOW:   0    1.00 INCH OR MORE:   0

[HDD (BASE 65) ]
TOTAL THIS MO.   631    CLEAR  (SCALE 0-3)   6
DPTR FM NORMAL  -156    PTCLDY (SCALE 4-7)  14
TOTAL FM JUL 1  6824    CLOUDY (SCALE 8-10)  7
DPTR FM NORMAL   457

[CDD (BASE 65) ]
TOTAL THIS MO.     0
DPTR FM NORMAL     0    [PRESSURE DATA]
TOTAL FM JAN 1     0    HIGHEST SLP M ON M
DPTR FM NORMAL     0    LOWEST  SLP 29.33 ON  5

[REMARKS]
