000
CXUS55 KCAE 251400
CF6CAE
PRELIMINARY LOCAL CLIMATOLOGICAL DATA (WS FORM: F-6)

                                          STATION:   COLUMBIA METRO AIRPORT SC
                                          MONTH:     MARCH
                                          YEAR:      2017
                                          LATITUDE:   33 57 N
                                          LONGITUDE:  81  7 W

  TEMPERATURE IN F:       :PCPN:    SNOW:  WIND      :SUNSHINE: SKY     :PK WND
================================================================================
1   2   3   4   5  6A  6B    7    8   9   10  11  12  13   14  15   16   17  18
                                     12Z  AVG MX 2MIN
DY MAX MIN AVG DEP HDD CDD  WTR  SNW DPTH SPD SPD DIR MIN PSBL S-S WX    SPD DR
================================================================================

 1  84  64  74  22   0   9 0.22  0.0    0 11.4 29 270   M    M   6 13     37 260
 2  64  40  52   0  13   0 0.01  0.0    0  7.5 21 280   M    M   5 3      28 350
 3  65  31  48  -4  17   0 0.00  0.0    0  6.9 23 290   M    M   0        30 280
 4  62  29  46  -6  19   0 0.00  0.0    0  2.3 12 110   M    M   0        16  50
 5  68  33  51  -2  14   0 0.00  0.0    0  2.3  9 130   M    M   4        11  10
 6  72  49  61   8   4   0    T  0.0    0  3.7 18 140   M    M   6        22 180
 7  77  49  63  10   2   0 0.01  0.0    0  9.5 20 190   M    M   5 1      32 100
 8  75  43  59   5   6   0 0.00  0.0    0  6.4 18 290   M    M   4        23 280
 9  79  36  58   4   7   0 0.00  0.0    0  4.2 16 190   M    M   0        21 220
10  77  50  64  10   1   0 0.05  0.0    0 11.3 28 290   M    M   4 3      34 280
11  62  41  52  -2  13   0    T  0.0    0  4.9 13  90   M    M   5        16  70
12  51  33  42 -13  23   0 0.37    T    0  7.4 15  70   M    M   7 1      20  10
13  44  31  38 -17  27   0 0.57  0.0    0  6.3 13  20   M    M   8 1      19  20
14  59  37  48  -7  17   0 0.07  0.0    0 12.5 26 260   M    M   8 1      34 290
15  48  31  40 -15  25   0 0.00  0.0    0 10.8 24 290   M    M   1        33 310
16  55  22  39 -17  26   0 0.00  0.0    0  5.1 16 280   M    M   0        20 290
17  69  25  47  -9  18   0 0.00  0.0    0  4.9 16 200   M    M   2 18     26 210
18  72  51  62   6   3   0 0.03  0.0    0 11.5 25 250   M    M   5        34 260
19  64  39  52  -4  13   0 0.00  0.0    0  6.1 16 360   M    M   0        24  20
20  74  32  53  -4  12   0 0.00  0.0    0  2.1 14 250   M    M   2        17 220
21  89  51  70  13   0   5 0.49  0.0    0  6.1 37 300   M    M   4 13     50 290
22  73  53  63   6   2   0 0.01  0.0    0  7.9 16  60   M    M   5        24  20
23  64  45  55  -2  10   0 0.00  0.0    0  8.8 17  70   M    M   2        23  70
24  77  48  63   5   2   0 0.00  0.0    0  6.9 17 140   M    M   6        20 200
================================================================================
SM 1624  963       274  14  1.83    T    166.8          M       89
================================================================================
AV 67.7 40.1                               7.0 FASTST   M    M   4    MAX(MPH)
                                 MISC ---->  # 37 300               # 50  290
================================================================================
NOTES:
# LAST OF SEVERAL OCCURRENCES

COLUMN 17 PEAK WIND IN M.P.H.

PRELIMINARY LOCAL CLIMATOLOGICAL DATA (WS FORM: F-6) , PAGE 2

                                          STATION:  COLUMBIA METRO AIRPORT SC
                                          MONTH:    MARCH
                                          YEAR:     2017
                                          LATITUDE:   33 57 N
                                          LONGITUDE:  81  7 W

[TEMPERATURE DATA]      [PRECIPITATION DATA]       SYMBOLS USED IN COLUMN 16

AVERAGE MONTHLY: 53.9   TOTAL FOR MONTH:   1.83    1 = FOG OR MIST
DPTR FM NORMAL:  -0.8   DPTR FM NORMAL:   -1.09    2 = FOG REDUCING VISIBILITY
HIGHEST:    89 ON 21    GRTST 24HR  0.57 ON 13-13      TO 1/4 MILE OR LESS
LOWEST:     22 ON 16                               3 = THUNDER
                        SNOW, ICE PELLETS, HAIL    4 = ICE PELLETS
                        TOTAL MONTH:    T          5 = HAIL
                        GRTST 24HR    T  ON 12-12  6 = FREEZING RAIN OR DRIZZLE
                        GRTST DEPTH:   0           7 = DUSTSTORM OR SANDSTORM:
                                                       VSBY 1/2 MILE OR LESS
                                                   8 = SMOKE OR HAZE
[NO. OF DAYS WITH]      [WEATHER - DAYS WITH]      9 = BLOWING SNOW
                                                   X = TORNADO
MAX 32 OR BELOW:   0    0.01 INCH OR MORE:  10
MAX 90 OR ABOVE:   0    0.10 INCH OR MORE:   4
MIN 32 OR BELOW:   7    0.50 INCH OR MORE:   1
MIN  0 OR BELOW:   0    1.00 INCH OR MORE:   0

[HDD (BASE 65) ]
TOTAL THIS MO.   274    CLEAR  (SCALE 0-3)   9
DPTR FM NORMAL    16    PTCLDY (SCALE 4-7)  14
TOTAL FM JUL 1  1615    CLOUDY (SCALE 8-10)  1
DPTR FM NORMAL  -742

[CDD (BASE 65) ]
TOTAL THIS MO.    14
DPTR FM NORMAL     2    [PRESSURE DATA]
TOTAL FM JAN 1    32    HIGHEST SLP M ON M
DPTR FM NORMAL    16    LOWEST  SLP 29.73 ON 14

[REMARKS]
