000
CXUS55 KGJT 201000
CF6CAG
PRELIMINARY LOCAL CLIMATOLOGICAL DATA (WS FORM: F-6)

                                          STATION:   CRAIG CO
                                          MONTH:     OCTOBER
                                          YEAR:      2017
                                          LATITUDE:   40 30 N
                                          LONGITUDE: 107 32 W

  TEMPERATURE IN F:       :PCPN:    SNOW:  WIND      :SUNSHINE: SKY     :PK WND
================================================================================
1   2   3   4   5  6A  6B    7    8   9   10  11  12  13   14  15   16   17  18
                                     12Z  AVG MX 2MIN
DY MAX MIN AVG DEP HDD CDD  WTR  SNW DPTH SPD SPD DIR MIN PSBL S-S WX    SPD DR
================================================================================

 1  45  33  39 -10  26   0 0.70    M    M  4.5 16 340   M    M  10 1      20 350
 2  36  28  32 -17  33   0 0.51    M    M  2.8  8 260   M    M  10 12      9 360
 3  53  21  37 -11  28   0 0.00    M    M  6.3 16  80   M    M   3 12     21  80
 4  76  30  53   5  12   0 0.00    M    M 10.2 35 240   M    M   0        42 240
 5  72  31  52   5  13   0 0.00    M    M  3.4 21 280   M    M   1        24 280
 6  57  29  43  -4  22   0    T    M    M  6.5 23 290   M    M   4        28 290
 7  70  25  48   1  17   0 0.00    M    M  7.7 24 240   M    M   0        30 240
 8  74  27  51   5  14   0 0.07    M    M  9.8 35 350   M    M   3 1      47 360
 9  48  25  37  -9  28   0 0.27    M    M  4.9 14 300   M    M   6 1      19  30
10  57  20  39  -6  26   0 0.00    M    M  3.5 12 290   M    M   0        16 300
11  69  25  47   2  18   0 0.00    M    M  7.4 25 240   M    M   0        32 220
12  64  26  45   0  20   0 0.00    M    M  4.5 20 340   M    M   0        32 240
13  65  20  43  -1  22   0 0.00    M    M  5.2 31 240   M    M   0        38 240
14  47  18  33 -11  32   0    T    M    M  8.2 23 290   M    M   2        32 280
15  62  15  39  -4  26   0 0.00    M    M  2.5 13  80   M    M   0        17  70
16  69  19  44   1  21   0 0.00    M    M  3.6 17 300   M    M   0        23 260
17  71  18  45   2  20   0 0.00    M    M  3.0 14 290   M    M   0        18 290
18  72  19  46   4  19   0 0.00    M    M  2.0  9 280   M    M   0        11 290
19  73  22  48   6  17   0 0.00    M    M  4.7 17 290   M    M   2        21 210
================================================================================
SM 1180  451       414   0  1.55    M    100.7          M       41
================================================================================
AV 62.1 23.7                               5.3 FASTST   M    M   2    MAX(MPH)
                                 MISC ---->  # 35 240               # 47  360
================================================================================
NOTES:
# LAST OF SEVERAL OCCURRENCES

COLUMN 17 PEAK WIND IN M.P.H.

PRELIMINARY LOCAL CLIMATOLOGICAL DATA (WS FORM: F-6) , PAGE 2

                                          STATION:  CRAIG CO
                                          MONTH:    OCTOBER
                                          YEAR:     2017
                                          LATITUDE:   40 30 N
                                          LONGITUDE: 107 32 W

[TEMPERATURE DATA]      [PRECIPITATION DATA]       SYMBOLS USED IN COLUMN 16

AVERAGE MONTHLY: 42.9   TOTAL FOR MONTH:   1.55    1 = FOG OR MIST
DPTR FM NORMAL:  -2.5   DPTR FM NORMAL:    0.48    2 = FOG REDUCING VISIBILITY
HIGHEST:    76 ON  4    GRTST 24HR  0.75 ON 30- 1      TO 1/4 MILE OR LESS
LOWEST:     15 ON 15                               3 = THUNDER
                        SNOW, ICE PELLETS, HAIL    4 = ICE PELLETS
                        TOTAL MONTH:    M          5 = HAIL
                        GRTST 24HR    M  ON   M    6 = FREEZING RAIN OR DRIZZLE
                        GRTST DEPTH:  M  ON   M    7 = DUSTSTORM OR SANDSTORM:
                                                       VSBY 1/2 MILE OR LESS
                                                   8 = SMOKE OR HAZE
[NO. OF DAYS WITH]      [WEATHER - DAYS WITH]      9 = BLOWING SNOW
                                                   X = TORNADO
MAX 32 OR BELOW:   0    0.01 INCH OR MORE:   4
MAX 90 OR ABOVE:   0    0.10 INCH OR MORE:   3
MIN 32 OR BELOW:  18    0.50 INCH OR MORE:   2
MIN  0 OR BELOW:   0    1.00 INCH OR MORE:   0

[HDD (BASE 65) ]
TOTAL THIS MO.   414    CLEAR  (SCALE 0-3)  15
DPTR FM NORMAL    42    PTCLDY (SCALE 4-7)   2
TOTAL FM JUL 1   664    CLOUDY (SCALE 8-10)  2
DPTR FM NORMAL   -73

[CDD (BASE 65) ]
TOTAL THIS MO.     0
DPTR FM NORMAL     0    [PRESSURE DATA]
TOTAL FM JAN 1   285    HIGHEST SLP M ON M
DPTR FM NORMAL   143    LOWEST  SLP 29.44 ON  8

[REMARKS]
