000
CXUS51 KCLE 271004
CF6CAK
PRELIMINARY LOCAL CLIMATOLOGICAL DATA (WS FORM: F-6)

                                          STATION:   AKRON CANTON OH
                                          MONTH:     FEBRUARY
                                          YEAR:      2015
                                          LATITUDE:   40 55 N
                                          LONGITUDE:  81 26 W

  TEMPERATURE IN F:       :PCPN:    SNOW:  WIND      :SUNSHINE: SKY     :PK WND
================================================================================
1   2   3   4   5  6A  6B    7    8   9   10  11  12  13   14  15   16   17  18
                                     12Z  AVG MX 2MIN
DY MAX MIN AVG DEP HDD CDD  WTR  SNW DPTH SPD SPD DIR MIN PSBL S-S WX    SPD DR
================================================================================

 1  36  28  32   5  33   0 0.70  4.3    5  8.0 16 130   M    M  10 14     24 110
 2  39   7  23  -4  42   0 0.08  0.7    7 13.8 25 300   M    M   9 12     33 330
 3  27   2  15 -12  50   0 0.02  0.4    7 10.2 17 230   M    M   7 1      22 250
 4  38  23  31   4  34   0 0.28  2.3    8 11.6 20 260   M    M  10 1      36 220
 5  23   1  12 -15  53   0 0.02  0.5   10  9.9 22 350   M    M   5        31 360
 6  28  -1  14 -13  51   0 0.00  0.0   10 12.2 20 280   M    M   7        24 220
 7  42  22  32   4  33   0 0.00  0.0    9 10.1 20 220   M    M  10        24 220
 8  48  38  43  15  22   0 0.10  0.0    7  7.8 15 240   M    M   9 128    20 250
 9  39  18  29   1  36   0 0.02    T    5 12.0 18  10   M    M   9 1      21  10
10  33  17  25  -3  40   0    T    T    5  7.8 15  10   M    M   7 18     18  20
11  35  15  25  -3  40   0 0.02  0.2    4  8.3 18 290   M    M   7 1468   24 290
12  31   3  17 -11  48   0 0.02  0.4    3 14.0 26 330   M    M   7 189    33 340
13  20  -1  10 -18  55   0    T    T    3  9.3 18 210   M    M   4        23 210
14  27   1  14 -15  51   0 0.12  3.7    3 16.9 35 330   M    M  10 9      43 330
15   4  -7  -1 -30  66   0    T  0.1    6 11.1 22 330   M    M   5 89     29 330
16   8  -9   0 -29  65   0 0.00  0.0    6  5.6 12  60   M    M   7 8      14 100
17  19  -5   7 -22  58   0    T    T    6  8.5 18 230   M    M   5        22 220
18  18   7  13 -17  52   0 0.11  2.7    6 12.8 25 270   M    M   5 189    34 270
19   7  -6   1 -29  64   0    T  0.1    7 12.8 25 300   M    M   7 89     33 290
20  12 -10   1 -29  64   0    T    T    7  9.2 18 180   M    M   3 1      23 190
21  29  12  21  -9  44   0 0.43  6.2    8  7.4 15 190   M    M  10 18     21 180
22  29  15  22  -8  43   0    T  0.1    9  6.8 17 330   M    M  10 128    22 330
23  19  -5   7 -24  58   0 0.02  0.4    9  8.7 20 350   M    M   3 8      26  10
24  23 -10   7 -24  58   0    T    T    9 13.5 25 220   M    M   5        33 220
25  28  13  21 -10  44   0    T    T    8  8.7 18 240   M    M   7 8      23 240
26  17   5  11 -21  54   0 0.05  1.0    7 11.6 17  10   M    M  10 8      22  10
================================================================================
SM  679  173      1258   0  1.99    23.1 268.6          M      188
================================================================================
AV 26.1  6.7                              10.3 FASTST   M    M   7    MAX(MPH)
                                 MISC ---->  # 35 330               # 43  330
================================================================================
NOTES:
# LAST OF SEVERAL OCCURRENCES

COLUMN 17 PEAK WIND IN M.P.H.

PRELIMINARY LOCAL CLIMATOLOGICAL DATA (WS FORM: F-6) , PAGE 2

                                          STATION:  AKRON CANTON OH
                                          MONTH:    FEBRUARY
                                          YEAR:     2015
                                          LATITUDE:   40 55 N
                                          LONGITUDE:  81 26 W

[TEMPERATURE DATA]      [PRECIPITATION DATA]       SYMBOLS USED IN COLUMN 16

AVERAGE MONTHLY: 16.4   TOTAL FOR MONTH:   1.99    1 = FOG OR MIST
DPTR FM NORMAL: -12.4   DPTR FM NORMAL:   -0.14    2 = FOG REDUCING VISIBILITY
HIGHEST:    48 ON  8    GRTST 24HR  0.72 ON  1- 2      TO 1/4 MILE OR LESS
LOWEST:    -10 ON 24,20                            3 = THUNDER
                        SNOW, ICE PELLETS, HAIL    4 = ICE PELLETS
                        TOTAL MONTH:  23.1 INCHES  5 = HAIL
                        GRTST 24HR   6.2 ON   M    6 = FREEZING RAIN OR DRIZZLE
                        GRTST DEPTH:  10 ON  6, 5  7 = DUSTSTORM OR SANDSTORM:
                                                       VSBY 1/2 MILE OR LESS
                                                   8 = SMOKE OR HAZE
[NO. OF DAYS WITH]      [WEATHER - DAYS WITH]      9 = BLOWING SNOW
                                                   X = TORNADO
MAX 32 OR BELOW:  18    0.01 INCH OR MORE:  14
MAX 90 OR ABOVE:   0    0.10 INCH OR MORE:   6
MIN 32 OR BELOW:  25    0.50 INCH OR MORE:   1
MIN  0 OR BELOW:   9    1.00 INCH OR MORE:   0

[HDD (BASE 65) ]
TOTAL THIS MO.  1258    CLEAR  (SCALE 0-3)   2
DPTR FM NORMAL   316    PTCLDY (SCALE 4-7)  14
TOTAL FM JUL 1  4728    CLOUDY (SCALE 8-10) 10
DPTR FM NORMAL   250

[CDD (BASE 65) ]
TOTAL THIS MO.     0
DPTR FM NORMAL     0    [PRESSURE DATA]
TOTAL FM JAN 1     0    HIGHEST SLP M ON M
DPTR FM NORMAL     0    LOWEST  SLP 29.42 ON  2

[REMARKS]
