000
CXUS51 KCAR 300600
CF6CAR
PRELIMINARY LOCAL CLIMATOLOGICAL DATA (WS FORM: F-6)

                                          STATION:   CARIBOU ME
                                          MONTH:     MARCH
                                          YEAR:      2017
                                          LATITUDE:   46 52 N
                                          LONGITUDE:  68  1 W

  TEMPERATURE IN F:       :PCPN:    SNOW:  WIND      :SUNSHINE: SKY     :PK WND
================================================================================
1   2   3   4   5  6A  6B    7    8   9   10  11  12  13   14  15   16   17  18
                                     12Z  AVG MX 2MIN
DY MAX MIN AVG DEP HDD CDD  WTR  SNW DPTH SPD SPD DIR MIN PSBL S-S WX    SPD DR
================================================================================

 1  40  33  37  18  28   0 0.45  0.0   22  6.7 17 160   M    M  10 12     25 160
 2  40  14  27   8  38   0 0.24  0.2   22 12.6 26 310   M    M   9 128    39 310
 3  18   1  10  -9  55   0 0.00  0.0   22 13.0 21 320   M    M   1        28 310
 4   6  -5   1 -19  64   0    T    T   22 16.0 28 330   M    M   4 89     38 320
 5  17   1   9 -11  56   0 0.00  0.0   22 17.3 28 340   M    M   1        37 330
 6  28   4  16  -4  49   0 0.00  0.0   22  6.9 15 320   M    M   0        20 330
 7  32   3  18  -3  47   0 0.17  1.0   21  7.9 17 160   M    M   6 1268   24 160
 8  39  32  36  15  29   0 0.38  0.0   21  7.3 17 170   M    M   7 126    24 150
 9  35  14  25   3  40   0 0.02  0.5   21 11.5 26 250   M    M   7 18     36 240
10  19  -1   9 -13  56   0 0.00  0.0   22 10.7 22 360   M    M   0        29 300
11  -1 -11  -6 -28  71   0    T    T   22 13.4 25 310   M    M   5 8      34 310
12  17  -5   6 -17  59   0    T    T   22 10.2 20 300   M    M   3 8      27 310
13  24   7  16  -7  49   0    T    T   21  5.9 15 320   M    M   4 8      22 310
14  25   4  15  -9  50   0 0.57 11.7   21  8.8 31  50   M    M   7 12     59  30
15  33  23  28   4  37   0 0.18  2.4   27 11.7 24  50   M    M  10 128    34  70
16  26  16  21  -3  44   0 0.04  1.1   28  8.2 20 300   M    M   9 18     26 310
17  24   9  17  -8  48   0    T    T   28  7.3 16 330   M    M  10        20 330
18  40   9  25   0  40   0 0.00  0.0   28  0.9  7 360   M    M   2         8 360
19  43   5  24  -2  41   0 0.00  0.0   27  2.9 10  10   M    M   0        14 120
20  45  14  30   4  35   0 0.00  0.0   26  5.6 12 360   M    M   0        15  20
21  44  24  34   8  31   0 0.00  0.0   25  5.7 17 320   M    M   4        22 330
22  25   7  16 -11  49   0    T  0.2   24 19.3 31 330   M    M   6 9      41 320
23  21   2  12 -15  53   0 0.00  0.0   24 13.4 26 330   M    M   0        33 320
24  31   4  18 -10  47   0    T  0.1   23  8.2 21 180   M    M   7        29 180
25  33  16  25  -3  40   0    T  0.1   23 10.7 23 330   M    M   3        29 340
26  33   8  21  -8  44   0 0.00  0.0   23  4.8 14 340   M    M   0        18 340
27  26  20  23  -6  42   0 0.35  3.3   21  8.0 14 130   M    M   9 128    18 180
28  32  25  29  -1  36   0 0.32  3.0   26  4.5 12 150   M    M  10 168    13 150
29  34  28  31   1  34   0    T    T   29  7.4 14 330   M    M  10 1      18 330
================================================================================
SM  829  301      1312   0  2.72    23.6 266.8          M      144
================================================================================
AV 28.6 10.4                               9.2 FASTST   M    M   5    MAX(MPH)
                                 MISC ---->  # 31  50               # 59   30
================================================================================
NOTES:
# LAST OF SEVERAL OCCURRENCES

COLUMN 17 PEAK WIND IN M.P.H.

PRELIMINARY LOCAL CLIMATOLOGICAL DATA (WS FORM: F-6) , PAGE 2

                                          STATION:  CARIBOU ME
                                          MONTH:    MARCH
                                          YEAR:     2017
                                          LATITUDE:   46 52 N
                                          LONGITUDE:  68  1 W

[TEMPERATURE DATA]      [PRECIPITATION DATA]       SYMBOLS USED IN COLUMN 16

AVERAGE MONTHLY: 19.5   TOTAL FOR MONTH:   2.72    1 = FOG OR MIST
DPTR FM NORMAL:  -4.6   DPTR FM NORMAL:    0.37    2 = FOG REDUCING VISIBILITY
HIGHEST:    45 ON 20    GRTST 24HR  0.57 ON 14-14      TO 1/4 MILE OR LESS
LOWEST:    -11 ON 11                               3 = THUNDER
                        SNOW, ICE PELLETS, HAIL    4 = ICE PELLETS
                        TOTAL MONTH:  23.6 INCHES  5 = HAIL
                        GRTST 24HR  11.7 ON 14-14  6 = FREEZING RAIN OR DRIZZLE
                        GRTST DEPTH:  29 ON 29     7 = DUSTSTORM OR SANDSTORM:
                                                       VSBY 1/2 MILE OR LESS
                                                   8 = SMOKE OR HAZE
[NO. OF DAYS WITH]      [WEATHER - DAYS WITH]      9 = BLOWING SNOW
                                                   X = TORNADO
MAX 32 OR BELOW:  17    0.01 INCH OR MORE:  10
MAX 90 OR ABOVE:   0    0.10 INCH OR MORE:   8
MIN 32 OR BELOW:  28    0.50 INCH OR MORE:   1
MIN  0 OR BELOW:   4    1.00 INCH OR MORE:   0

[HDD (BASE 65) ]
TOTAL THIS MO.  1312    CLEAR  (SCALE 0-3)  10
DPTR FM NORMAL   127    PTCLDY (SCALE 4-7)  11
TOTAL FM JUL 1  7293    CLOUDY (SCALE 8-10)  8
DPTR FM NORMAL  -613

[CDD (BASE 65) ]
TOTAL THIS MO.     0
DPTR FM NORMAL     0    [PRESSURE DATA]
TOTAL FM JAN 1     0    HIGHEST SLP M ON M
DPTR FM NORMAL     0    LOWEST  SLP 29.08 ON  2

[REMARKS]
