000
CXUS55 KBOU 251833
CF6CCU
PRELIMINARY LOCAL CLIMATOLOGICAL DATA (WS FORM: F-6)

                                          STATION:   COPPER MTN CO
                                          MONTH:     DECEMBER
                                          YEAR:      2014
                                          LATITUDE:   39 28 N
                                          LONGITUDE: 106  9 W

  TEMPERATURE IN F:       :PCPN:    SNOW:  WIND      :SUNSHINE: SKY     :PK WND
================================================================================
1   2   3   4   5  6A  6B    7    8   9   10  11  12  13   14  15   16   17  18
                                     12Z  AVG MX 2MIN
DY MAX MIN AVG DEP HDD CDD  WTR  SNW DPTH SPD SPD DIR MIN PSBL S-S WX    SPD DR
================================================================================

 1  30  23  27   M  38   0    M    M    M 17.4 27 260   M    M   6 8      32 250
 2  34  23  29   M  36   0    M    M    M 16.7 35 260   M    M   0 8      45 260
 3  36  25  31   M  34   0    M    M    M 15.2 25 250   M    M   6        37 250
 4  34  27  31   M  34   0    M    M    M 12.2 24 270   M    M   6 8      29 270
 5  34  25  30   M  35   0    M    M    M 15.3 27 270   M    M   6 8      36 270
 6  34  25  30   M  35   0    M    M    M 12.9 22 180   M    M   2        24 180
 7  32  25  29   M  36   0    M    M    M 14.2 22 270   M    M   6        33 280
 8  37  27  32   M  33   0    M    M    M  8.1 16 190   M    M   0        22 250
 9  37  30  34   M  31   0    M    M    M 10.5 20 170   M    M   0        24 170
10  41  28  35   M  30   0    M    M    M  7.7 20 260   M    M   0         M  M
11  37  30  34   M  31   0    M    M    M  8.1 14 270   M    M   0         M  M
12  46  37  42   M  23   0    M    M    M 13.6 23 170   M    M   1        21 170
13  37  25  31   M  34   0    M    M    M 12.5 22 170   M    M   5        23 160
14  25  14  20   M  45   0    M    M    M 18.8 29 270   M    M  10        40 270
15  23  10  17   M  48   0    M    M    M 14.5 24 290   M    M   6        32 290
16  34  23  29   M  36   0    M    M    M 11.1 18 170   M    M   5        25 170
17  25  18  22   M  43   0    M    M    M 10.3 18 260   M    M   7        17 180
18  19  14  17   M  48   0    M    M    M 13.9 20 260   M    M  10        23 260
19  19  12  16   M  49   0    M    M    M 14.0 18 270   M    M   6        27 270
20  25  16  21   M  44   0    M    M    M 14.6 31 270   M    M  10 8      39 270
21  25  19  22   M  43   0    M    M    M 25.4 45 280   M    M   9        53 290
22  23   7  15   M  50   0    M    M    M 25.8 38 280   M    M   4        52 290
23   9   3   6   M  59   0    M    M    M 22.1 28 280   M    M  10        37 280
24  25   3  14   M  51   0    M    M    M 14.3 23 220   M    M   1        38 220
================================================================================
SM  721  489       946   0    M     M    349.2          M      116
================================================================================
AV 30.0 20.4                              14.5 FASTST   M    M   5    MAX(MPH)
                                 MISC ---->    45   M                 53    M
================================================================================
NOTES:
# LAST OF SEVERAL OCCURRENCES

COLUMN 17 PEAK WIND IN M.P.H.

PRELIMINARY LOCAL CLIMATOLOGICAL DATA (WS FORM: F-6) , PAGE 2

                                          STATION:  COPPER MTN CO
                                          MONTH:    DECEMBER
                                          YEAR:     2014
                                          LATITUDE:   39 28 N
                                          LONGITUDE: 106  9 W

[TEMPERATURE DATA]      [PRECIPITATION DATA]       SYMBOLS USED IN COLUMN 16

AVERAGE MONTHLY: 25.2   TOTAL FOR MONTH:      M    1 = FOG OR MIST
DPTR FM NORMAL:     M   DPTR FM NORMAL:       M    2 = FOG REDUCING VISIBILITY
HIGHEST:    46 ON 12    GRTST 24HR    M  ON   M        TO 1/4 MILE OR LESS
LOWEST:      3 ON 24,23                            3 = THUNDER
                        SNOW, ICE PELLETS, HAIL    4 = ICE PELLETS
                        TOTAL MONTH:    M          5 = HAIL
                        GRTST 24HR    M  ON   M    6 = FREEZING RAIN OR DRIZZLE
                        GRTST DEPTH:  M  ON   M    7 = DUSTSTORM OR SANDSTORM:
                                                       VSBY 1/2 MILE OR LESS
                                                   8 = SMOKE OR HAZE
[NO. OF DAYS WITH]      [WEATHER - DAYS WITH]      9 = BLOWING SNOW
                                                   X = TORNADO
MAX 32 OR BELOW:  12    0.01 INCH OR MORE:   0
MAX 90 OR ABOVE:   0    0.10 INCH OR MORE:   0
MIN 32 OR BELOW:  23    0.50 INCH OR MORE:   0
MIN  0 OR BELOW:   0    1.00 INCH OR MORE:   0

[HDD (BASE 65) ]
TOTAL THIS MO.   946    CLEAR  (SCALE 0-3)   8
DPTR FM NORMAL     M    PTCLDY (SCALE 4-7)  11
TOTAL FM JUL 1  4007    CLOUDY (SCALE 8-10)  5
DPTR FM NORMAL     M

[CDD (BASE 65) ]
TOTAL THIS MO.     0
DPTR FM NORMAL     M    [PRESSURE DATA]
TOTAL FM JAN 1     0    HIGHEST SLP M ON M
DPTR FM NORMAL     M    LOWEST  SLP M ON M

[REMARKS]
