000
CXUS53 KARX 230930
CF6CCY
PRELIMINARY LOCAL CLIMATOLOGICAL DATA (WS FORM: F-6)

                                          STATION:   CHARLES_CITY IA
                                          MONTH:     FEBRUARY
                                          YEAR:      2018
                                          LATITUDE:   43  4 N
                                          LONGITUDE:  92 37 W

  TEMPERATURE IN F:       :PCPN:    SNOW:  WIND      :SUNSHINE: SKY     :PK WND
================================================================================
1   2   3   4   5  6A  6B    7    8   9   10  11  12  13   14  15   16   17  18
                                     12Z  AVG MX 2MIN
DY MAX MIN AVG DEP HDD CDD  WTR  SNW DPTH SPD SPD DIR MIN PSBL S-S WX    SPD DR
================================================================================

 1  19   1  10  -8  55   0 0.00  0.0    0 19.9 31 330   M    M   4        38 330
 2  18  -2   8 -10  57   0    T    T    0  7.9 14 170   M    M   4        20 180
 3  36  18  27   9  38   0    M    M    T 10.5 20 360   M    M   9 1      29 360
 4  18  -2   8 -10  57   0    M    M    0 16.6 24 330   M    M   5 1      31 350
 5  12  -6   3 -16  62   0    M    M    0  8.9 15 190   M    M   6 1      22 190
 6   9  -9   0 -19  65   0    M    M    2  5.2 13 330   M    M   5         M  M
 7  12  -2   5 -14  60   0    M    M    M  8.0 16 340   M    M   7 1       M  M
 8  18   3  11  -9  54   0    M    M    M  4.0 12  40   M    M   7         M  M
 9  14   1   8 -12  57   0    M    M    M 12.7 16 340   M    M   6        18  20
10  10   0   5 -15  60   0 0.00  0.0    M  4.5 10 330   M    M   4         M  M
11  16   1   9 -11  56   0 0.00  0.0    M  9.0 16 290   M    M   3         M  M
12  12  -2   5 -16  60   0 0.00  0.0    M  6.2 10  20   M    M   1         M  M
13  27   9  18  -3  47   0 0.00  0.0    M 11.9 18 190   M    M   4        24 170
14  39  18  29   8  36   0 0.00  0.0    M 12.1 17 180   M    M   0 1      23 210
15  37  25  31   9  34   0    M  0.0    0 11.8 18 330   M    M   7 1      27 330
16  25   5  15  -7  50   0 0.00  0.0    0 13.6 23 320   M    M   1        32 320
17  30  16  23   1  42   0    M    M    0 10.5 16 290   M    M   6        20 180
18  41  14  28   5  37   0 0.00  0.0    M 15.2 31 160   M    M   4 1      43 160
19  37  30  34  11  31   0 0.03  0.0    0  9.5 18  50   M    M   9 1       M  M
20  32  14  23  -1  42   0 0.21    M    M 14.2 22 300   M    M  10 16     27 320
21  23   9  16  -8  49   0 0.00  0.0    M  6.8 15 330   M    M   2        24 330
22  34  21  28   4  37   0 0.07    M    M 12.4 18 130   M    M   9 1      27 130
================================================================================
SM  519  162      1086   0  0.31    T    231.4          M      113
================================================================================
AV 23.6  7.4                              10.5 FASTST   M    M   5    MAX(MPH)
                                 MISC ---->  # 31 330               # 43  160
================================================================================
NOTES:
# LAST OF SEVERAL OCCURRENCES

COLUMN 17 PEAK WIND IN M.P.H.

PRELIMINARY LOCAL CLIMATOLOGICAL DATA (WS FORM: F-6) , PAGE 2

                                          STATION:  CHARLES_CITY IA
                                          MONTH:    FEBRUARY
                                          YEAR:     2018
                                          LATITUDE:   43  4 N
                                          LONGITUDE:  92 37 W

[TEMPERATURE DATA]      [PRECIPITATION DATA]       SYMBOLS USED IN COLUMN 16

AVERAGE MONTHLY: 15.5   TOTAL FOR MONTH:   0.31    1 = FOG OR MIST
DPTR FM NORMAL:  -5.2   DPTR FM NORMAL:   -0.43    2 = FOG REDUCING VISIBILITY
HIGHEST:    41 ON 18    GRTST 24HR  0.21 ON 20-20      TO 1/4 MILE OR LESS
LOWEST:     -9 ON  6                               3 = THUNDER
                        SNOW, ICE PELLETS, HAIL    4 = ICE PELLETS
                        TOTAL MONTH:    T          5 = HAIL
                        GRTST 24HR    T  ON  2- 2  6 = FREEZING RAIN OR DRIZZLE
                        GRTST DEPTH:   2 ON  6     7 = DUSTSTORM OR SANDSTORM:
                                                       VSBY 1/2 MILE OR LESS
                                                   8 = SMOKE OR HAZE
[NO. OF DAYS WITH]      [WEATHER - DAYS WITH]      9 = BLOWING SNOW
                                                   X = TORNADO
MAX 32 OR BELOW:  16    0.01 INCH OR MORE:   3
MAX 90 OR ABOVE:   0    0.10 INCH OR MORE:   1
MIN 32 OR BELOW:  22    0.50 INCH OR MORE:   0
MIN  0 OR BELOW:   7    1.00 INCH OR MORE:   0

[HDD (BASE 65) ]
TOTAL THIS MO.  1086    CLEAR  (SCALE 0-3)   5
DPTR FM NORMAL   112    PTCLDY (SCALE 4-7)  13
TOTAL FM JUL 1  4755    CLOUDY (SCALE 8-10)  4
DPTR FM NORMAL  -651

[CDD (BASE 65) ]
TOTAL THIS MO.     0
DPTR FM NORMAL     0    [PRESSURE DATA]
TOTAL FM JAN 1     0    HIGHEST SLP M ON M
DPTR FM NORMAL     0    LOWEST  SLP M ON M

[REMARKS]
