000
CXAK56 PAFC 231437 RRA
CF6CDB

PRELIMINARY LOCAL CLIMATOLOGICAL DATA (WS FORM: F-6)

                                          STATION:   COLD BAY
                                          MONTH:     JANUARY
                                          YEAR:      2018
                                          LATITUDE:   55 13 N
                                          LONGITUDE: 162 44 W

  TEMPERATURE IN F:       :PCPN:    SNOW:  WIND      :SUNSHINE: SKY     :PK WND
================================================================================
1   2   3   4   5  6A  6B    7    8   9   10  11  12  13   14  15   16   17  18
                                     12Z  AVG MX 2MIN
DY MAX MIN AVG DEP HDD CDD  WTR  SNW DPTH SPD SPD DIR MIN PSBL S-S WX    SPD DR
================================================================================

 1  38  33  36   7  29   0 0.21    T    T 15.4 23  90   M    M   8 1      36 130
 2  36  27  32   3  33   0 0.19  0.1    T  9.7 24 240   M    M   7 1       M  M
 3  38  25  32   3  33   0 0.01  0.0    T  6.5 15 140   M    M   5         M  M
 4  42  35  39  10  26   0 0.01    T    T 31.8 46 140   M    M   7 1      69 150
 5  43  38  41  12  24   0 0.67  0.0    T 32.6 52 120   M    M  10 1      71 120
 6  41  30  36   7  29   0 0.07  0.0    M  6.6 14 280   M    M   9         M  M
 7  38  26  32   3  33   0    T  0.0    0  9.2 21 120   M    M   3        30 110
 8  40  35  38  10  27   0 0.14    T    0 23.9 40 120   M    M   8 1      50 120
 9  39  33  36   8  29   0 0.11  0.7    0 17.5 24 130   M    M   5 1      35 140
10  39  33  36   8  29   0 0.40  2.6    2 20.7 29 120   M    M  10 1      43 130
11  39  34  37   9  28   0 0.09  0.0    0 14.0 23  90   M    M   8        33  90
12  40  32  36   8  29   0 0.02  0.0    0 10.5 28  10   M    M   3        33  10
13  38  34  36   8  29   0 0.19  0.0    0 16.9 25 350   M    M   9 1      36  20
14  40  34  37   9  28   0 0.16  0.0    0 11.9 24 230   M    M   8 1      30 220
15  39  32  36   8  29   0 0.05    M    0 13.3 20 150   M    M   4         M  M
16  38  26  32   4  33   0 0.02    T    0  7.7 25 330   M    M   8 1      35 320
17  33  27  30   2  35   0 0.13  1.3    1 23.1 33 320   M    M   9 12     41 330
18  31  21  26  -2  39   0 0.03  0.3    1  9.0 18 350   M    M   9 1      22 350
19  33  26  30   2  35   0 0.13  1.3    3 11.2 21 340   M    M   9 1      26 350
20  31  26  29   1  36   0 0.06  0.6    3 18.1 23 340   M    M   6 1      31 350
21  28  18  23  -5  42   0 0.04  0.6    T 30.4 38 350   M    M  10 1289   48 340
22  23  18  21  -7  44   0    T    T    3 32.4 37 340   M    M  10 19     47 340
================================================================================
SM  807  643       699   0  2.73     7.5 372.4          M      165
================================================================================
AV 36.7 29.2                              16.9 FASTST   M    M   8    MAX(MPH)
                                 MISC ---->  # 52 120               # 71  120
================================================================================
NOTES:
# LAST OF SEVERAL OCCURRENCES

COLUMN 17 PEAK WIND IN M.P.H.

PRELIMINARY LOCAL CLIMATOLOGICAL DATA (WS FORM: F-6) , PAGE 2

                                          STATION:  COLD BAY
                                          MONTH:    JANUARY
                                          YEAR:     2018
                                          LATITUDE:   55 13 N
                                          LONGITUDE: 162 44 W

[TEMPERATURE DATA]      [PRECIPITATION DATA]       SYMBOLS USED IN COLUMN 16

AVERAGE MONTHLY: 33.0   TOTAL FOR MONTH:   2.73    1 = FOG OR MIST
DPTR FM NORMAL:   4.6   DPTR FM NORMAL:    0.47    2 = FOG REDUCING VISIBILITY
HIGHEST:    43 ON  5    GRTST 24HR  0.67 ON  5- 5      TO 1/4 MILE OR LESS
LOWEST:     18 ON 22,21                            3 = THUNDER
                        SNOW, ICE PELLETS, HAIL    4 = ICE PELLETS
                        TOTAL MONTH:   7.5 INCHES  5 = HAIL
                        GRTST 24HR   2.6 ON 10-10  6 = FREEZING RAIN OR DRIZZLE
                        GRTST DEPTH:   3 ON 22,20  7 = DUSTSTORM OR SANDSTORM:
                                                       VSBY 1/2 MILE OR LESS
                                                   8 = SMOKE OR HAZE
[NO. OF DAYS WITH]      [WEATHER - DAYS WITH]      9 = BLOWING SNOW
                                                   X = TORNADO
MAX 32 OR BELOW:   4    0.01 INCH OR MORE:  20
MAX 90 OR ABOVE:   0    0.10 INCH OR MORE:  10
MIN 32 OR BELOW:  13    0.50 INCH OR MORE:   1
MIN  0 OR BELOW:   0    1.00 INCH OR MORE:   0

[HDD (BASE 65) ]
TOTAL THIS MO.   699    CLEAR  (SCALE 0-3)   2
DPTR FM NORMAL  -107    PTCLDY (SCALE 4-7)   9
TOTAL FM JUL 1  4392    CLOUDY (SCALE 8-10) 11
DPTR FM NORMAL  -485

[CDD (BASE 65) ]
TOTAL THIS MO.     0
DPTR FM NORMAL     0    [PRESSURE DATA]
TOTAL FM JAN 1     0    HIGHEST SLP M ON M
DPTR FM NORMAL     0    LOWEST  SLP 28.33 ON 14

[REMARKS]
