000
CXUS54 KLUB 170755
CF6CDS
PRELIMINARY LOCAL CLIMATOLOGICAL DATA (WS FORM: F-6)

                                          STATION:   CHILDRESS
                                          MONTH:     DECEMBER
                                          YEAR:      2017
                                          LATITUDE:   34 25 N
                                          LONGITUDE: 100 17 W

  TEMPERATURE IN F:       :PCPN:    SNOW:  WIND      :SUNSHINE: SKY     :PK WND
================================================================================
1   2   3   4   5  6A  6B    7    8   9   10  11  12  13   14  15   16   17  18
                                     12Z  AVG MX 2MIN
DY MAX MIN AVG DEP HDD CDD  WTR  SNW DPTH SPD SPD DIR MIN PSBL S-S WX    SPD DR
================================================================================

 1  75  40  58  13   7   0 0.00  0.0    0  9.3 17 200   M    M   0        24 180
 2  71  41  56  11   9   0 0.00  0.0    0  5.4 14 330   M    M   0        18 330
 3  79  44  62  18   3   0 0.00  0.0    0  9.6 24 200   M    M   0        29 180
 4  76  45  61  17   4   0 0.00  0.0    0 14.0 26  20   M    M   0 1      33  20
 5  45  36  41  -3  24   0 0.00  0.0    0  6.9 18  20   M    M   2 8      23  20
 6  53  32  43  -1  22   0 0.00  0.0    0  5.7 14  10   M    M   5        19  40
 7  42  24  33 -10  32   0 0.00  0.0    0 12.5 22  20   M    M   0        27  20
 8  58  20  39  -4  26   0 0.00  0.0    0  9.3 29 350   M    M   1        35 360
 9  63  32  48   5  17   0 0.00  0.0    0  8.1 17 350   M    M   0        23  10
10  73  34  54  12  11   0 0.00  0.0    0  6.6 13 230   M    M   0        17 290
11  72  33  53  11  12   0 0.00  0.0    0  8.9 20  10   M    M   0        24  20
12  60  29  45   3  20   0 0.00  0.0    0  8.6 14 240   M    M   0        17 240
13  69  37  53  11  12   0 0.00  0.0    0  8.6 20 310   M    M   0        26  50
14  54  33  44   2  21   0 0.00  0.0    0 11.1 22 360   M    M   1        25  10
15  58  27  43   1  22   0 0.00  0.0    0  9.3 20 260   M    M   0        24 250
16  61  28  45   4  20   0    T    M    0 14.4 26 190   M    M   2        33 180
================================================================================
SM 1009  535       262   0    T      0.0 148.3          M       11
================================================================================
AV 63.1 33.4                               9.3 FASTST   M    M   1    MAX(MPH)
                                 MISC ---->  # 29 350               # 35  360
================================================================================
NOTES:
# LAST OF SEVERAL OCCURRENCES

COLUMN 17 PEAK WIND IN M.P.H.

PRELIMINARY LOCAL CLIMATOLOGICAL DATA (WS FORM: F-6) , PAGE 2

                                          STATION:  CHILDRESS
                                          MONTH:    DECEMBER
                                          YEAR:     2017
                                          LATITUDE:   34 25 N
                                          LONGITUDE: 100 17 W

[TEMPERATURE DATA]      [PRECIPITATION DATA]       SYMBOLS USED IN COLUMN 16

AVERAGE MONTHLY: 48.3   TOTAL FOR MONTH:      T    1 = FOG OR MIST
DPTR FM NORMAL:   5.2   DPTR FM NORMAL:   -0.52    2 = FOG REDUCING VISIBILITY
HIGHEST:    79 ON  3    GRTST 24HR    T  ON 16-16      TO 1/4 MILE OR LESS
LOWEST:     20 ON  8                               3 = THUNDER
                        SNOW, ICE PELLETS, HAIL    4 = ICE PELLETS
                        TOTAL MONTH:   0.0 INCH    5 = HAIL
                        GRTST 24HR     0.0         6 = FREEZING RAIN OR DRIZZLE
                        GRTST DEPTH:   0           7 = DUSTSTORM OR SANDSTORM:
                                                       VSBY 1/2 MILE OR LESS
                                                   8 = SMOKE OR HAZE
[NO. OF DAYS WITH]      [WEATHER - DAYS WITH]      9 = BLOWING SNOW
                                                   X = TORNADO
MAX 32 OR BELOW:   0    0.01 INCH OR MORE:   0
MAX 90 OR ABOVE:   0    0.10 INCH OR MORE:   0
MIN 32 OR BELOW:   7    0.50 INCH OR MORE:   0
MIN  0 OR BELOW:   0    1.00 INCH OR MORE:   0

[HDD (BASE 65) ]
TOTAL THIS MO.   262    CLEAR  (SCALE 0-3)  15
DPTR FM NORMAL   -89    PTCLDY (SCALE 4-7)   1
TOTAL FM JUL 1   699    CLOUDY (SCALE 8-10)  0
DPTR FM NORMAL  -212

[CDD (BASE 65) ]
TOTAL THIS MO.     0
DPTR FM NORMAL     0    [PRESSURE DATA]
TOTAL FM JAN 1  2307    HIGHEST SLP M ON M
DPTR FM NORMAL   100    LOWEST  SLP 29.70 ON  4

[REMARKS]
