000
CXUS56 KEKA 281230
CF6CEC
PRELIMINARY LOCAL CLIMATOLOGICAL DATA (WS FORM: F-6)

                                          STATION:   CRESCENT CITY CA
                                          MONTH:     AUGUST
                                          YEAR:      2015
                                          LATITUDE:   41 46 N
                                          LONGITUDE: 124 14 W

  TEMPERATURE IN F:       :PCPN:    SNOW:  WIND      :SUNSHINE: SKY     :PK WND
================================================================================
1   2   3   4   5  6A  6B    7    8   9   10  11  12  13   14  15   16   17  18
                                     12Z  AVG MX 2MIN
DY MAX MIN AVG DEP HDD CDD  WTR  SNW DPTH SPD SPD DIR MIN PSBL S-S WX    SPD DR
================================================================================

 1  66  57  62   5   3   0    T  0.0    0  3.5  9 190   M    M   7 13     16 310
 2  68  58  63   6   2   0 0.00  0.0    0  4.4  8 290   M    M   8 1      11 320
 3  66  58  62   5   3   0 0.00  0.0    0  3.0  8 260   M    M  10 1      11 200
 4  66  59  63   6   2   0 0.00  0.0    0  5.3 13 180   M    M   9 1      15 190
 5  69  57  63   6   2   0 0.00  0.0    0  5.1 12 320   M    M   5 18     14 280
 6  69  52  61   4   4   0 0.00  0.0    0  7.8 21 350   M    M   1 18     29 350
 7  65  52  59   2   6   0 0.00  0.0    0  8.5 22 180   M    M   7 28     29 180
 8  70  58  64   7   1   0 0.00  0.0    0  2.8  9 240   M    M   7 1      13 290
 9  68  55  62   5   3   0 0.00  0.0    0  3.1 10 260   M    M   6 28     12 260
10  69  52  61   4   4   0 0.00  0.0    0  4.6 13 260   M    M   8 28     15 260
11  67  57  62   5   3   0 0.00  0.0    0  4.2  9 320   M    M   9 1      13 250
12  68  57  63   6   2   0 0.00  0.0    0  5.1 12 200   M    M   7 2      16 200
13  67  53  60   3   5   0 0.00  0.0    0  4.2 12 270   M    M   7 28     14 270
14  70  59  65   8   0   0 0.00  0.0    0  6.2 14 340   M    M   6 1      18 340
15  69  54  62   5   3   0 0.00  0.0    0  7.9 21 350   M    M   3 28     31 360
16  69  51  60   3   5   0 0.00  0.0    0  9.3 23 340   M    M   2 18     30 350
17  68  50  59   2   6   0 0.00  0.0    0  4.9 13 190   M    M   3 28     17 180
18  65  54  60   3   5   0 0.00  0.0    0  5.6 17 180   M    M  10 18     20 180
19  62  56  59   2   6   0 0.00  0.0    0  3.4  8 200   M    M  10 18     14 260
20  65  55  60   3   5   0 0.00  0.0    0  7.8 18 160   M    M   6 18     24 170
21  67  50  59   2   6   0 0.00  0.0    0  8.2 23 170   M    M   5 18     29 340
22  62  52  57   0   8   0 0.00  0.0    0  6.4 13 190   M    M   9 18     16 180
23  65  56  61   4   4   0 0.00  0.0    0  3.7 12 200   M    M  10 1      14 250
24  62  56  59   2   6   0 0.00  0.0    0  3.7 10 190   M    M  10 1      13 190
25  61  53  57   0   8   0 0.00  0.0    0  3.3  9 220   M    M   9 18     12 200
26  65  52  59   2   6   0 0.00  0.0    0  5.5 12 210   M    M   5 28     15 210
27  70  49  60   3   5   0 0.00  0.0    0  4.3 13 210   M    M   3 28     20 310
================================================================================
SM 1798 1472       113   0    T      0.0 141.8          M      182
================================================================================
AV 66.6 54.5                               5.3 FASTST   M    M   7    MAX(MPH)
                                 MISC ---->  # 23 340               # 31  360
================================================================================
NOTES:
# LAST OF SEVERAL OCCURRENCES

COLUMN 17 PEAK WIND IN M.P.H.

PRELIMINARY LOCAL CLIMATOLOGICAL DATA (WS FORM: F-6) , PAGE 2

                                          STATION:  CRESCENT CITY CA
                                          MONTH:    AUGUST
                                          YEAR:     2015
                                          LATITUDE:   41 46 N
                                          LONGITUDE: 124 14 W

[TEMPERATURE DATA]      [PRECIPITATION DATA]       SYMBOLS USED IN COLUMN 16

AVERAGE MONTHLY: 60.6   TOTAL FOR MONTH:      T    1 = FOG OR MIST
DPTR FM NORMAL:   3.6   DPTR FM NORMAL:   -0.43    2 = FOG REDUCING VISIBILITY
HIGHEST:    70 ON 27,14 GRTST 24HR    T  ON  1- 1      TO 1/4 MILE OR LESS
LOWEST:     49 ON 27                               3 = THUNDER
                        SNOW, ICE PELLETS, HAIL    4 = ICE PELLETS
                        TOTAL MONTH:   0.0 INCH    5 = HAIL
                        GRTST 24HR     0.0         6 = FREEZING RAIN OR DRIZZLE
                        GRTST DEPTH:   0           7 = DUSTSTORM OR SANDSTORM:
                                                       VSBY 1/2 MILE OR LESS
                                                   8 = SMOKE OR HAZE
[NO. OF DAYS WITH]      [WEATHER - DAYS WITH]      9 = BLOWING SNOW
                                                   X = TORNADO
MAX 32 OR BELOW:   0    0.01 INCH OR MORE:   0
MAX 90 OR ABOVE:   0    0.10 INCH OR MORE:   0
MIN 32 OR BELOW:   0    0.50 INCH OR MORE:   0
MIN  0 OR BELOW:   0    1.00 INCH OR MORE:   0

[HDD (BASE 65) ]
TOTAL THIS MO.   113    CLEAR  (SCALE 0-3)   4
DPTR FM NORMAL  -103    PTCLDY (SCALE 4-7)  13
TOTAL FM JUL 1   260    CLOUDY (SCALE 8-10) 10
DPTR FM NORMAL  -230

[CDD (BASE 65) ]
TOTAL THIS MO.     0
DPTR FM NORMAL     0    [PRESSURE DATA]
TOTAL FM JAN 1     2    HIGHEST SLP M ON M
DPTR FM NORMAL     2    LOWEST  SLP 29.82 ON M

[REMARKS]
