000
CXUS51 KLWX 270620
CF6CHO
PRELIMINARY LOCAL CLIMATOLOGICAL DATA (WS FORM: F-6)

                                          STATION:   CHARLOTTESVILLE VA
                                          MONTH:     MAY
                                          YEAR:      2015
                                          LATITUDE:   38  7 N
                                          LONGITUDE:  78 27 W

  TEMPERATURE IN F:       :PCPN:    SNOW:  WIND      :SUNSHINE: SKY     :PK WND
================================================================================
1   2   3   4   5  6A  6B    7    8   9   10  11  12  13   14  15   16   17  18
                                     12Z  AVG MX 2MIN
DY MAX MIN AVG DEP HDD CDD  WTR  SNW DPTH SPD SPD DIR MIN PSBL S-S WX    SPD DR
================================================================================

 1  61  52  57  -2   8   0 0.32    M    M  5.4 15  30   M    M   8 1      19  30
 2  72  47  60   0   5   0 0.00    M    M  2.6 14 340   M    M   6 1      18 330
 3  79  46  63   3   2   0 0.00    M    M  2.8 12 200   M    M   3        14 230
 4  83  47  65   5   0   0 0.00    M    M  7.3 20 190   M    M   1        29 200
 5  85  54  70  10   0   5 0.04    M    M  4.8 15  20   M    M   3 13     22  20
 6  84  59  72  12   0   7 0.42    M    M  4.3 20  60   M    M   5 13     26  80
 7  78  60  69   8   0   4 0.00    M    M  3.2  9  60   M    M   6 128    12  50
 8  82  56  69   8   0   4 0.00    M    M  2.3 10  60   M    M   3 128    13  60
 9  80  57  69   8   0   4 0.00    M    M  2.2 10 180   M    M   4 128    15 170
10  82  62  72  10   0   7 0.07    M    M  2.2 15 130   M    M   7 1      20 110
11  84  63  74  12   0   9 0.04    M    M  3.2 10 110   M    M   4 123    14 120
12  87  65  76  14   0  11 0.00    M    M  7.7 23 260   M    M   0        30 270
13  72  49  61  -1   4   0 0.00    M    M  8.1 16  20   M    M   0        21 320
14  68  42  55  -7  10   0 0.00    M    M  2.6 10  20   M    M   0        16  10
15  78  51  65   2   0   0 0.00    M    M  7.4 15 170   M    M   1        26 140
16  87  61  74  11   0   9 0.49    M    M  6.3 16 190   M    M   2 13     20 190
17  81  67  74  11   0   9 0.09    M    M  1.1  9 220   M    M   7 13     13 220
18  88  67  78  14   0  13 0.04    M    M  2.9 16 300   M    M   5 13     24 300
19  87  66  77  13   0  12 0.01    M    M  4.1 13 360   M    M   2 1      19 360
20  77  59  68   4   0   3 0.00    M    M  5.6 12  70   M    M   0        15  40
21  60  52  56  -8   9   0 0.13    M    M  4.3 10  60   M    M  10 18     13  30
22  75  50  63  -2   2   0 0.00    M    M  5.2 13 310   M    M   1        19 300
23  74  49  62  -3   3   0 0.00    M    M  4.4 13 180   M    M   0        20 210
24  83  49  66   1   0   1 0.00    M    M  6.8 17 200   M    M   0        22 200
25  84  59  72   6   0   7 0.00    M    M  9.8 22 190   M    M   0        31 190
26  87  61  74   8   0   9 0.00    M    M  8.0 17 190   M    M   1 3      21 190
================================================================================
SM 2058 1450        43 114  1.65    M    124.6          M       79
================================================================================
AV 79.2 55.8                               4.8 FASTST   M    M   3    MAX(MPH)
                                 MISC ---->  # 23 260               # 31  190
================================================================================
NOTES:
# LAST OF SEVERAL OCCURRENCES

COLUMN 17 PEAK WIND IN M.P.H.

PRELIMINARY LOCAL CLIMATOLOGICAL DATA (WS FORM: F-6) , PAGE 2

                                          STATION:  CHARLOTTESVILLE VA
                                          MONTH:    MAY
                                          YEAR:     2015
                                          LATITUDE:   38  7 N
                                          LONGITUDE:  78 27 W

[TEMPERATURE DATA]      [PRECIPITATION DATA]       SYMBOLS USED IN COLUMN 16

AVERAGE MONTHLY: 67.5   TOTAL FOR MONTH:   1.65    1 = FOG OR MIST
DPTR FM NORMAL:   5.0   DPTR FM NORMAL:   -1.57    2 = FOG REDUCING VISIBILITY
HIGHEST:    88 ON 18    GRTST 24HR  0.58 ON 16-17      TO 1/4 MILE OR LESS
LOWEST:     42 ON 14                               3 = THUNDER
                        SNOW, ICE PELLETS, HAIL    4 = ICE PELLETS
                        TOTAL MONTH:    M          5 = HAIL
                        GRTST 24HR    M  ON   M    6 = FREEZING RAIN OR DRIZZLE
                        GRTST DEPTH:  M  ON   M    7 = DUSTSTORM OR SANDSTORM:
                                                       VSBY 1/2 MILE OR LESS
                                                   8 = SMOKE OR HAZE
[NO. OF DAYS WITH]      [WEATHER - DAYS WITH]      9 = BLOWING SNOW
                                                   X = TORNADO
MAX 32 OR BELOW:   0    0.01 INCH OR MORE:  10
MAX 90 OR ABOVE:   0    0.10 INCH OR MORE:   4
MIN 32 OR BELOW:   0    0.50 INCH OR MORE:   0
MIN  0 OR BELOW:   0    1.00 INCH OR MORE:   0

[HDD (BASE 65) ]
TOTAL THIS MO.    43    CLEAR  (SCALE 0-3)  16
DPTR FM NORMAL   -69    PTCLDY (SCALE 4-7)   9
TOTAL FM JUL 1  4408    CLOUDY (SCALE 8-10)  1
DPTR FM NORMAL   -16

[CDD (BASE 65) ]
TOTAL THIS MO.   114
DPTR FM NORMAL    67    [PRESSURE DATA]
TOTAL FM JAN 1   122    HIGHEST SLP M ON M
DPTR FM NORMAL    54    LOWEST  SLP 29.83 ON M

[REMARKS]
