000
CXUS52 KCHS 230715
CF6CHS
PRELIMINARY LOCAL CLIMATOLOGICAL DATA (WS FORM: F-6)

                                          STATION:   NORTH CHARLESTON SC
                                          MONTH:     JULY
                                          YEAR:      2016
                                          LATITUDE:   32 54 N
                                          LONGITUDE:  80  2 W

  TEMPERATURE IN F:       :PCPN:    SNOW:  WIND      :SUNSHINE: SKY     :PK WND
================================================================================
1   2   3   4   5  6A  6B    7    8   9   10  11  12  13   14  15   16   17  18
                                     12Z  AVG MX 2MIN
DY MAX MIN AVG DEP HDD CDD  WTR  SNW DPTH SPD SPD DIR MIN PSBL S-S WX    SPD DR
================================================================================

 1  90  77  84   3   0  19    T  0.0    0  6.0 24  80   M    M   8 3      30  60
 2  94  75  85   4   0  20 0.00  0.0    0  8.0 18 190   M    M   4 3      22 200
 3  97  78  88   6   0  23    T  0.0    0 10.4 20 210   M    M   3        24 210
 4  95  79  87   5   0  22    T  0.0    0 10.8 26 240   M    M   4 3      34 240
 5  97  77  87   5   0  22 0.00  0.0    0 10.7 28 300   M    M   3        35 290
 6  97  74  86   4   0  21 0.28  0.0    0  9.2 28 270   M    M   3 13     46 260
 7  97  74  86   4   0  21 0.00  0.0    0 10.8 20 250   M    M   3        25 230
 8 100  82  91   9   0  26    T  0.0    0 10.2 20 260   M    M   4        26 260
 9  95  76  86   4   0  21    T  0.0    0  7.9 25 290   M    M   6 3      35 290
10  97  76  87   5   0  22 0.00  0.0    0  8.4 18 200   M    M   3        22 190
11  98  80  89   7   0  24 0.00  0.0    0  9.3 18 190   M    M   2        23 250
12  99  78  89   7   0  24 0.00  0.0    0  7.7 15 200   M    M   2        20 260
13 100  77  89   7   0  24 0.27  0.0    0  6.6 30 130   M    M   2 13     39 130
14  98  78  88   6   0  23 0.17  0.0    0  8.0 29 240   M    M   3 3      36 230
15  96  77  87   5   0  22    T  0.0    0  8.8 23  20   M    M   5 3      30  20
16  94  76  85   3   0  20    T  0.0    0  7.0 17 320   M    M   6 3      23 320
17  87  73  80  -2   0  15 0.94  0.0    0  3.6 22 250   M    M   6 13     27 250
18  89  74  82   0   0  17 0.01  0.0    0  4.4 14 120   M    M   6 123    17 130
19  95  74  85   3   0  20 0.37  0.0    0  5.8 22 350   M    M   4 13     28 360
20  94  75  85   3   0  20    T  0.0    0  6.4 16 180   M    M   5        20 100
21  91  75  83   1   0  18 0.36  0.0    0  2.3 17 120   M    M   5 3      23 100
22  93  73  83   1   0  18 1.69  0.0    0  5.2 37 140   M    M   3 3      51 120
================================================================================
SM 2093 1678         0 462  4.09     0.0 167.5          M       90
================================================================================
AV 95.1 76.3                               7.6 FASTST   M    M   4    MAX(MPH)
                                 MISC ---->  # 37 140               # 51  120
================================================================================
NOTES:
# LAST OF SEVERAL OCCURRENCES

COLUMN 17 PEAK WIND IN M.P.H.

PRELIMINARY LOCAL CLIMATOLOGICAL DATA (WS FORM: F-6) , PAGE 2

                                          STATION:  NORTH CHARLESTON SC
                                          MONTH:    JULY
                                          YEAR:     2016
                                          LATITUDE:   32 54 N
                                          LONGITUDE:  80  2 W

[TEMPERATURE DATA]      [PRECIPITATION DATA]       SYMBOLS USED IN COLUMN 16

AVERAGE MONTHLY: 85.7   TOTAL FOR MONTH:   4.09    1 = FOG OR MIST
DPTR FM NORMAL:   3.8   DPTR FM NORMAL:   -0.57    2 = FOG REDUCING VISIBILITY
HIGHEST:   100 ON 13, 8 GRTST 24HR  1.69 ON 22-22      TO 1/4 MILE OR LESS
LOWEST:     73 ON 22,17                            3 = THUNDER
                        SNOW, ICE PELLETS, HAIL    4 = ICE PELLETS
                        TOTAL MONTH:   0.0 INCH    5 = HAIL
                        GRTST 24HR     0.0         6 = FREEZING RAIN OR DRIZZLE
                        GRTST DEPTH:   0           7 = DUSTSTORM OR SANDSTORM:
                                                       VSBY 1/2 MILE OR LESS
                                                   8 = SMOKE OR HAZE
[NO. OF DAYS WITH]      [WEATHER - DAYS WITH]      9 = BLOWING SNOW
                                                   X = TORNADO
MAX 32 OR BELOW:   0    0.01 INCH OR MORE:   8
MAX 90 OR ABOVE:  20    0.10 INCH OR MORE:   7
MIN 32 OR BELOW:   0    0.50 INCH OR MORE:   2
MIN  0 OR BELOW:   0    1.00 INCH OR MORE:   1

[HDD (BASE 65) ]
TOTAL THIS MO.     0    CLEAR  (SCALE 0-3)   8
DPTR FM NORMAL     0    PTCLDY (SCALE 4-7)  14
TOTAL FM JUL 1     0    CLOUDY (SCALE 8-10)  0
DPTR FM NORMAL     0

[CDD (BASE 65) ]
TOTAL THIS MO.   462
DPTR FM NORMAL    91    [PRESSURE DATA]
TOTAL FM JAN 1  1482    HIGHEST SLP M ON M
DPTR FM NORMAL   328    LOWEST  SLP 29.91 ON  8

[REMARKS]
