000
CXUS55 KOHX 011010
CF6CKV
PRELIMINARY LOCAL CLIMATOLOGICAL DATA (WS FORM: F-6)

                                          STATION:   CLARKSVILLE
                                          MONTH:     JUNE
                                          YEAR:      2015
                                          LATITUDE:   36 37 N
                                          LONGITUDE:  87 25 W

  TEMPERATURE IN F:       :PCPN:    SNOW:  WIND      :SUNSHINE: SKY     :PK WND
================================================================================
1   2   3   4   5  6A  6B    7    8   9   10  11  12  13   14  15   16   17  18
                                     12Z  AVG MX 2MIN
DY MAX MIN AVG DEP HDD CDD  WTR  SNW DPTH SPD SPD DIR MIN PSBL S-S WX    SPD DR
================================================================================

 1  67  60  64  -7   1   0 0.18  0.0    0  7.1 15 340   M    M  10 1      18 340
 2  67  59  63  -8   2   0 0.00  0.0    0  5.7 10  20   M    M  10 18     13 340
 3  76  58  67  -4   0   2 0.00  0.0    0  4.8 10  40   M    M   5 1      13  40
 4  83  56  70  -2   0   5 0.00  0.0    0  2.3 10 310   M    M   1 18     14 270
 5  83  61  72   0   0   7 0.00  0.0    0  4.2 16 280   M    M   3 1      21 290
 6  88  63  76   4   0  11 0.05  0.0    0  2.3  9 230   M    M   2 138    13 220
 7  88  65  77   5   0  12 0.00  0.0    0  6.4 17 200   0    0   1 128    22 200
 8  85  66  76   3   0  11 0.59    M    M  6.4 20 350   M    M   4 138    26 280
 9  88  63  76   3   0  11 0.00    M    M  3.2 12 310   M    M   1 12     14 310
10  89  64  77   4   0  12 0.00    M    M  2.8 12 190   M    M   0 1      13 230
11  89  67  78   4   0  13 0.00    M    M  6.0 14 200   M    M   1 1      18 220
12  88  71  80   6   0  15 0.00    M    M  9.1 16 210   M    M   1        22 190
13  87  70  79   5   0  14 0.00  0.0    0  7.4 18 290   M    M   2 3      23 290
14  88  73  81   7   0  16 0.00  0.0    0  7.7 14 190   M    M   1        18 210
15  90  71  81   7   0  16 0.00    M    M  7.9 17 230   M    M   1        24 230
16  90  71  81   6   0  16 0.00  0.0    0  4.6 12  20   M    M   1 3      16 280
17  91  72  82   7   0  17 0.00    M    M  3.9 13 350   M    M   1        17 240
18  88  73  81   6   0  16    T    M    M  3.3 14 240   M    M   1 3      17 250
19  88  73  81   5   0  16 0.21    M    M  9.0 17 190   M    M   3        24 190
20  85  71  78   2   0  13 0.10    M    M  8.6 20 190   M    M   5 1      25 190
21  89  71  80   4   0  15 0.00  0.0    0  6.9 17 200   M    M   1        23 190
22  89  71  80   4   0  15 0.00    M    M  6.9 16 210   M    M   1 1      22 190
23  91  75  83   7   0  18    T    M    M  7.6 14 270   M    M   4 3      20 270
24  90  70  80   4   0  15 0.00    M    M  4.3 12 210   M    M   4        15 360
25  92  68  80   3   0  15 0.00    M    M  5.3 14 190   M    M   1 1      19 200
26  90  71  81   4   0  16 0.82  0.0    0  6.3 23 330   M    M   1 1238   31 320
27  80  61  71  -6   0   6 0.02    M    M  8.4 18 340   M    M   6 1      23 340
28  81  56  69  -8   0   4 0.00    M    M  3.4 13 260   M    M   1 1      17 220
29  86  67  77   0   0  12 0.07    M    M  8.1 18 230   M    M   3 13     24 210
30  84  65  75  -2   0  10 0.00    M    M  5.3 16 260   M    M   1 1      22 260
================================================================================
SM 2570 2002         3 349  2.04     0.0 175.2            0     77
================================================================================
AV 85.7 66.7                               5.8 FASTST    0   0   3    MAX(MPH)
                                 MISC ---->  # 23 330               # 31  320
================================================================================
NOTES:
# LAST OF SEVERAL OCCURRENCES

COLUMN 17 PEAK WIND IN M.P.H.

PRELIMINARY LOCAL CLIMATOLOGICAL DATA (WS FORM: F-6) , PAGE 2

                                          STATION:  CLARKSVILLE
                                          MONTH:    JUNE
                                          YEAR:     2015
                                          LATITUDE:   36 37 N
                                          LONGITUDE:  87 25 W

[TEMPERATURE DATA]      [PRECIPITATION DATA]       SYMBOLS USED IN COLUMN 16

AVERAGE MONTHLY: 76.2   TOTAL FOR MONTH:   2.04    1 = FOG OR MIST
DPTR FM NORMAL:   1.7   DPTR FM NORMAL:   -2.44    2 = FOG REDUCING VISIBILITY
HIGHEST:    92 ON 25    GRTST 24HR  0.83 ON 26-27      TO 1/4 MILE OR LESS
LOWEST:     56 ON 28, 4                            3 = THUNDER
                        SNOW, ICE PELLETS, HAIL    4 = ICE PELLETS
                        TOTAL MONTH:   0.0 INCH    5 = HAIL
                        GRTST 24HR     0.0         6 = FREEZING RAIN OR DRIZZLE
                        GRTST DEPTH:   0           7 = DUSTSTORM OR SANDSTORM:
                                                       VSBY 1/2 MILE OR LESS
                                                   8 = SMOKE OR HAZE
[NO. OF DAYS WITH]      [WEATHER - DAYS WITH]      9 = BLOWING SNOW
                                                   X = TORNADO
MAX 32 OR BELOW:   0    0.01 INCH OR MORE:   8
MAX 90 OR ABOVE:   7    0.10 INCH OR MORE:   5
MIN 32 OR BELOW:   0    0.50 INCH OR MORE:   2
MIN  0 OR BELOW:   0    1.00 INCH OR MORE:   0

[HDD (BASE 65) ]
TOTAL THIS MO.     3    CLEAR  (SCALE 0-3)  21
DPTR FM NORMAL     0    PTCLDY (SCALE 4-7)   7
TOTAL FM JUL 1  4292    CLOUDY (SCALE 8-10)  2
DPTR FM NORMAL   275

[CDD (BASE 65) ]
TOTAL THIS MO.   349
DPTR FM NORMAL    63    [PRESSURE DATA]
TOTAL FM JAN 1   539    HIGHEST SLP 30.14 ON 24
DPTR FM NORMAL   104    LOWEST  SLP 29.75 ON 20

[REMARKS]
#FINAL-06-15#
