000
CXUS51 KCLE 010804
CF6CLE
PRELIMINARY LOCAL CLIMATOLOGICAL DATA (WS FORM: F-6)

                                          STATION:   CLEVELAND OH
                                          MONTH:     JANUARY
                                          YEAR:      2015
                                          LATITUDE:   41 24 N
                                          LONGITUDE:  81 51 W

  TEMPERATURE IN F:       :PCPN:    SNOW:  WIND      :SUNSHINE: SKY     :PK WND
================================================================================
1   2   3   4   5  6A  6B    7    8   9   10  11  12  13   14  15   16   17  18
                                     12Z  AVG MX 2MIN
DY MAX MIN AVG DEP HDD CDD  WTR  SNW DPTH SPD SPD DIR MIN PSBL S-S WX    SPD DR
================================================================================

 1  34  18  26  -3  39   0 0.00  0.0    0 17.8 28 210   M    M   5        37 230
 2  36  25  31   3  34   0 0.00  0.0    0  7.3 20 250   M    M   9        23 260
 3  54  26  40  12  25   0 0.74  0.0    0 11.6 23 170   M    M   8 1      33 170
 4  57  25  41  13  24   0 1.02  0.7    0 16.7 38 250   M    M  10 1      49 250
 5  25   9  17 -11  48   0 0.03  0.6    1 15.2 26 270   M    M  10 1      35 270
 6  16  11  14 -14  51   0 0.04  1.2    1 10.5 28 240   M    M   9 1      32 250
 7  12   7  10 -18  55   0 0.02  0.6    2 18.0 30 340   M    M   9 129    36 330
 8  17  -3   7 -21  58   0 0.02  0.6    2 16.5 24 230   M    M   8 9      38 240
 9  19   2  11 -17  54   0 0.06  1.6    3 19.8 32 260   M    M   8 89     39 260
10  18  -1   9 -19  56   0 0.00  0.0    3 12.5 21 210   M    M   4        25 210
11  35  18  27  -1  38   0 0.16  2.0    2 10.4 21 200   M    M  10 1      28 200
12  32  20  26  -2  39   0 0.24  2.7    5 11.3 24 360   M    M  10 189    29 350
13  20   8  14 -14  51   0    T    T    5 10.3 23  40   M    M   5 8      28  40
14  21  -5   8 -20  57   0    T    T    5  2.8  9 250   M    M   3 18     10 320
15  30   7  19  -9  46   0 0.00  0.0    5 11.9 23 230   M    M   7 18     30 240
16  30  19  25  -3  40   0    T    T    5 11.6 23 240   M    M   9 8      29 240
17  45  17  31   3  34   0 0.00  0.0    4 14.4 22 200   M    M   5        32 190
18  44  33  39  11  26   0 0.06    T    3 13.0 25 250   M    M  10 18     31 240
19  36  30  33   5  32   0    T    T    1  7.7 20 300   M    M   9 18     25 310
20  33  28  31   3  34   0 0.02  0.2    T  4.9 12  40   M    M  10 18     14  40
21  33  25  29   1  36   0 0.21  2.4    T  6.2 15 250   M    M  10 12     20 260
22  27  24  26  -2  39   0 0.02  0.4    2  4.6 12 290   M    M   9 1      13 290
23  32  24  28   0  37   0 0.00  0.0    2  6.8 13 200   M    M   8 18     16 230
24  34  23  29   1  36   0    T    T    2 10.0 17 240   M    M  10 168    22 230
25  34  19  27  -1  38   0 0.06  0.7    1 13.8 24  40   M    M  10 189    31  40
26  22  19  21  -7  44   0 0.01  0.1    1 13.8 21  30   M    M  10 19     26  30
27  20  17  19  -9  46   0 0.02  0.3    1  9.4 15 340   M    M   9        19 350
28  27   1  14 -14  51   0 0.00  0.0    1  5.7 16 170   M    M   4 18     21 160
29  37  25  31   3  34   0 0.19  0.8    1 15.0 24 180   M    M  10 148    32 190
30  32   6  19  -9  46   0 0.02  0.2    1 15.1 28 330   M    M   8 89     36 340
31  30   5  18 -10  47   0 0.00  0.0    1  9.0 17 230   M    M   6        23 230
================================================================================
SM  942  482      1295   0  2.94    15.1 353.6          M      252
================================================================================
AV 30.4 15.5                              11.4 FASTST   M    M   8    MAX(MPH)
                                 MISC ---->  # 38 250               # 49  250
================================================================================
NOTES:
# LAST OF SEVERAL OCCURRENCES

COLUMN 17 PEAK WIND IN M.P.H.

PRELIMINARY LOCAL CLIMATOLOGICAL DATA (WS FORM: F-6) , PAGE 2

                                          STATION:  CLEVELAND OH
                                          MONTH:    JANUARY
                                          YEAR:     2015
                                          LATITUDE:   41 24 N
                                          LONGITUDE:  81 51 W

[TEMPERATURE DATA]      [PRECIPITATION DATA]       SYMBOLS USED IN COLUMN 16

AVERAGE MONTHLY: 23.0   TOTAL FOR MONTH:   2.94    1 = FOG OR MIST
DPTR FM NORMAL:  -5.1   DPTR FM NORMAL:    0.22    2 = FOG REDUCING VISIBILITY
HIGHEST:    57 ON  4    GRTST 24HR  1.69 ON  3- 4      TO 1/4 MILE OR LESS
LOWEST:     -5 ON 14                               3 = THUNDER
                        SNOW, ICE PELLETS, HAIL    4 = ICE PELLETS
                        TOTAL MONTH:  15.1 INCHES  5 = HAIL
                        GRTST 24HR   2.7 ON   M    6 = FREEZING RAIN OR DRIZZLE
                        GRTST DEPTH:   5 ON 16,15  7 = DUSTSTORM OR SANDSTORM:
                                                       VSBY 1/2 MILE OR LESS
                                                   8 = SMOKE OR HAZE
[NO. OF DAYS WITH]      [WEATHER - DAYS WITH]      9 = BLOWING SNOW
                                                   X = TORNADO
MAX 32 OR BELOW:  18    0.01 INCH OR MORE:  18
MAX 90 OR ABOVE:   0    0.10 INCH OR MORE:   6
MIN 32 OR BELOW:  30    0.50 INCH OR MORE:   2
MIN  0 OR BELOW:   3    1.00 INCH OR MORE:   1

[HDD (BASE 65) ]
TOTAL THIS MO.  1295    CLEAR  (SCALE 0-3)   1
DPTR FM NORMAL   150    PTCLDY (SCALE 4-7)  11
TOTAL FM JUL 1  3536    CLOUDY (SCALE 8-10) 19
DPTR FM NORMAL   284

[CDD (BASE 65) ]
TOTAL THIS MO.     0
DPTR FM NORMAL     0    [PRESSURE DATA]
TOTAL FM JAN 1     0    HIGHEST SLP M ON M
DPTR FM NORMAL     0    LOWEST  SLP 29.60 ON M

[REMARKS]
#FINAL-01-15#
