000
CXUS53 KARX 290930
CF6CMY
PRELIMINARY LOCAL CLIMATOLOGICAL DATA (WS FORM: F-6)

                                          STATION:   SPARTA - FORT MCCOY WI
                                          MONTH:     SEPTEMBER
                                          YEAR:      2016
                                          LATITUDE:   43 58 N
                                          LONGITUDE:  90 44 W

  TEMPERATURE IN F:       :PCPN:    SNOW:  WIND      :SUNSHINE: SKY     :PK WND
================================================================================
1   2   3   4   5  6A  6B    7    8   9   10  11  12  13   14  15   16   17  18
                                     12Z  AVG MX 2MIN
DY MAX MIN AVG DEP HDD CDD  WTR  SNW DPTH SPD SPD DIR MIN PSBL S-S WX    SPD DR
================================================================================

 1  74  46  60   M   5   0 0.00  0.0    0  2.7 10  50   M    M   3        16  50
 2  75  42  59   M   6   0 0.00  0.0    0  3.1  8 120   M    M   2 1       M  M
 3  75  46  61   M   4   0 0.00  0.0    0  3.4  9 160   M    M   2         M  M
 4  79  48  64   M   1   0 0.00  0.0    0  6.2 18 170   M    M   2        21 180
 5  83  66  75   M   0  10 0.16  0.0    0  6.9 21 180   M    M   3 3      29 180
 6  85  67  76   M   0  11 2.76  0.0    0  5.0 17  30   M    M   7 3      22  50
 7  76  64  70   M   0   5 0.58  0.0    0  2.9 12 120   M    M   8 13      M  M
 8  78  52  65   M   0   0 0.00  0.0    0  4.2 10 300   M    M   5 1      16 310
 9  69  48  59   M   6   0 1.33  0.0    0  2.9 16 120   M    M   5 123     M  M
10  70  46  58   M   7   0 0.02  0.0    0  6.1 16 310   M    M   5        28 310
11  75  41  58   M   7   0 0.00  0.0    0  4.2 15 200   M    M   0        21 200
12  80  50  65   M   0   0 0.00  0.0    0  7.8 17 170   M    M   3        25 180
13  70  50  60   M   5   0 0.41  0.0    0  4.3  9 310   M    M   7 3       M  M
14  71  46  59   M   6   0 0.00  0.0    0  1.5  7  90   M    M   3         M  M
15  77  45  61   M   4   0 0.26  0.0    0  5.1 14 170   M    M   1        18 170
16  73  60  67   M   0   2 0.29  0.0    0  2.8 14 150   M    M   6         M  M
17  72  49  61   M   4   0 0.00  0.0    0  3.7 12 300   M    M   4 1      20 300
18  79  43  61   M   4   0 0.00  0.0    0  4.4 10 190   M    M   2 12     20 200
19  75  49  62   M   3   0 0.14  0.0    0  3.8 13 270   M    M   3 12      M  M
20  81  45  63   M   2   0 0.00  0.0    0  1.6 16 140   M    M   5 12      M  M
21  70  59  65   M   0   0 3.42  0.0    0  7.7 17 150   M    M   9 3      18  90
22  75  57  66   M   0   1 1.26  0.0    0  3.9 15 190   M    M   7 3      28 190
23  68  58  63   M   2   0 0.00  0.0    0  7.9 12  80   M    M  10 1       9  90
24  67  60  64   M   1   0 0.00  0.0    0  6.9 10 120   M    M   9        17 120
25  74  55  65   M   0   0 0.02  0.0    0  6.0 16 260   M    M   7        24 260
26  66  41  54   M  11   0 0.00  0.0    0  8.4 25 270   M    M   2        31 270
27  57  47  52   M  13   0 0.12  0.0    0  7.3 14 280   M    M   7        21 290
28  64  48  56   M   9   0 0.01  0.0    0  6.0 12  40   M    M   8 1      16  40
================================================================================
SM 2058 1428       100  29 10.78     0.0 136.7          M      135
================================================================================
AV 73.5 51.0                               4.9 FASTST   M    M   5    MAX(MPH)
                                 MISC ---->    25   M                 31    M
================================================================================
NOTES:
# LAST OF SEVERAL OCCURRENCES

COLUMN 17 PEAK WIND IN M.P.H.

PRELIMINARY LOCAL CLIMATOLOGICAL DATA (WS FORM: F-6) , PAGE 2

                                          STATION:  SPARTA - FORT MCCOY WI
                                          MONTH:    SEPTEMBER
                                          YEAR:     2016
                                          LATITUDE:   43 58 N
                                          LONGITUDE:  90 44 W

[TEMPERATURE DATA]      [PRECIPITATION DATA]       SYMBOLS USED IN COLUMN 16

AVERAGE MONTHLY: 62.2   TOTAL FOR MONTH:  10.78    1 = FOG OR MIST
DPTR FM NORMAL:     M   DPTR FM NORMAL:       M    2 = FOG REDUCING VISIBILITY
HIGHEST:    85 ON  6    GRTST 24HR  3.42 ON 21-21      TO 1/4 MILE OR LESS
LOWEST:     41 ON 26,11                            3 = THUNDER
                        SNOW, ICE PELLETS, HAIL    4 = ICE PELLETS
                        TOTAL MONTH:   0.0 INCH    5 = HAIL
                        GRTST 24HR     0.0         6 = FREEZING RAIN OR DRIZZLE
                        GRTST DEPTH:   0           7 = DUSTSTORM OR SANDSTORM:
                                                       VSBY 1/2 MILE OR LESS
                                                   8 = SMOKE OR HAZE
[NO. OF DAYS WITH]      [WEATHER - DAYS WITH]      9 = BLOWING SNOW
                                                   X = TORNADO
MAX 32 OR BELOW:   0    0.01 INCH OR MORE:  14
MAX 90 OR ABOVE:   0    0.10 INCH OR MORE:  11
MIN 32 OR BELOW:   0    0.50 INCH OR MORE:   5
MIN  0 OR BELOW:   0    1.00 INCH OR MORE:   4

[HDD (BASE 65) ]
TOTAL THIS MO.   100    CLEAR  (SCALE 0-3)  11
DPTR FM NORMAL     M    PTCLDY (SCALE 4-7)  12
TOTAL FM JUL 1   131    CLOUDY (SCALE 8-10)  5
DPTR FM NORMAL     M

[CDD (BASE 65) ]
TOTAL THIS MO.    29
DPTR FM NORMAL     M    [PRESSURE DATA]
TOTAL FM JAN 1   465    HIGHEST SLP M ON M
DPTR FM NORMAL     M    LOWEST  SLP M ON M

[REMARKS]
