000
CXUS54 KMAF 011100
CF6CNM
PRELIMINARY LOCAL CLIMATOLOGICAL DATA (WS FORM: F-6)

                                          STATION:   Carlsbad
                                          MONTH:     JULY
                                          YEAR:      2015
                                          LATITUDE:   32 20 N
                                          LONGITUDE: 104 15 W

  TEMPERATURE IN F:       :PCPN:    SNOW:  WIND      :SUNSHINE: SKY     :PK WND
================================================================================
1   2   3   4   5  6A  6B    7    8   9   10  11  12  13   14  15   16   17  18
                                     12Z  AVG MX 2MIN
DY MAX MIN AVG DEP HDD CDD  WTR  SNW DPTH SPD SPD DIR MIN PSBL S-S WX    SPD DR
================================================================================

 1  98  66  82   0   0  17 0.00  0.0    0  8.8 17 140   M    M   0 8      22 140
 2  98  68  83   1   0  18 0.00  0.0    0  6.7 16 130   M    M   1 8      22 150
 3  94  72  83   1   0  18    T  0.0    0  4.8 28 320   M    M   0 3      36 330
 4  94  67  81  -1   0  16 0.00  0.0    0  5.8 16 130   M    M   1        22 100
 5  98  70  84   2   0  19 0.00  0.0    0  8.2 22 270   M    M   1 3      31 140
 6 102  72  87   5   0  22 0.24  0.0    0  8.3 35 310   M    M   3 3      46 350
 7  86  65  76  -6   0  11 0.26  0.0    0 12.1 33 290   M    M   9 13     43 290
 8  92  65  79  -3   0  14 0.00  0.0    0  7.3 16 190   M    M   2 18     25 150
 9  96  68  82   0   0  17 0.01  0.0    0  7.0 26 230   M    M   2 3      34 240
10  95  71  83   1   0  18 0.33  0.0    0  6.8 22 140   M    M   2 3      29 160
11  95  69  82   0   0  17 0.15  0.0    0  8.1 16 160   M    M   3 13     22 190
12 101  68  85   3   0  20 0.00  0.0    0  6.1 14 110   M    M   0        17 120
13 103  67  85   3   0  20 0.00  0.0    0  5.8 13 170   M    M   0        17 170
14 104  70  87   5   0  22    T  0.0    0  8.0 25 220   M    M   1        32 210
15 101  71  86   4   0  21 0.04  0.0    0  6.1 26 290   M    M   2 3      32 290
16 101  70  86   4   0  21 0.00  0.0    0  6.0 22 230   M    M   0 3      29 220
17 103  71  87   6   0  22    T  0.0    0  6.6 28 160   M    M   2 38     35 160
18 102  70  86   5   0  21 0.03  0.0    0  7.1 30 220   M    M   0 38     39 220
19 104  72  88   7   0  23 0.00  0.0    0  8.8 23 330   M    M   0        29 320
20 101  75  88   7   0  23    T  0.0    0 11.3 26 190   M    M   0 3      34 180
21  97  71  84   3   0  19 0.02  0.0    0  7.4 25 130   M    M   1        33 120
22  99  67  83   2   0  18 0.00  0.0    0  5.3 14 230   M    M   0 3      19 220
23 104  70  87   6   0  22 0.13  0.0    0  5.6 39 140   M    M   0 3      49 140
24 104  71  88   7   0  23 0.00  0.0    0  6.5 17 140   M    M   0 3      24 120
25 104  74  89   8   0  24 0.00  0.0    0  7.6 20 170   M    M   0        24 180
26 106  70  88   7   0  23 0.00  0.0    0  7.0 18 170   M    M   0        24 170
27 104  74  89   8   0  24 0.00  0.0    0  7.0 25 150   M    M   1 3      33 150
28 105  72  89   8   0  24 0.07  0.0    0  9.1 28  10   M    M   1 3      35  10
29  97  71  84   3   0  19 0.01  0.0    0  7.9 20 300   M    M   1 3      24 310
30  99  71  85   4   0  20 0.00  0.0    0 10.2 22 310   M    M   2        29 100
31  98  73  86   5   0  21 0.00  0.0    0  9.0 18 140   M    M   1        24 120
================================================================================
SM 3085 2171         0 617  1.29     0.0 232.3          M       36
================================================================================
AV 99.5 70.0                               7.5 FASTST   M    M   1    MAX(MPH)
                                 MISC ---->  # 39 140               # 49  140
================================================================================
NOTES:
# LAST OF SEVERAL OCCURRENCES

COLUMN 17 PEAK WIND IN M.P.H.

PRELIMINARY LOCAL CLIMATOLOGICAL DATA (WS FORM: F-6) , PAGE 2

                                          STATION:  Carlsbad
                                          MONTH:    JULY
                                          YEAR:     2015
                                          LATITUDE:   32 20 N
                                          LONGITUDE: 104 15 W

[TEMPERATURE DATA]      [PRECIPITATION DATA]       SYMBOLS USED IN COLUMN 16

AVERAGE MONTHLY: 84.8   TOTAL FOR MONTH:   1.29    1 = FOG OR MIST
DPTR FM NORMAL:   3.4   DPTR FM NORMAL:   -0.54    2 = FOG REDUCING VISIBILITY
HIGHEST:   106 ON 26    GRTST 24HR  0.48 ON 10-11      TO 1/4 MILE OR LESS
LOWEST:     65 ON  8, 7                            3 = THUNDER
                        SNOW, ICE PELLETS, HAIL    4 = ICE PELLETS
                        TOTAL MONTH:   0.0 INCH    5 = HAIL
                        GRTST 24HR     0.0         6 = FREEZING RAIN OR DRIZZLE
                        GRTST DEPTH:   0           7 = DUSTSTORM OR SANDSTORM:
                                                       VSBY 1/2 MILE OR LESS
                                                   8 = SMOKE OR HAZE
[NO. OF DAYS WITH]      [WEATHER - DAYS WITH]      9 = BLOWING SNOW
                                                   X = TORNADO
MAX 32 OR BELOW:   0    0.01 INCH OR MORE:  11
MAX 90 OR ABOVE:  30    0.10 INCH OR MORE:   5
MIN 32 OR BELOW:   0    0.50 INCH OR MORE:   0
MIN  0 OR BELOW:   0    1.00 INCH OR MORE:   0

[HDD (BASE 65) ]
TOTAL THIS MO.     0    CLEAR  (SCALE 0-3)  30
DPTR FM NORMAL     0    PTCLDY (SCALE 4-7)   0
TOTAL FM JUL 1     0    CLOUDY (SCALE 8-10)  1
DPTR FM NORMAL     0

[CDD (BASE 65) ]
TOTAL THIS MO.   617
DPTR FM NORMAL   107    [PRESSURE DATA]
TOTAL FM JAN 1  1284    HIGHEST SLP 30.08 ON 30
DPTR FM NORMAL    -6    LOWEST  SLP 29.64 ON 27

[REMARKS]
#FINAL-07-15#
